{"id":58,"date":"2023-05-07T21:47:10","date_gmt":"2023-05-07T19:47:10","guid":{"rendered":"https:\/\/wordpress.nibis.de\/adhagen\/?page_id=58"},"modified":"2025-03-03T23:10:52","modified_gmt":"2025-03-03T22:10:52","slug":"unterrichtszeiten","status":"publish","type":"page","link":"https:\/\/wordpress.nibis.de\/adhagen\/unterrichtszeiten\/","title":{"rendered":"Unterrichtszeiten"},"content":{"rendered":"\n<div class=\"wp-block-group\"><div class=\"wp-block-group__inner-container is-layout-flow wp-block-group-is-layout-flow\">\n<figure class=\"wp-block-table\"><table><tbody><tr><td><strong>Unterrichtszeiten<\/strong> <\/td><td><\/td><\/tr><tr><td>Fr\u00fchbetreuung <\/td><td>ab 7.00 Uhr<\/td><\/tr><tr><td>gleitender<br>Unterrichtsbeginn<\/td><td>07.45 &#8211; 08.00 Uhr<\/td><\/tr><tr><td>1. Stunde<\/td><td>08.00 \u2013 08.45 Uhr<\/td><\/tr><tr><td>2. Stunde<\/td><td>08.50 \u2013 09.35 Uhr<\/td><\/tr><tr><td>erste gro\u00dfe Pause<\/td><td>09.35 \u2013 10.00 Uhr<\/td><\/tr><tr><td>3. Stunde<\/td><td>10.00 \u2013 10.45 Uhr<\/td><\/tr><tr><td>4. Stunde<\/td><td>10.50 \u2013 11.35 Uhr<\/td><\/tr><tr><td>zweite gro\u00dfe Pause<\/td><td>11.35 \u2013 12.00 Uhr<\/td><\/tr><tr><td>5. Stunde<\/td><td>12.00 \u2013 12.45 Uhr<\/td><\/tr><tr><td>6. Stunde<\/td><td>12.45 \u2013 13.30 Uhr<\/td><\/tr><tr><td>7. und 8. Stunde<\/td><td>13.30 \u2013 15.00 Uhr<\/td><\/tr><tr><td>9.  Stunde<\/td><td>15.00 \u2013 16.00 Uhr<\/td><\/tr><tr><td>Sp\u00e4tbetreuung <\/td><td>16.00 &#8211; 17.00 Uhr<\/td><\/tr><\/tbody><\/table><\/figure>\n<\/div><\/div>\n\n\n\n<p>Gleitender Unterrichtsbeginn = Zeit des Ankommens. Die Sch\u00fclerinnen und Sch\u00fcler betreten die Schule, begeben sich in ihre Klassenr\u00e4ume und bereiten sich auf den Unterricht vor.<\/p>\n\n\n\n<figure class=\"wp-block-image size-large\"><img loading=\"lazy\" decoding=\"async\" width=\"1024\" height=\"503\" src=\"https:\/\/wordpress.nibis.de\/adhagen\/files\/2025\/03\/Beispiel-Stundenplan1und2-1024x503.png\" alt=\"\" class=\"wp-image-544\" srcset=\"https:\/\/wordpress.nibis.de\/adhagen\/files\/2025\/03\/Beispiel-Stundenplan1und2-1024x503.png 1024w, https:\/\/wordpress.nibis.de\/adhagen\/files\/2025\/03\/Beispiel-Stundenplan1und2-300x147.png 300w, https:\/\/wordpress.nibis.de\/adhagen\/files\/2025\/03\/Beispiel-Stundenplan1und2-768x378.png 768w, https:\/\/wordpress.nibis.de\/adhagen\/files\/2025\/03\/Beispiel-Stundenplan1und2-1536x755.png 1536w, https:\/\/wordpress.nibis.de\/adhagen\/files\/2025\/03\/Beispiel-Stundenplan1und2-2048x1007.png 2048w\" sizes=\"auto, (max-width: 1024px) 100vw, 1024px\" \/><\/figure>\n\n\n\n<figure class=\"wp-block-image size-large\"><img loading=\"lazy\" decoding=\"async\" width=\"1024\" height=\"572\" src=\"https:\/\/wordpress.nibis.de\/adhagen\/files\/2025\/03\/Beispiel-Stundenplan3und4-1024x572.png\" alt=\"\" class=\"wp-image-546\" srcset=\"https:\/\/wordpress.nibis.de\/adhagen\/files\/2025\/03\/Beispiel-Stundenplan3und4-1024x572.png 1024w, https:\/\/wordpress.nibis.de\/adhagen\/files\/2025\/03\/Beispiel-Stundenplan3und4-300x168.png 300w, https:\/\/wordpress.nibis.de\/adhagen\/files\/2025\/03\/Beispiel-Stundenplan3und4-768x429.png 768w, https:\/\/wordpress.nibis.de\/adhagen\/files\/2025\/03\/Beispiel-Stundenplan3und4-1536x859.png 1536w, https:\/\/wordpress.nibis.de\/adhagen\/files\/2025\/03\/Beispiel-Stundenplan3und4-2048x1145.png 2048w\" sizes=\"auto, (max-width: 1024px) 100vw, 1024px\" \/><\/figure>\n","protected":false},"excerpt":{"rendered":"<p>Unterrichtszeiten Fr\u00fchbetreuung ab 7.00 Uhr gleitenderUnterrichtsbeginn 07.45 &#8211; 08.00 Uhr 1. Stunde 08.00 \u2013 08.45 Uhr 2. Stunde 08.50 \u2013 09.35 Uhr erste gro\u00dfe Pause 09.35 \u2013 10.00 Uhr 3. Stunde 10.00 \u2013 10.45 Uhr 4. Stunde 10.50 \u2013 11.35 &hellip; <a href=\"https:\/\/wordpress.nibis.de\/adhagen\/unterrichtszeiten\/\">Weiterlesen <span class=\"meta-nav\">&rarr;<\/span><\/a><\/p>\n","protected":false},"author":9194182,"featured_media":0,"parent":0,"menu_order":0,"comment_status":"closed","ping_status":"closed","template":"","meta":{"footnotes":""},"class_list":["post-58","page","type-page","status-publish","hentry"],"_links":{"self":[{"href":"https:\/\/wordpress.nibis.de\/adhagen\/wp-json\/wp\/v2\/pages\/58","targetHints":{"allow":["GET"]}}],"collection":[{"href":"https:\/\/wordpress.nibis.de\/adhagen\/wp-json\/wp\/v2\/pages"}],"about":[{"href":"https:\/\/wordpress.nibis.de\/adhagen\/wp-json\/wp\/v2\/types\/page"}],"author":[{"embeddable":true,"href":"https:\/\/wordpress.nibis.de\/adhagen\/wp-json\/wp\/v2\/users\/9194182"}],"replies":[{"embeddable":true,"href":"https:\/\/wordpress.nibis.de\/adhagen\/wp-json\/wp\/v2\/comments?post=58"}],"version-history":[{"count":14,"href":"https:\/\/wordpress.nibis.de\/adhagen\/wp-json\/wp\/v2\/pages\/58\/revisions"}],"predecessor-version":[{"id":548,"href":"https:\/\/wordpress.nibis.de\/adhagen\/wp-json\/wp\/v2\/pages\/58\/revisions\/548"}],"wp:attachment":[{"href":"https:\/\/wordpress.nibis.de\/adhagen\/wp-json\/wp\/v2\/media?parent=58"}],"curies":[{"name":"wp","href":"https:\/\/api.w.org\/{rel}","templated":true}]}}