{"id":1505,"date":"2024-11-26T11:29:18","date_gmt":"2024-11-26T10:29:18","guid":{"rendered":"https:\/\/wordpress.nibis.de\/afsos\/?page_id=1505"},"modified":"2025-02-14T12:08:34","modified_gmt":"2025-02-14T11:08:34","slug":"gutachten-amtshilfe","status":"publish","type":"page","link":"https:\/\/wordpress.nibis.de\/afsos\/gutachten-amtshilfe\/","title":{"rendered":"Gutachten \/ Amtshilfe"},"content":{"rendered":"\n<p>Wenn Sie als <strong>Schule<\/strong> Amtshilfe im Rahmen eines Gutachtens mit dem Unterst\u00fctzungsbedarfs k\u00f6rperlich-motorische Entwicklung beantragen wollen, dann f\u00fcllen Sie bitte folgende Formulare aus (<em><a href=\"https:\/\/wordpress.nibis.de\/afsos\/files\/2025\/02\/Schweigepflicht.pdf\">Schweigepflichtentbindung<\/a><\/em>, <em><a href=\"https:\/\/wordpress.nibis.de\/afsos\/files\/2025\/02\/Amtshilfe-Antrag.pdf\">Grundlagen Amtshilfeverfahren<\/a><\/em>) und mailen diese an <a href=\"&#109;a&#x69;l&#x74;o&#x3a;g&#x75;&#116;&#x61;&#99;&#x68;&#116;&#x65;&#110;&#64;&#97;f&#x73;o&#x73;&#46;&#x64;&#101;\">&#x67;u&#x74;a&#x63;&#104;&#x74;&#101;n&#x40;a&#x66;&#115;&#x6f;&#115;&#x2e;&#100;e<\/a>. Wir werden dann Ihre Anfrage schnellstm\u00f6glich bearbeiten. <\/p>\n\n\n\n<p>Wenn keine Beratung durch den Mobilen Dienst KME stattgefunden hat und es keine eindeutigen Berichte gibt, lassen Sie bitte den <em><a href=\"https:\/\/wordpress.nibis.de\/afsos\/files\/2025\/02\/Fragebogen-zur-Kurzeinschaetzung-der-motorischen-Entwicklung.pdf\">Fragebogen zur Kurzeinsch\u00e4tzung der motorischen Entwicklung<\/a><\/em> von den F\u00f6rderschulkollegen ausf\u00fcllen. <\/p>\n\n\n\n<p>Vielen Dank! <\/p>\n\n\n\n<p>Auch unterst\u00fctzen wir Sie gerne bei anderen Fragen und freuen uns \u00fcber Nachrichten.<\/p>\n\n\n\n<p><br>Sie sind <strong>Eltern<\/strong> und haben ein Kind, bei dem der sonderp\u00e4dagogische Unterst\u00fctzungsbedarf im Bereich k\u00f6rperlich-motorische Entwicklung ggf. festgestellt werden soll und Sie haben Fragen zum Ablauf des Verfahrens, dann k\u00f6nnen Sie uns gerne eine Mail an <a href=\"&#109;&#x61;i&#108;&#x74;&#111;&#x3a;g&#117;&#x74;a&#x63;&#x68;&#116;&#x65;n&#64;&#x61;f&#x73;&#x6f;&#115;&#x2e;d&#101;\">g&#117;&#116;&#97;&#x63;&#x68;&#x74;en&#64;&#97;&#x66;&#x73;&#x6f;&#x73;&#46;d&#101;<\/a> schreiben und wir versuchen Ihre Fragen zu kl\u00e4ren.<\/p>\n\n\n\n<p>Hier finden Sie <a href=\"https:\/\/wordpress.nibis.de\/afsos\/schulbesichtigungen-fuer-interessierte\/\" data-type=\"URL\" data-id=\"https:\/\/wordpress.nibis.de\/afsos\/schulbesichtigungen-fuer-interessierte\/\">Termine<\/a> f\u00fcr eine Schulbesichtigung. <\/p>\n","protected":false},"excerpt":{"rendered":"<p>Wenn Sie als Schule Amtshilfe im Rahmen eines Gutachtens mit dem Unterst\u00fctzungsbedarfs k\u00f6rperlich-motorische Entwicklung beantragen wollen, dann f\u00fcllen Sie bitte folgende Formulare aus (Schweigepflichtentbindung, Grundlagen Amtshilfeverfahren) und mailen diese an &#103;&#x75;&#x74;a&#99;&#x68;t&#101;&#x6e;&#x40;a&#102;&#x73;o&#115;&#x2e;&#x64;e. Wir werden dann Ihre Anfrage schnellstm\u00f6glich bearbeiten. Wenn keine Beratung durch den Mobilen Dienst KME stattgefunden hat und es keine eindeutigen Berichte gibt, lassen Sie bitte den Fragebogen zur Kurzeinsch\u00e4tzung der motorischen Entwicklung von den F\u00f6rderschulkollegen ausf\u00fcllen. Vielen Dank! Auch unterst\u00fctzen wir Sie gerne bei anderen Fragen und freuen&#8230;<\/p>\n<p class=\"read-more\"><a class=\"btn btn-default\" href=\"https:\/\/wordpress.nibis.de\/afsos\/gutachten-amtshilfe\/\">Weiterlesen<span class=\"screen-reader-text\"> Weiterlesen<\/span><\/a><\/p>\n","protected":false},"author":9194233,"featured_media":0,"parent":0,"menu_order":0,"comment_status":"closed","ping_status":"closed","template":"","meta":{"footnotes":""},"class_list":["post-1505","page","type-page","status-publish","hentry"],"_links":{"self":[{"href":"https:\/\/wordpress.nibis.de\/afsos\/wp-json\/wp\/v2\/pages\/1505","targetHints":{"allow":["GET"]}}],"collection":[{"href":"https:\/\/wordpress.nibis.de\/afsos\/wp-json\/wp\/v2\/pages"}],"about":[{"href":"https:\/\/wordpress.nibis.de\/afsos\/wp-json\/wp\/v2\/types\/page"}],"author":[{"embeddable":true,"href":"https:\/\/wordpress.nibis.de\/afsos\/wp-json\/wp\/v2\/users\/9194233"}],"replies":[{"embeddable":true,"href":"https:\/\/wordpress.nibis.de\/afsos\/wp-json\/wp\/v2\/comments?post=1505"}],"version-history":[{"count":4,"href":"https:\/\/wordpress.nibis.de\/afsos\/wp-json\/wp\/v2\/pages\/1505\/revisions"}],"predecessor-version":[{"id":1621,"href":"https:\/\/wordpress.nibis.de\/afsos\/wp-json\/wp\/v2\/pages\/1505\/revisions\/1621"}],"wp:attachment":[{"href":"https:\/\/wordpress.nibis.de\/afsos\/wp-json\/wp\/v2\/media?parent=1505"}],"curies":[{"name":"wp","href":"https:\/\/api.w.org\/{rel}","templated":true}]}}