{"id":2133,"date":"2025-09-04T07:06:29","date_gmt":"2025-09-04T05:06:29","guid":{"rendered":"https:\/\/wordpress.nibis.de\/afsos\/?page_id=2133"},"modified":"2026-04-07T11:27:18","modified_gmt":"2026-04-07T09:27:18","slug":"projekt-kiosk","status":"publish","type":"page","link":"https:\/\/wordpress.nibis.de\/afsos\/projekt-kiosk\/","title":{"rendered":"Projekt Kiosk"},"content":{"rendered":"\n<div class=\"wp-block-buttons is-content-justification-center is-layout-flex wp-container-core-buttons-is-layout-16018d1d wp-block-buttons-is-layout-flex\">\n<div class=\"wp-block-button has-custom-width wp-block-button__width-50 is-style-outline is-style-outline--1\"><a class=\"wp-block-button__link has-vivid-cyan-blue-color has-text-color has-medium-font-size has-custom-font-size wp-element-button\" href=\"https:\/\/wordpress.nibis.de\/afsos\/tag\/projekt-kiosk\/\" style=\"border-radius:0px\">Aktuelles vom Projekt Kiosk<\/a><\/div>\n<\/div>\n\n\n\n<p>Ziel des Projekts \u201eKiosk\u201c ist es, die Jugendlichen auf berufliche T\u00e4tigkeiten im Bereich Einzelhandel vorzubereiten und ihnen praxisnah zu vermitteln, wie Verkauf, Organisation und Warenwirtschaft funktionieren.<\/p>\n\n\n\n<p>Im Rahmen des Projekts setzen sich die Sch\u00fclerinnen und Sch\u00fcler insbesondere mit folgenden Aufgabenstellungen auseinander:<\/p>\n\n\n\n<ul class=\"wp-block-list\">\n<li>Organisation des Verkaufstages: Gemeinsame Besprechung am Morgen, Planung des Tagesablaufs sowie Festlegung des Warenangebots<\/li>\n\n\n\n<li>Verkauf von Snacks: Jeden Dienstag Verkauf an die Sch\u00fclerschaft sowie an alle anwesenden Personen der Schule; Organisation von zwei Verkaufsst\u00e4nden mit entsprechender Aufgabenverteilung<\/li>\n\n\n\n<li>Einkauf und Warenbeschaffung: Erstellen von Einkaufslisten, eigenst\u00e4ndiges Einkaufen fehlender Produkte<\/li>\n\n\n\n<li>Durchf\u00fchrung von Inventuren: W\u00f6chentliche Bestandsaufnahme der vorhandenen Produkte; \u00dcberpr\u00fcfung von Mengen und Ermittlung des Nachbestellbedarfs<\/li>\n\n\n\n<li>Aufbau und Pr\u00e4sentation des Verkaufsstandes: Ansprechende und \u00fcbersichtliche Pr\u00e4sentation der Waren, damit Kundinnen und Kunden das Angebot gut erkennen k\u00f6nnen<\/li>\n\n\n\n<li>Erstellung und Aushang von Preislisten<\/li>\n\n\n\n<li>Umgang mit Geld: Kassieren, Herausgeben von Wechselgeld sowie sorgf\u00e4ltiger Umgang mit Einnahmen<\/li>\n\n\n\n<li>Kundenkommunikation: Freundlicher und respektvoller Umgang mit Kundinnen und Kunden, Beratung und Verst\u00e4ndigung<\/li>\n\n\n\n<li>Teilnahme an besonderen Aktionen: Mitwirkung bei schulischen Veranstaltungen (z. B. Turnieren oder Aktionstagen) sowie Planung und Durchf\u00fchrung besonderer Verkaufsangebote<\/li>\n<\/ul>\n\n\n\n<p>Das Projekt Kiosk f\u00f6rdert in besonderem Ma\u00dfe Selbstst\u00e4ndigkeit, Verantwortungsbewusstsein, Teamf\u00e4higkeit sowie kommunikative Kompetenzen und vermittelt praxisnahe Einblicke in den Arbeitsbereich des Einzelhandels.<\/p>\n","protected":false},"excerpt":{"rendered":"<p>Ziel des Projekts \u201eKiosk\u201c ist es, die Jugendlichen auf berufliche T\u00e4tigkeiten im Bereich Einzelhandel vorzubereiten und ihnen praxisnah zu vermitteln, wie Verkauf, Organisation und Warenwirtschaft funktionieren. Im Rahmen des Projekts setzen sich die Sch\u00fclerinnen und Sch\u00fcler insbesondere mit folgenden Aufgabenstellungen auseinander: Das Projekt Kiosk f\u00f6rdert in besonderem Ma\u00dfe Selbstst\u00e4ndigkeit, Verantwortungsbewusstsein, Teamf\u00e4higkeit sowie kommunikative Kompetenzen und vermittelt praxisnahe Einblicke in den Arbeitsbereich des Einzelhandels.<\/p>\n","protected":false},"author":9194324,"featured_media":0,"parent":0,"menu_order":0,"comment_status":"closed","ping_status":"closed","template":"","meta":{"footnotes":""},"class_list":["post-2133","page","type-page","status-publish","hentry"],"_links":{"self":[{"href":"https:\/\/wordpress.nibis.de\/afsos\/wp-json\/wp\/v2\/pages\/2133","targetHints":{"allow":["GET"]}}],"collection":[{"href":"https:\/\/wordpress.nibis.de\/afsos\/wp-json\/wp\/v2\/pages"}],"about":[{"href":"https:\/\/wordpress.nibis.de\/afsos\/wp-json\/wp\/v2\/types\/page"}],"author":[{"embeddable":true,"href":"https:\/\/wordpress.nibis.de\/afsos\/wp-json\/wp\/v2\/users\/9194324"}],"replies":[{"embeddable":true,"href":"https:\/\/wordpress.nibis.de\/afsos\/wp-json\/wp\/v2\/comments?post=2133"}],"version-history":[{"count":4,"href":"https:\/\/wordpress.nibis.de\/afsos\/wp-json\/wp\/v2\/pages\/2133\/revisions"}],"predecessor-version":[{"id":2868,"href":"https:\/\/wordpress.nibis.de\/afsos\/wp-json\/wp\/v2\/pages\/2133\/revisions\/2868"}],"wp:attachment":[{"href":"https:\/\/wordpress.nibis.de\/afsos\/wp-json\/wp\/v2\/media?parent=2133"}],"curies":[{"name":"wp","href":"https:\/\/api.w.org\/{rel}","templated":true}]}}