{"id":410,"date":"2023-08-15T20:36:03","date_gmt":"2023-08-15T18:36:03","guid":{"rendered":"https:\/\/wordpress.nibis.de\/afsos\/?page_id=410"},"modified":"2023-10-09T10:08:34","modified_gmt":"2023-10-09T08:08:34","slug":"physiotherapie","status":"publish","type":"page","link":"https:\/\/wordpress.nibis.de\/afsos\/physiotherapie\/","title":{"rendered":"Physiotherapie"},"content":{"rendered":"\n<p>Die physiotherapeutische F\u00f6rderung findet in Einzel- und Gruppentherapien statt. Dauer und Umfang einer Therapie richten sich nach den individuellen Bed\u00fcrfnissen der Sch\u00fclerInnen, in enger Absprache mit den KollegInnen aus den Klassenteams.<\/p>\n\n\n\n<div class=\"wp-block-media-text alignwide has-media-on-the-right is-stacked-on-mobile\" style=\"grid-template-columns:auto 23%\"><figure class=\"wp-block-media-text__media\"><img loading=\"lazy\" decoding=\"async\" width=\"600\" height=\"455\" src=\"https:\/\/wordpress.nibis.de\/afsos\/files\/2023\/08\/kinder1.jpg\" alt=\"\" class=\"wp-image-411 size-full\" \/><\/figure><div class=\"wp-block-media-text__content\">\n<p>Die physiotherapeutische F\u00f6rderung findet in Einzel- und Gruppentherapien statt. Dauer und Umfang einer Therapie richten sich nach den individuellen Bed\u00fcrfnissen der Sch\u00fclerInnen, in enger Absprache mit den KollegInnen aus den Klassenteams.<br>Ein Schwerpunkt unserer Arbeit liegt au\u00dferdem in der therapeutischen Begleitung im Schwimm- und Sportunterricht oder bei Bewegungsangeboten (z.B. Rollstuhlbasketball, Trampolin) in der Freizeit. Zur F\u00f6rderung und Unterst\u00fctzung der Selbstst\u00e4ndigkeit und Mobilit\u00e4t im Alltag bieten wir Fahrzeugstunden an. Die Kinder lernen z.B. das Fahrrad- oder Therapieradfahren. Weiterhin stehen wir in Kontakt mit Eltern, \u00c4rztInnen, Orthop\u00e4dietechnikerInnen und ambulanten TherapeutInnen. Dar\u00fcber hinaus bieten wir regelm\u00e4\u00dfig Beratungen zur Hilfsmittelversorgung an. Ziel unserer Arbeit ist die Vermittlung von Kenntnissen und Fertigkeiten, um den Sch\u00fclerInnen eine m\u00f6glichst selbstbestimmte Gestaltung des Alltags zu erm\u00f6glichen und sie in der Teilhabe zu unterst\u00fctzen.<\/p>\n\n\n\n<p><\/p>\n<\/div><\/div>\n","protected":false},"excerpt":{"rendered":"<p>Die physiotherapeutische F\u00f6rderung findet in Einzel- und Gruppentherapien statt. Dauer und Umfang einer Therapie richten sich nach den individuellen Bed\u00fcrfnissen der Sch\u00fclerInnen, in enger Absprache mit den KollegInnen aus den Klassenteams. Die physiotherapeutische F\u00f6rderung findet in Einzel- und Gruppentherapien statt. Dauer und Umfang einer Therapie richten sich nach den individuellen Bed\u00fcrfnissen der Sch\u00fclerInnen, in enger Absprache mit den KollegInnen aus den Klassenteams.Ein Schwerpunkt unserer Arbeit liegt au\u00dferdem in der therapeutischen Begleitung im Schwimm- und Sportunterricht oder bei Bewegungsangeboten (z.B. Rollstuhlbasketball,&#8230;<\/p>\n<p class=\"read-more\"><a class=\"btn btn-default\" href=\"https:\/\/wordpress.nibis.de\/afsos\/physiotherapie\/\">Weiterlesen<span class=\"screen-reader-text\"> Weiterlesen<\/span><\/a><\/p>\n","protected":false},"author":9194245,"featured_media":0,"parent":0,"menu_order":0,"comment_status":"closed","ping_status":"closed","template":"","meta":{"footnotes":""},"class_list":["post-410","page","type-page","status-publish","hentry"],"_links":{"self":[{"href":"https:\/\/wordpress.nibis.de\/afsos\/wp-json\/wp\/v2\/pages\/410","targetHints":{"allow":["GET"]}}],"collection":[{"href":"https:\/\/wordpress.nibis.de\/afsos\/wp-json\/wp\/v2\/pages"}],"about":[{"href":"https:\/\/wordpress.nibis.de\/afsos\/wp-json\/wp\/v2\/types\/page"}],"author":[{"embeddable":true,"href":"https:\/\/wordpress.nibis.de\/afsos\/wp-json\/wp\/v2\/users\/9194245"}],"replies":[{"embeddable":true,"href":"https:\/\/wordpress.nibis.de\/afsos\/wp-json\/wp\/v2\/comments?post=410"}],"version-history":[{"count":2,"href":"https:\/\/wordpress.nibis.de\/afsos\/wp-json\/wp\/v2\/pages\/410\/revisions"}],"predecessor-version":[{"id":797,"href":"https:\/\/wordpress.nibis.de\/afsos\/wp-json\/wp\/v2\/pages\/410\/revisions\/797"}],"wp:attachment":[{"href":"https:\/\/wordpress.nibis.de\/afsos\/wp-json\/wp\/v2\/media?parent=410"}],"curies":[{"name":"wp","href":"https:\/\/api.w.org\/{rel}","templated":true}]}}