{"id":413,"date":"2023-08-15T20:52:51","date_gmt":"2023-08-15T18:52:51","guid":{"rendered":"https:\/\/wordpress.nibis.de\/afsos\/?page_id=413"},"modified":"2023-10-04T13:12:31","modified_gmt":"2023-10-04T11:12:31","slug":"ergotherapie","status":"publish","type":"page","link":"https:\/\/wordpress.nibis.de\/afsos\/ergotherapie\/","title":{"rendered":"Ergotherapie"},"content":{"rendered":"\n<div class=\"wp-block-media-text alignwide has-media-on-the-right is-stacked-on-mobile is-vertically-aligned-top is-style-tw-shadow\" style=\"grid-template-columns:auto 30%\"><figure class=\"wp-block-media-text__media\"><img loading=\"lazy\" decoding=\"async\" width=\"600\" height=\"450\" src=\"https:\/\/wordpress.nibis.de\/afsos\/files\/2023\/08\/ergo1a.jpg\" alt=\"\" class=\"wp-image-426 size-full\" \/><\/figure><div class=\"wp-block-media-text__content\">\n<p style=\"font-size:16px\">Ergotherapie in der Anne-Frank-Schule wendet sich vor allem an die Kinder und Jugendlichen, die in ihrer Entwicklung verz\u00f6gert, in ihrer Handlungsf\u00e4higkeit und Selbstst\u00e4ndigkeit eingeschr\u00e4nkt oder von einer K\u00f6rperbehinderung betroffen sind. In der Anne-Frank-Schule stehen 100 Einheiten Ergotherapie zur Verf\u00fcgung, so dass etwa die H\u00e4lfte aller Lerngruppen in einem Schuljahr Ergotherapie erhalten kann. Das Ergotherapiekonzept regelt die sinnvolle Verteilung der zur Verf\u00fcgung stehenden Stunden. Ergotherapie findet als Einzel- oder Gruppentherapie und auch als therapeutisches Angebot in verschiedenen Unterrichtsf\u00e4chern statt.<\/p>\n<\/div><\/div>\n\n\n\n<div class=\"wp-block-media-text alignwide is-stacked-on-mobile is-style-tw-shadow\" style=\"grid-template-columns:23% auto\"><figure class=\"wp-block-media-text__media\"><img loading=\"lazy\" decoding=\"async\" width=\"600\" height=\"675\" src=\"https:\/\/wordpress.nibis.de\/afsos\/files\/2023\/08\/ergo2a-600x675.jpg\" alt=\"\" class=\"wp-image-423 size-full\" \/><\/figure><div class=\"wp-block-media-text__content\">\n<p><strong>Die Ergotherapeutinnen sind in alle schulischen Abl\u00e4ufe und Prozesse eingebunden.<\/strong><\/p>\n\n\n\n<p style=\"font-size:16px\">&nbsp;\u00dcbergeordnetes Ziel ist die stetige Erweiterung der Handlungskompetenz und im Zusammenhang damit die gr\u00f6\u00dftm\u00f6gliche Teilhabe und Selbstst\u00e4ndigkeit der Kinder und Jugendlichen.<br>Die Ergotherapiestunden erm\u00f6glichen&nbsp; eine individuelle F\u00f6rderung der Kinder und Jugendlichen, die&nbsp; die bestm\u00f6gliche schulische Teilhabe anstrebt.<\/p>\n<\/div><\/div>\n\n\n\n<div class=\"wp-block-media-text alignwide has-media-on-the-right is-stacked-on-mobile is-style-tw-shadow\" style=\"grid-template-columns:auto 33%\"><figure class=\"wp-block-media-text__media\"><img loading=\"lazy\" decoding=\"async\" width=\"313\" height=\"524\" src=\"https:\/\/wordpress.nibis.de\/afsos\/files\/2023\/08\/ergo3.jpg\" alt=\"\" class=\"wp-image-417 size-full\" \/><\/figure><div class=\"wp-block-media-text__content\">\n<p class=\"has-text-align-left\" style=\"font-size:16px\">&nbsp;Dieses kann z.B. geschehen durch:<br>&nbsp;&#8211;&nbsp;&nbsp; F\u00f6rderung der Grafomotorik<br>&nbsp;&#8211;&nbsp;&nbsp; Ausf\u00fchren und \u00dcben von Aktivit\u00e4ten des Alltags (an- und umziehen,Tasche ein- und ausr\u00e4umen, Umgang mit    <br>      Besteck, Ordnung am Arbeitsplatz, Bus fahren, etc.)<br>&#8211; &nbsp; Umsetzen von Arbeitsanweisungen<br>&#8211;&nbsp;&nbsp; F\u00f6rderung der kognitiven F\u00e4higkeiten ( Konzentration, Ausdauer etc.)<br>&#8211;&nbsp;&nbsp; Hilfsmittelversorgung (Schreibhilfen, Essbesteck, Computerversorgung, Sitzhilfen)<br>&nbsp;&nbsp;&nbsp;&nbsp;&nbsp; und deren Einsatz.<br>Durch Einsatz verschiedener Arbeitsmaterialien und Techniken werden die Kinder und Jugendlichen zur Mitarbeit motiviert.<br>Dies f\u00fchrt zur Verbesserung von motorischen und sensorischen F\u00e4higkeiten und Fertigkeiten<br>sowie zur St\u00e4rkung des Selbstbewusstseins.<\/p>\n<\/div><\/div>\n\n\n\n<div class=\"wp-block-media-text alignwide is-stacked-on-mobile is-style-tw-shadow\" style=\"grid-template-columns:43% auto\"><figure class=\"wp-block-media-text__media\"><img loading=\"lazy\" decoding=\"async\" width=\"785\" height=\"470\" src=\"https:\/\/wordpress.nibis.de\/afsos\/files\/2023\/08\/ergo5.jpg\" alt=\"\" class=\"wp-image-414 size-full\" srcset=\"https:\/\/wordpress.nibis.de\/afsos\/files\/2023\/08\/ergo5.jpg 785w, https:\/\/wordpress.nibis.de\/afsos\/files\/2023\/08\/ergo5-768x460.jpg 768w\" sizes=\"auto, (max-width: 785px) 100vw, 785px\" \/><\/figure><div class=\"wp-block-media-text__content\">\n<p style=\"font-size:16px\">Neben der Arbeit mit den Kindern und Jugendlichen stehen die Ergotherapeutinnen der Anne-Frank-Schule den Lehrkr\u00e4ften auch zur Beratung zur Verf\u00fcgung, wenn es um die Einsch\u00e4tzung und F\u00f6rderung von Wahrnehmungsprozessen und motorischen Leistungen geht. Beratungen erfolgen sowohl f\u00fcr die Sch\u00fclerInnen unserer Schule als auch f\u00fcr die anderer Schulen, sofern diese von der Anne-Frank-Schule betreut werden.<\/p>\n<\/div><\/div>\n","protected":false},"excerpt":{"rendered":"<p>Ergotherapie in der Anne-Frank-Schule wendet sich vor allem an die Kinder und Jugendlichen, die in ihrer Entwicklung verz\u00f6gert, in ihrer Handlungsf\u00e4higkeit und Selbstst\u00e4ndigkeit eingeschr\u00e4nkt oder von einer K\u00f6rperbehinderung betroffen sind. In der Anne-Frank-Schule stehen 100 Einheiten Ergotherapie zur Verf\u00fcgung, so dass etwa die H\u00e4lfte aller Lerngruppen in einem Schuljahr Ergotherapie erhalten kann. Das Ergotherapiekonzept regelt die sinnvolle Verteilung der zur Verf\u00fcgung stehenden Stunden. Ergotherapie findet als Einzel- oder Gruppentherapie und auch als therapeutisches Angebot in verschiedenen Unterrichtsf\u00e4chern statt. Die Ergotherapeutinnen&#8230;<\/p>\n<p class=\"read-more\"><a class=\"btn btn-default\" href=\"https:\/\/wordpress.nibis.de\/afsos\/ergotherapie\/\">Weiterlesen<span class=\"screen-reader-text\"> Weiterlesen<\/span><\/a><\/p>\n","protected":false},"author":9194245,"featured_media":0,"parent":0,"menu_order":0,"comment_status":"closed","ping_status":"closed","template":"","meta":{"footnotes":""},"class_list":["post-413","page","type-page","status-publish","hentry"],"_links":{"self":[{"href":"https:\/\/wordpress.nibis.de\/afsos\/wp-json\/wp\/v2\/pages\/413","targetHints":{"allow":["GET"]}}],"collection":[{"href":"https:\/\/wordpress.nibis.de\/afsos\/wp-json\/wp\/v2\/pages"}],"about":[{"href":"https:\/\/wordpress.nibis.de\/afsos\/wp-json\/wp\/v2\/types\/page"}],"author":[{"embeddable":true,"href":"https:\/\/wordpress.nibis.de\/afsos\/wp-json\/wp\/v2\/users\/9194245"}],"replies":[{"embeddable":true,"href":"https:\/\/wordpress.nibis.de\/afsos\/wp-json\/wp\/v2\/comments?post=413"}],"version-history":[{"count":22,"href":"https:\/\/wordpress.nibis.de\/afsos\/wp-json\/wp\/v2\/pages\/413\/revisions"}],"predecessor-version":[{"id":796,"href":"https:\/\/wordpress.nibis.de\/afsos\/wp-json\/wp\/v2\/pages\/413\/revisions\/796"}],"wp:attachment":[{"href":"https:\/\/wordpress.nibis.de\/afsos\/wp-json\/wp\/v2\/media?parent=413"}],"curies":[{"name":"wp","href":"https:\/\/api.w.org\/{rel}","templated":true}]}}