{"id":504,"date":"2023-09-02T16:48:03","date_gmt":"2023-09-02T14:48:03","guid":{"rendered":"https:\/\/wordpress.nibis.de\/afsos\/?page_id=504"},"modified":"2026-01-13T13:08:35","modified_gmt":"2026-01-13T12:08:35","slug":"foerderverein","status":"publish","type":"page","link":"https:\/\/wordpress.nibis.de\/afsos\/foerderverein\/","title":{"rendered":"F\u00f6rderverein"},"content":{"rendered":"\n<figure class=\"wp-block-image size-large is-style-tw-shadow\"><img loading=\"lazy\" decoding=\"async\" width=\"800\" height=\"600\" src=\"https:\/\/wordpress.nibis.de\/afsos\/files\/2025\/05\/DSCF6330-800x600.jpg\" alt=\"\" class=\"wp-image-1821\" \/><figcaption class=\"wp-element-caption\">Reihe hinten von links: Herr Bauschulte (1. Vorsitzender), daneben Frau H\u00fclsmann (2. Vorsitzende), Frau Drop als Schriftf\u00fchrerin, Herr Kunzelmann und Frau Herzig jeweils als Beisitzer\/ Beisitzerin<br>In der vorderen Reihe von links: Frau Kirchhof (Schatzmeisterin) Frau Schwerger von der Schulleitung, Frau Specht (2. Kassenpr\u00fcferin) und Frau Zeiler als Elternratsvorsitzende.<br>Auf dem Foto fehlt Frau Karpez, die das Amt der 1. Kassenpr\u00fcferin einnimmt.<\/figcaption><\/figure>\n\n\n\n<p>Der F\u00f6rderverein der Anne-Frank-Schule unterst\u00fctzt seit vielen Jahren sehr aktiv und erfolgreich die Arbeit an der Schule. Durch Mitgliedsbeitr\u00e4ge und Spenden kann der F\u00f6rderverein der Schule viele Anschaffungen erm\u00f6glichen, die sonst nicht machbar w\u00e4ren. Mit einmaligen Besonderheiten wie z.B. einem Therapielaufrad f\u00fcr Erwachsene, mit Rollstuhltransportm\u00f6glichkeit oder aber verschiedensten Materialien f\u00fcr den regul\u00e4ren Unterricht bereichert der Verein das Schulleben sehr!<\/p>\n\n\n\n<p>Seit Mai 2025 besteht nun der jetzige Vorstand des F\u00f6rdervereins. 1. Vorsitzender ist<strong> Herr J\u00f6rg Bauschulte<\/strong> und als 2. Vorsitzende ist <strong>Frau Silke H\u00fclsmann<\/strong> t\u00e4tig. F\u00fcr alle Finanzen und die Buchhaltung ist Frau <strong>Silvia Kirchhof <\/strong>zust\u00e4ndig und als Kassenpr\u00fcferinnen sind derzeit Frau <strong>Hilke Specht<\/strong> und Frau <strong>Xenia Karpez<\/strong> eingesetzt. Die Einladungen, Protokolle und Wunschlisten werden von der Schriftf\u00fchrerin Frau <strong>Esther Drop<\/strong> verfasst und koordiniert. Der Vorstand wird durch Beisitzer erweitert, in der Funktion sind Herr <strong>Florian Kunzelmann<\/strong> und Frau <strong>Nicole Herzig<\/strong> aktiv. Sie sind als Mitglieder des Kollegiums ein wichtiges Bindeglied zu den Eltern, Sch\u00fclerschaft und Kollegium im F\u00f6rderverein.<\/p>\n\n\n\n<p>Dem erweiterten Vorstand geh\u00f6ren auch immer die Schulelternratsvorsitzende \u2013 derzeit Frau <strong>Sabrina Zeiler<\/strong> \u2013 und die Schulleitung, Frau <strong>Silke Schwerger<\/strong>, an.<\/p>\n\n\n\n<p>Im Mai 2025 hat der Vorstand die langj\u00e4hrigen Vorstandsvorsitzende Herrn Vogelsang und Herrn Menkhaus verabschiedet. Ein gro\u00dfer Dank gilt ihnen f\u00fcr die sehr engagierte und tatkr\u00e4ftige Arbeit in den letzten acht Jahren.<\/p>\n\n\n\n<figure class=\"wp-block-image size-large\"><img loading=\"lazy\" decoding=\"async\" width=\"800\" height=\"600\" src=\"https:\/\/wordpress.nibis.de\/afsos\/files\/2025\/05\/image0022-2-800x600.jpg\" alt=\"\" class=\"wp-image-1842\" \/><\/figure>\n\n\n\n<p>Es findet eine konstruktive und vertrauensvolle Zusammenarbeit von Schule und F\u00f6rderverein statt \u2013 wir freuen uns sehr \u00fcber die fruchtbaren Sitzungen und Aktivit\u00e4ten und sind dankbar f\u00fcr die Unterst\u00fctzung des Vereins.<\/p>\n\n\n\n<p>HABEN SIE NOCH FRAGEN ?<\/p>\n\n\n\n<p>NEHMEN SIE GERN KONTAKT ZU UNS AUF!<\/p>\n\n\n\n<p><strong>mail: <a href=\"&#x6d;&#97;i&#x6c;&#116;o&#x3a;&#102;o&#x65;&#114;d&#x65;&#114;v&#x65;&#114;e&#x69;&#110;&#64;&#x61;&#102;s&#x6f;&#115;&#46;&#x64;&#101;\">&#x66;&#111;&#x65;&#x72;&#100;&#x65;&#x72;&#118;&#x65;&#x72;&#101;&#x69;&#x6e;&#64;&#x61;&#x66;s&#x6f;&#115;&#46;&#x64;&#101;<\/a><\/strong><\/p>\n\n\n\n<p>Und <a href=\"https:\/\/wordpress.nibis.de\/afsos\/files\/2025\/08\/Flyer_AFS_Foerderverein_ausfuellbar.pdf\">HIER unser Flyer<\/a> mit allen Infos und gleichzeitig das <a href=\"https:\/\/wordpress.nibis.de\/afsos\/files\/2025\/08\/Flyer_AFS_Foerderverein_ausfuellbar.pdf\">ANMELDEFORMULAR<\/a>.<\/p>\n\n\n\n<p>Schicken Sie das Formular gern ausgef\u00fcllt an <strong><a href=\"&#109;&#x61;&#105;&#x6c;t&#x6f;:&#102;&#x6f;&#101;&#x72;d&#x65;r&#118;&#x65;&#114;&#x65;i&#x6e;&#64;&#97;&#x66;&#115;&#x6f;s&#x2e;d&#101;\">&#x66;&#111;e&#x72;&#100;e&#x72;&#x76;&#101;&#x72;&#x65;&#105;n&#x40;&#97;f&#x73;&#x6f;&#115;&#x2e;&#x64;&#101;<\/a><\/strong> .<\/p>\n","protected":false},"excerpt":{"rendered":"<p>Der F\u00f6rderverein der Anne-Frank-Schule unterst\u00fctzt seit vielen Jahren sehr aktiv und erfolgreich die Arbeit an der Schule. Durch Mitgliedsbeitr\u00e4ge und Spenden kann der F\u00f6rderverein der Schule viele Anschaffungen erm\u00f6glichen, die sonst nicht machbar w\u00e4ren. Mit einmaligen Besonderheiten wie z.B. einem Therapielaufrad f\u00fcr Erwachsene, mit Rollstuhltransportm\u00f6glichkeit oder aber verschiedensten Materialien f\u00fcr den regul\u00e4ren Unterricht bereichert der Verein das Schulleben sehr! Seit Mai 2025 besteht nun der jetzige Vorstand des F\u00f6rdervereins. 1. Vorsitzender ist Herr J\u00f6rg Bauschulte und als 2. Vorsitzende ist&#8230;<\/p>\n<p class=\"read-more\"><a class=\"btn btn-default\" href=\"https:\/\/wordpress.nibis.de\/afsos\/foerderverein\/\">Weiterlesen<span class=\"screen-reader-text\"> Weiterlesen<\/span><\/a><\/p>\n","protected":false},"author":9194233,"featured_media":0,"parent":0,"menu_order":0,"comment_status":"closed","ping_status":"closed","template":"","meta":{"footnotes":""},"class_list":["post-504","page","type-page","status-publish","hentry"],"_links":{"self":[{"href":"https:\/\/wordpress.nibis.de\/afsos\/wp-json\/wp\/v2\/pages\/504","targetHints":{"allow":["GET"]}}],"collection":[{"href":"https:\/\/wordpress.nibis.de\/afsos\/wp-json\/wp\/v2\/pages"}],"about":[{"href":"https:\/\/wordpress.nibis.de\/afsos\/wp-json\/wp\/v2\/types\/page"}],"author":[{"embeddable":true,"href":"https:\/\/wordpress.nibis.de\/afsos\/wp-json\/wp\/v2\/users\/9194233"}],"replies":[{"embeddable":true,"href":"https:\/\/wordpress.nibis.de\/afsos\/wp-json\/wp\/v2\/comments?post=504"}],"version-history":[{"count":17,"href":"https:\/\/wordpress.nibis.de\/afsos\/wp-json\/wp\/v2\/pages\/504\/revisions"}],"predecessor-version":[{"id":2626,"href":"https:\/\/wordpress.nibis.de\/afsos\/wp-json\/wp\/v2\/pages\/504\/revisions\/2626"}],"wp:attachment":[{"href":"https:\/\/wordpress.nibis.de\/afsos\/wp-json\/wp\/v2\/media?parent=504"}],"curies":[{"name":"wp","href":"https:\/\/api.w.org\/{rel}","templated":true}]}}