{"id":538,"date":"2023-09-08T18:55:40","date_gmt":"2023-09-08T16:55:40","guid":{"rendered":"https:\/\/wordpress.nibis.de\/afsos\/?page_id=538"},"modified":"2023-09-08T18:55:41","modified_gmt":"2023-09-08T16:55:41","slug":"projekt-werken","status":"publish","type":"page","link":"https:\/\/wordpress.nibis.de\/afsos\/projekt-werken\/","title":{"rendered":"Projekt Werken"},"content":{"rendered":"\n<figure class=\"wp-block-image size-full\"><img loading=\"lazy\" decoding=\"async\" width=\"700\" height=\"525\" src=\"https:\/\/wordpress.nibis.de\/afsos\/files\/2023\/09\/Rote-Bank-mit-Lackierer.jpg\" alt=\"\" class=\"wp-image-539\" \/><\/figure>\n\n\n\n<p>Die Arbeit im &#8218;Projekt Werken&#8216; ist sehr vielseitig.<\/p>\n\n\n\n<p>Im Rahmen des Projekts wird mit verschiedenen Materialien (Holz, Metall, Farben, Kunststoff, etc.) gearbeitet und somit der Umgang mit den entsprechenden Werkzeugen und Maschinen (z.B. Standbohr- maschine, Schleifmaschinen, Schieblehre, u.v.m.) erlernt.<\/p>\n\n\n\n<p>Das &#8218;Projekt Werken&#8216; repariert, \u00fcberarbeitet, renoviert, demontiert, probiert aus, konstruiert und stellt Gegenst\u00e4nde her.&nbsp;<\/p>\n\n\n\n<p>Weiterhin geht es um Werkzeugpflege, Materialkunde, Teamarbeit, Selbstst\u00e4ndigkeit und Verantwortlichkeit.<\/p>\n\n\n\n<p>Dieses Projekt arbeitet f\u00fcr die Schule, die Sch\u00fcler, private Auftraggeber und f\u00fcr den eigenen Verkauf.<\/p>\n\n\n\n<figure class=\"wp-block-image size-full\"><img loading=\"lazy\" decoding=\"async\" width=\"700\" height=\"525\" src=\"https:\/\/wordpress.nibis.de\/afsos\/files\/2023\/09\/Aufbewahrungskasten-lackier.jpg\" alt=\"\" class=\"wp-image-540\" \/><\/figure>\n\n\n\n<figure class=\"wp-block-image size-full\"><img loading=\"lazy\" decoding=\"async\" width=\"700\" height=\"525\" src=\"https:\/\/wordpress.nibis.de\/afsos\/files\/2023\/09\/Bank-Balkon-neu.jpg\" alt=\"\" class=\"wp-image-541\" \/><\/figure>\n","protected":false},"excerpt":{"rendered":"<p>Die Arbeit im &#8218;Projekt Werken&#8216; ist sehr vielseitig. Im Rahmen des Projekts wird mit verschiedenen Materialien (Holz, Metall, Farben, Kunststoff, etc.) gearbeitet und somit der Umgang mit den entsprechenden Werkzeugen und Maschinen (z.B. Standbohr- maschine, Schleifmaschinen, Schieblehre, u.v.m.) erlernt. Das &#8218;Projekt Werken&#8216; repariert, \u00fcberarbeitet, renoviert, demontiert, probiert aus, konstruiert und stellt Gegenst\u00e4nde her.&nbsp; Weiterhin geht es um Werkzeugpflege, Materialkunde, Teamarbeit, Selbstst\u00e4ndigkeit und Verantwortlichkeit. Dieses Projekt arbeitet f\u00fcr die Schule, die Sch\u00fcler, private Auftraggeber und f\u00fcr den eigenen Verkauf.<\/p>\n","protected":false},"author":9194245,"featured_media":0,"parent":0,"menu_order":0,"comment_status":"closed","ping_status":"closed","template":"","meta":{"footnotes":""},"class_list":["post-538","page","type-page","status-publish","hentry"],"_links":{"self":[{"href":"https:\/\/wordpress.nibis.de\/afsos\/wp-json\/wp\/v2\/pages\/538","targetHints":{"allow":["GET"]}}],"collection":[{"href":"https:\/\/wordpress.nibis.de\/afsos\/wp-json\/wp\/v2\/pages"}],"about":[{"href":"https:\/\/wordpress.nibis.de\/afsos\/wp-json\/wp\/v2\/types\/page"}],"author":[{"embeddable":true,"href":"https:\/\/wordpress.nibis.de\/afsos\/wp-json\/wp\/v2\/users\/9194245"}],"replies":[{"embeddable":true,"href":"https:\/\/wordpress.nibis.de\/afsos\/wp-json\/wp\/v2\/comments?post=538"}],"version-history":[{"count":1,"href":"https:\/\/wordpress.nibis.de\/afsos\/wp-json\/wp\/v2\/pages\/538\/revisions"}],"predecessor-version":[{"id":542,"href":"https:\/\/wordpress.nibis.de\/afsos\/wp-json\/wp\/v2\/pages\/538\/revisions\/542"}],"wp:attachment":[{"href":"https:\/\/wordpress.nibis.de\/afsos\/wp-json\/wp\/v2\/media?parent=538"}],"curies":[{"name":"wp","href":"https:\/\/api.w.org\/{rel}","templated":true}]}}