{"id":561,"date":"2023-09-11T08:02:17","date_gmt":"2023-09-11T06:02:17","guid":{"rendered":"https:\/\/wordpress.nibis.de\/afsos\/?page_id=561"},"modified":"2026-04-21T12:25:17","modified_gmt":"2026-04-21T10:25:17","slug":"streitschlichtung","status":"publish","type":"page","link":"https:\/\/wordpress.nibis.de\/afsos\/streitschlichtung\/","title":{"rendered":"Streitschlichtung"},"content":{"rendered":"\n<p><strong>Mediation an der AFS<\/strong><br>Seit 2004 bieten wir im Rahmen des Gewaltpr\u00e4ventionskonzeptes an der Anne-Frank-Schule die Mediationsausbildung an.<br>Dazu werden Sch\u00fclerinnen und Sch\u00fcler des 7.-9. Jahrgangs zu Sch\u00fclerstreitschlichterinnen und Sch\u00fclerstreitschlichter ausgebildet.<br>Bei der Streitschlichtung geht es darum, gemeinsam mit den Streitenden eine friedliche L\u00f6sung f\u00fcr einen Konflikt zu finden.<\/p>\n\n\n\n<p>Dabei gibt es keinen Schuldigen und keine Strafen, sondern nur Gewinner. Dieses nennt man win &#8211; win &#8211; L\u00f6sung!<\/p>\n\n\n\n<p>Am Ende eines Streitgespr\u00e4ches f\u00fcllen die Streitenden gemeinsam mit den Streitschlichtern einen Friedensvertrag aus, der von allen Beteiligten unterschrieben wird. Nach einer Woche wird der Vertrag kontrolliert. Auf diese Weise konnten schon einige Konflikte geschlichtet werden, so dass beide Parteien zufrieden waren.<br><br><strong>Wir verstehen die Streitschlichtung als einen Baustein gegen Gewalt und f\u00fcr eine friedliche Schule.<\/strong><\/p>\n\n\n\n<hr class=\"wp-block-separator has-css-opacity\" \/>\n\n\n\n<p>Im Schuljahr 2025\/2026 bieten folgende Sch\u00fclerin und Sch\u00fcler w\u00e4hrend der MFZ ihren Dienst als Sch\u00fclerstreitschlichterin und Sch\u00fclerstreitschlichter an. Sie nehmen ihre Aufgabe sehr ernst und finden es gut, Verantwortung zu \u00fcbernehmen.<\/p>\n\n\n\n<div class=\"wp-block-columns are-vertically-aligned-center is-layout-flex wp-container-core-columns-is-layout-abceabcf wp-block-columns-is-layout-flex\">\n<div class=\"wp-block-column is-vertically-aligned-center is-layout-flow wp-block-column-is-layout-flow\" style=\"--col-width:100%;flex-basis:100%\"><div class=\"wp-block-image\">\n<figure class=\"alignleft size-full is-resized\"><img loading=\"lazy\" decoding=\"async\" width=\"582\" height=\"582\" src=\"https:\/\/wordpress.nibis.de\/afsos\/files\/2026\/04\/Streitschlichter.jpg\" alt=\"\" class=\"wp-image-2890\" style=\"aspect-ratio:0.7183333333333334;width:251px;height:auto\" srcset=\"https:\/\/wordpress.nibis.de\/afsos\/files\/2026\/04\/Streitschlichter.jpg 582w, https:\/\/wordpress.nibis.de\/afsos\/files\/2026\/04\/Streitschlichter-300x300.jpg 300w, https:\/\/wordpress.nibis.de\/afsos\/files\/2026\/04\/Streitschlichter-150x150.jpg 150w, https:\/\/wordpress.nibis.de\/afsos\/files\/2026\/04\/Streitschlichter-100x100.jpg 100w, https:\/\/wordpress.nibis.de\/afsos\/files\/2026\/04\/Streitschlichter-270x270.jpg 270w\" sizes=\"auto, (max-width: 582px) 100vw, 582px\" \/><\/figure>\n<\/div>\n\n\n<p><\/p>\n\n\n\n<p><\/p>\n\n\n\n<p><strong>Leo Arndt<\/strong><\/p>\n\n\n\n<p><strong>Max Bremerkamp<\/strong><\/p>\n\n\n\n<p><strong>Ceylan Ismailowski <\/strong><\/p>\n\n\n\n<p><strong>Nele Heymann,  <\/strong><\/p>\n<\/div>\n<\/div>\n\n\n\n<p>Dar\u00fcber hinaus sind sie auch in Zusammenarbeit mit dem Schulsozialarbeiter C. Schimmel an dem Projekt im 1. Schuljahrgang \u201eHalt Stop \u2013 Ich will das nicht\u201c beteiligt.<br>Zurzeit werden folgende Sch\u00fclerinnen und Sch\u00fcler augebildet:<\/p>\n\n\n\n<div class=\"wp-block-media-text alignwide has-media-on-the-right is-stacked-on-mobile\" style=\"grid-template-columns:auto 47%\"><div class=\"wp-block-media-text__content\">\n<p>hinten: <strong>Kim Wolpmann, Timo G\u00f6rlich<\/strong><\/p>\n\n\n\n<p>vorne: <strong>Biljana Stan, Selina Diehl, Jamie Kuphal<\/strong><\/p>\n<\/div><figure class=\"wp-block-media-text__media\"><img loading=\"lazy\" decoding=\"async\" width=\"2048\" height=\"1365\" src=\"https:\/\/wordpress.nibis.de\/afsos\/files\/2026\/04\/Streitschlichter-in-Ausbildung-2048x1365.jpg\" alt=\"\" class=\"wp-image-2892 size-full\" \/><\/figure><\/div>\n\n\n\n<p><\/p>\n\n\n\n<p>Folgende Kolleginnen und Kollegen sind als Schulmediator:innen ausgebildet und f\u00fchren bei Bedarf Schlichtungsgespr\u00e4che durch:<\/p>\n\n\n\n<p><strong>Frau Espelage-Pille<\/strong><\/p>\n\n\n\n<p><strong>Herr Pille<\/strong><\/p>\n\n\n\n<p><strong>Frau Jahrmann<\/strong><\/p>\n\n\n\n<p><\/p>\n","protected":false},"excerpt":{"rendered":"<p>Mediation an der AFSSeit 2004 bieten wir im Rahmen des Gewaltpr\u00e4ventionskonzeptes an der Anne-Frank-Schule die Mediationsausbildung an.Dazu werden Sch\u00fclerinnen und Sch\u00fcler des 7.-9. Jahrgangs zu Sch\u00fclerstreitschlichterinnen und Sch\u00fclerstreitschlichter ausgebildet.Bei der Streitschlichtung geht es darum, gemeinsam mit den Streitenden eine friedliche L\u00f6sung f\u00fcr einen Konflikt zu finden. Dabei gibt es keinen Schuldigen und keine Strafen, sondern nur Gewinner. Dieses nennt man win &#8211; win &#8211; L\u00f6sung! Am Ende eines Streitgespr\u00e4ches f\u00fcllen die Streitenden gemeinsam mit den Streitschlichtern einen Friedensvertrag aus, der&#8230;<\/p>\n<p class=\"read-more\"><a class=\"btn btn-default\" href=\"https:\/\/wordpress.nibis.de\/afsos\/streitschlichtung\/\">Weiterlesen<span class=\"screen-reader-text\"> Weiterlesen<\/span><\/a><\/p>\n","protected":false},"author":9194233,"featured_media":0,"parent":0,"menu_order":0,"comment_status":"closed","ping_status":"closed","template":"","meta":{"footnotes":""},"class_list":["post-561","page","type-page","status-publish","hentry"],"_links":{"self":[{"href":"https:\/\/wordpress.nibis.de\/afsos\/wp-json\/wp\/v2\/pages\/561","targetHints":{"allow":["GET"]}}],"collection":[{"href":"https:\/\/wordpress.nibis.de\/afsos\/wp-json\/wp\/v2\/pages"}],"about":[{"href":"https:\/\/wordpress.nibis.de\/afsos\/wp-json\/wp\/v2\/types\/page"}],"author":[{"embeddable":true,"href":"https:\/\/wordpress.nibis.de\/afsos\/wp-json\/wp\/v2\/users\/9194233"}],"replies":[{"embeddable":true,"href":"https:\/\/wordpress.nibis.de\/afsos\/wp-json\/wp\/v2\/comments?post=561"}],"version-history":[{"count":14,"href":"https:\/\/wordpress.nibis.de\/afsos\/wp-json\/wp\/v2\/pages\/561\/revisions"}],"predecessor-version":[{"id":2893,"href":"https:\/\/wordpress.nibis.de\/afsos\/wp-json\/wp\/v2\/pages\/561\/revisions\/2893"}],"wp:attachment":[{"href":"https:\/\/wordpress.nibis.de\/afsos\/wp-json\/wp\/v2\/media?parent=561"}],"curies":[{"name":"wp","href":"https:\/\/api.w.org\/{rel}","templated":true}]}}

<p><strong>Mediation an der AFS</strong><br>Seit 2004 bieten wir im Rahmen des Gewaltpräventionskonzeptes an der Anne-Frank-Schule die Mediationsausbildung an.<br>Dazu werden Schülerinnen und Schüler des 7.-9. Jahrgangs zu Schülerstreitschlichterinnen und Schülerstreitschlichter ausgebildet.<br>Bei der Streitschlichtung geht es darum, gemeinsam mit den Streitenden eine friedliche Lösung für einen Konflikt zu finden.</p>



<p>Dabei gibt es keinen Schuldigen und keine Strafen, sondern nur Gewinner. Dieses nennt man win &#8211; win &#8211; Lösung!</p>



<p>Am Ende eines Streitgespräches füllen die Streitenden gemeinsam mit den Streitschlichtern einen Friedensvertrag aus, der von allen Beteiligten unterschrieben wird. Nach einer Woche wird der Vertrag kontrolliert. Auf diese Weise konnten schon einige Konflikte geschlichtet werden, so dass beide Parteien zufrieden waren.<br><br><strong>Wir verstehen die Streitschlichtung als einen Baustein gegen Gewalt und für eine friedliche Schule.</strong></p>



<hr class="wp-block-separator has-css-opacity" />



<p>Im Schuljahr 2025/2026 bieten folgende Schülerin und Schüler während der MFZ ihren Dienst als Schülerstreitschlichterin und Schülerstreitschlichter an. Sie nehmen ihre Aufgabe sehr ernst und finden es gut, Verantwortung zu übernehmen.</p>



<div class="wp-block-columns are-vertically-aligned-center is-layout-flex wp-container-core-columns-is-layout-abceabcf wp-block-columns-is-layout-flex">
<div class="wp-block-column is-vertically-aligned-center is-layout-flow wp-block-column-is-layout-flow" style="--col-width:100%;flex-basis:100%"><div class="wp-block-image">
<figure class="alignleft size-full is-resized"><img loading="lazy" decoding="async" width="582" height="582" src="https://wordpress.nibis.de/afsos/files/2026/04/Streitschlichter.jpg" alt="" class="wp-image-2890" style="aspect-ratio:0.7183333333333334;width:251px;height:auto" srcset="https://wordpress.nibis.de/afsos/files/2026/04/Streitschlichter.jpg 582w, https://wordpress.nibis.de/afsos/files/2026/04/Streitschlichter-300x300.jpg 300w, https://wordpress.nibis.de/afsos/files/2026/04/Streitschlichter-150x150.jpg 150w, https://wordpress.nibis.de/afsos/files/2026/04/Streitschlichter-100x100.jpg 100w, https://wordpress.nibis.de/afsos/files/2026/04/Streitschlichter-270x270.jpg 270w" sizes="auto, (max-width: 582px) 100vw, 582px" /></figure>
</div>


<p></p>



<p></p>



<p><strong>Leo Arndt</strong></p>



<p><strong>Max Bremerkamp</strong></p>



<p><strong>Ceylan Ismailowski </strong></p>



<p><strong>Nele Heymann,  </strong></p>
</div>
</div>



<p>Darüber hinaus sind sie auch in Zusammenarbeit mit dem Schulsozialarbeiter C. Schimmel an dem Projekt im 1. Schuljahrgang „Halt Stop – Ich will das nicht“ beteiligt.<br>Zurzeit werden folgende Schülerinnen und Schüler augebildet:</p>



<div class="wp-block-media-text alignwide has-media-on-the-right is-stacked-on-mobile" style="grid-template-columns:auto 47%"><div class="wp-block-media-text__content">
<p>hinten: <strong>Kim Wolpmann, Timo Görlich</strong></p>



<p>vorne: <strong>Biljana Stan, Selina Diehl, Jamie Kuphal</strong></p>
</div><figure class="wp-block-media-text__media"><img loading="lazy" decoding="async" width="2048" height="1365" src="https://wordpress.nibis.de/afsos/files/2026/04/Streitschlichter-in-Ausbildung-2048x1365.jpg" alt="" class="wp-image-2892 size-full" /></figure></div>



<p></p>



<p>Folgende Kolleginnen und Kollegen sind als Schulmediator:innen ausgebildet und führen bei Bedarf Schlichtungsgespräche durch:</p>



<p><strong>Frau Espelage-Pille</strong></p>



<p><strong>Herr Pille</strong></p>



<p><strong>Frau Jahrmann</strong></p>



<p></p>

<p>Mediation an der AFSSeit 2004 bieten wir im Rahmen des Gewaltpräventionskonzeptes an der Anne-Frank-Schule die Mediationsausbildung an.Dazu werden Schülerinnen und Schüler des 7.-9. Jahrgangs zu Schülerstreitschlichterinnen und Schülerstreitschlichter ausgebildet.Bei der Streitschlichtung geht es darum, gemeinsam mit den Streitenden eine friedliche Lösung für einen Konflikt zu finden. Dabei gibt es keinen Schuldigen und keine Strafen, sondern nur Gewinner. Dieses nennt man win &#8211; win &#8211; Lösung! Am Ende eines Streitgespräches füllen die Streitenden gemeinsam mit den Streitschlichtern einen Friedensvertrag aus, der&#8230;</p>
<p class="read-more"><a class="btn btn-default" href="https://wordpress.nibis.de/afsos/streitschlichtung/">Weiterlesen<span class="screen-reader-text"> Weiterlesen</span></a></p>
