{"id":700,"date":"2023-09-12T19:35:47","date_gmt":"2023-09-12T17:35:47","guid":{"rendered":"https:\/\/wordpress.nibis.de\/afsos\/?page_id=700"},"modified":"2025-12-04T13:28:35","modified_gmt":"2025-12-04T12:28:35","slug":"schuelervertretung-sv","status":"publish","type":"page","link":"https:\/\/wordpress.nibis.de\/afsos\/schuelervertretung-sv\/","title":{"rendered":"Unsere Sch\u00fclervertretung (SV)"},"content":{"rendered":"\n<p>Alle demokratisch gew\u00e4hlten Klassensprecherinnen und Stellvertreterinnen der Lerngruppen 5 bis 9 bilden die Sch\u00fclervertretung (SV) unserer Schule.<\/p>\n\n\n\n<p>Die SV trifft sich regelm\u00e4\u00dfig einmal pro Woche und w\u00e4hlt aus ihren Reihen das Schulsprecherteam sowie dessen Vertreter*innen.<\/p>\n\n\n\n<p>Auch die Teilnehmer*innen der Gesamtkonferenz, der Bereichskonferenzen und des Schulvorstandes geh\u00f6ren zum Schulsprecherteam.<\/p>\n\n\n\n<p>Aktuell (Schuljahr 2025\/26) geh\u00f6ren folgende Sch\u00fcler*innen zum Team: <\/p>\n\n\n\n<div class=\"wp-block-columns is-layout-flex wp-container-core-columns-is-layout-abceabcf wp-block-columns-is-layout-flex\">\n<div class=\"wp-block-column is-layout-flow wp-block-column-is-layout-flow\">\n<figure class=\"wp-block-image size-large\"><img loading=\"lazy\" decoding=\"async\" width=\"1512\" height=\"1365\" src=\"https:\/\/wordpress.nibis.de\/afsos\/files\/2025\/12\/IMG_2697-2-1512x1365.jpg\" alt=\"\" class=\"wp-image-2280\" \/><figcaption class=\"wp-element-caption\">Ceylan Ismailoski (9b)<\/figcaption><\/figure>\n<\/div>\n\n\n\n<div class=\"wp-block-column is-layout-flow wp-block-column-is-layout-flow\">\n<figure class=\"wp-block-image size-large\"><img loading=\"lazy\" decoding=\"async\" width=\"1512\" height=\"1365\" src=\"https:\/\/wordpress.nibis.de\/afsos\/files\/2025\/12\/IMG_2980-1512x1365.jpg\" alt=\"\" class=\"wp-image-2282\" \/><figcaption class=\"wp-element-caption\">Simon Wardin (7b)<\/figcaption><\/figure>\n<\/div>\n<\/div>\n\n\n\n<div class=\"wp-block-columns is-layout-flex wp-container-core-columns-is-layout-abceabcf wp-block-columns-is-layout-flex\">\n<div class=\"wp-block-column is-layout-flow wp-block-column-is-layout-flow\">\n<figure class=\"wp-block-image size-large\"><img loading=\"lazy\" decoding=\"async\" width=\"1512\" height=\"1365\" src=\"https:\/\/wordpress.nibis.de\/afsos\/files\/2025\/12\/IMG_2689-2-1512x1365.jpg\" alt=\"\" class=\"wp-image-2283\" \/><figcaption class=\"wp-element-caption\">Max Bremerkamp (8a)<\/figcaption><\/figure>\n<\/div>\n\n\n\n<div class=\"wp-block-column is-layout-flow wp-block-column-is-layout-flow\">\n<figure class=\"wp-block-image size-large\"><img loading=\"lazy\" decoding=\"async\" width=\"1512\" height=\"1365\" src=\"https:\/\/wordpress.nibis.de\/afsos\/files\/2025\/12\/IMG_2692-2-1-1512x1365.jpg\" alt=\"\" class=\"wp-image-2287\" \/><figcaption class=\"wp-element-caption\">Leon Escher (5b)<\/figcaption><\/figure>\n<\/div>\n<\/div>\n\n\n\n<div class=\"wp-block-columns is-layout-flex wp-container-core-columns-is-layout-abceabcf wp-block-columns-is-layout-flex\">\n<div class=\"wp-block-column is-layout-flow wp-block-column-is-layout-flow\">\n<figure class=\"wp-block-image size-large\"><img loading=\"lazy\" decoding=\"async\" width=\"1512\" height=\"1365\" src=\"https:\/\/wordpress.nibis.de\/afsos\/files\/2025\/12\/IMG_2691-2-1512x1365.jpg\" alt=\"\" class=\"wp-image-2285\" \/><figcaption class=\"wp-element-caption\">Selina Diehl (7b)<\/figcaption><\/figure>\n<\/div>\n\n\n\n<div class=\"wp-block-column is-layout-flow wp-block-column-is-layout-flow\">\n<figure class=\"wp-block-image size-large\"><img loading=\"lazy\" decoding=\"async\" width=\"1512\" height=\"1365\" src=\"https:\/\/wordpress.nibis.de\/afsos\/files\/2025\/12\/IMG_2687-1512x1365.jpg\" alt=\"\" class=\"wp-image-2286\" \/><figcaption class=\"wp-element-caption\">Lennard Pottschmidt (9a) <\/figcaption><\/figure>\n<\/div>\n<\/div>\n\n\n\n<p>Zu den Aufgaben der SV geh\u00f6ren folgende Bereiche:<\/p>\n\n\n\n<ul class=\"wp-block-list\">\n<li>Ausstattung und Gestaltung der Schule<\/li>\n\n\n\n<li>Mitgestaltung des Schullebens<\/li>\n\n\n\n<li>Kl\u00e4ren von Problemen und Konflikten<\/li>\n\n\n\n<li>Rechtliche Fragen<\/li>\n\n\n\n<li>Aufbau von Kontakten<\/li>\n\n\n\n<li>Mitwirkung in den Gremien, wie Konferenzen und Schulvorstand<\/li>\n\n\n\n<li>Anregungen f\u00fcr den Unterricht<\/li>\n<\/ul>\n\n\n\n<p>Die SV ist ein wichtiger Baustein der demokratischen Arbeit in unserer Schule.<\/p>\n","protected":false},"excerpt":{"rendered":"<p>Alle demokratisch gew\u00e4hlten Klassensprecherinnen und Stellvertreterinnen der Lerngruppen 5 bis 9 bilden die Sch\u00fclervertretung (SV) unserer Schule. Die SV trifft sich regelm\u00e4\u00dfig einmal pro Woche und w\u00e4hlt aus ihren Reihen das Schulsprecherteam sowie dessen Vertreter*innen. Auch die Teilnehmer*innen der Gesamtkonferenz, der Bereichskonferenzen und des Schulvorstandes geh\u00f6ren zum Schulsprecherteam. Aktuell (Schuljahr 2025\/26) geh\u00f6ren folgende Sch\u00fcler*innen zum Team: Zu den Aufgaben der SV geh\u00f6ren folgende Bereiche: Die SV ist ein wichtiger Baustein der demokratischen Arbeit in unserer Schule.<\/p>\n","protected":false},"author":9194245,"featured_media":0,"parent":0,"menu_order":0,"comment_status":"closed","ping_status":"closed","template":"","meta":{"footnotes":""},"class_list":["post-700","page","type-page","status-publish","hentry"],"_links":{"self":[{"href":"https:\/\/wordpress.nibis.de\/afsos\/wp-json\/wp\/v2\/pages\/700","targetHints":{"allow":["GET"]}}],"collection":[{"href":"https:\/\/wordpress.nibis.de\/afsos\/wp-json\/wp\/v2\/pages"}],"about":[{"href":"https:\/\/wordpress.nibis.de\/afsos\/wp-json\/wp\/v2\/types\/page"}],"author":[{"embeddable":true,"href":"https:\/\/wordpress.nibis.de\/afsos\/wp-json\/wp\/v2\/users\/9194245"}],"replies":[{"embeddable":true,"href":"https:\/\/wordpress.nibis.de\/afsos\/wp-json\/wp\/v2\/comments?post=700"}],"version-history":[{"count":11,"href":"https:\/\/wordpress.nibis.de\/afsos\/wp-json\/wp\/v2\/pages\/700\/revisions"}],"predecessor-version":[{"id":2291,"href":"https:\/\/wordpress.nibis.de\/afsos\/wp-json\/wp\/v2\/pages\/700\/revisions\/2291"}],"wp:attachment":[{"href":"https:\/\/wordpress.nibis.de\/afsos\/wp-json\/wp\/v2\/media?parent=700"}],"curies":[{"name":"wp","href":"https:\/\/api.w.org\/{rel}","templated":true}]}}

Unsere Schülervertretung (SV)

<p>Alle demokratisch gewählten Klassensprecherinnen und Stellvertreterinnen der Lerngruppen 5 bis 9 bilden die Schülervertretung (SV) unserer Schule.</p>



<p>Die SV trifft sich regelmäßig einmal pro Woche und wählt aus ihren Reihen das Schulsprecherteam sowie dessen Vertreter*innen.</p>



<p>Auch die Teilnehmer*innen der Gesamtkonferenz, der Bereichskonferenzen und des Schulvorstandes gehören zum Schulsprecherteam.</p>



<p>Aktuell (Schuljahr 2025/26) gehören folgende Schüler*innen zum Team: </p>



<div class="wp-block-columns is-layout-flex wp-container-core-columns-is-layout-abceabcf wp-block-columns-is-layout-flex">
<div class="wp-block-column is-layout-flow wp-block-column-is-layout-flow">
<figure class="wp-block-image size-large"><img loading="lazy" decoding="async" width="1512" height="1365" src="https://wordpress.nibis.de/afsos/files/2025/12/IMG_2697-2-1512x1365.jpg" alt="" class="wp-image-2280" /><figcaption class="wp-element-caption">Ceylan Ismailoski (9b)</figcaption></figure>
</div>



<div class="wp-block-column is-layout-flow wp-block-column-is-layout-flow">
<figure class="wp-block-image size-large"><img loading="lazy" decoding="async" width="1512" height="1365" src="https://wordpress.nibis.de/afsos/files/2025/12/IMG_2980-1512x1365.jpg" alt="" class="wp-image-2282" /><figcaption class="wp-element-caption">Simon Wardin (7b)</figcaption></figure>
</div>
</div>



<div class="wp-block-columns is-layout-flex wp-container-core-columns-is-layout-abceabcf wp-block-columns-is-layout-flex">
<div class="wp-block-column is-layout-flow wp-block-column-is-layout-flow">
<figure class="wp-block-image size-large"><img loading="lazy" decoding="async" width="1512" height="1365" src="https://wordpress.nibis.de/afsos/files/2025/12/IMG_2689-2-1512x1365.jpg" alt="" class="wp-image-2283" /><figcaption class="wp-element-caption">Max Bremerkamp (8a)</figcaption></figure>
</div>



<div class="wp-block-column is-layout-flow wp-block-column-is-layout-flow">
<figure class="wp-block-image size-large"><img loading="lazy" decoding="async" width="1512" height="1365" src="https://wordpress.nibis.de/afsos/files/2025/12/IMG_2692-2-1-1512x1365.jpg" alt="" class="wp-image-2287" /><figcaption class="wp-element-caption">Leon Escher (5b)</figcaption></figure>
</div>
</div>



<div class="wp-block-columns is-layout-flex wp-container-core-columns-is-layout-abceabcf wp-block-columns-is-layout-flex">
<div class="wp-block-column is-layout-flow wp-block-column-is-layout-flow">
<figure class="wp-block-image size-large"><img loading="lazy" decoding="async" width="1512" height="1365" src="https://wordpress.nibis.de/afsos/files/2025/12/IMG_2691-2-1512x1365.jpg" alt="" class="wp-image-2285" /><figcaption class="wp-element-caption">Selina Diehl (7b)</figcaption></figure>
</div>



<div class="wp-block-column is-layout-flow wp-block-column-is-layout-flow">
<figure class="wp-block-image size-large"><img loading="lazy" decoding="async" width="1512" height="1365" src="https://wordpress.nibis.de/afsos/files/2025/12/IMG_2687-1512x1365.jpg" alt="" class="wp-image-2286" /><figcaption class="wp-element-caption">Lennard Pottschmidt (9a) </figcaption></figure>
</div>
</div>



<p>Zu den Aufgaben der SV gehören folgende Bereiche:</p>



<ul class="wp-block-list">
<li>Ausstattung und Gestaltung der Schule</li>



<li>Mitgestaltung des Schullebens</li>



<li>Klären von Problemen und Konflikten</li>



<li>Rechtliche Fragen</li>



<li>Aufbau von Kontakten</li>



<li>Mitwirkung in den Gremien, wie Konferenzen und Schulvorstand</li>



<li>Anregungen für den Unterricht</li>
</ul>



<p>Die SV ist ein wichtiger Baustein der demokratischen Arbeit in unserer Schule.</p>

<p>Alle demokratisch gewählten Klassensprecherinnen und Stellvertreterinnen der Lerngruppen 5 bis 9 bilden die Schülervertretung (SV) unserer Schule. Die SV trifft sich regelmäßig einmal pro Woche und wählt aus ihren Reihen das Schulsprecherteam sowie dessen Vertreter*innen. Auch die Teilnehmer*innen der Gesamtkonferenz, der Bereichskonferenzen und des Schulvorstandes gehören zum Schulsprecherteam. Aktuell (Schuljahr 2025/26) gehören folgende Schüler*innen zum Team: Zu den Aufgaben der SV gehören folgende Bereiche: Die SV ist ein wichtiger Baustein der demokratischen Arbeit in unserer Schule.</p>
