{"id":88,"date":"2023-08-10T17:27:25","date_gmt":"2023-08-10T15:27:25","guid":{"rendered":"https:\/\/wordpress.nibis.de\/afsos\/?page_id=88"},"modified":"2024-10-25T12:49:50","modified_gmt":"2024-10-25T10:49:50","slug":"ueber-uns","status":"publish","type":"page","link":"https:\/\/wordpress.nibis.de\/afsos\/ueber-uns\/","title":{"rendered":"\u00dcber Uns"},"content":{"rendered":"\n<p>Die Anne-Frank-Schule ist eine \u00fcberregionale F\u00f6rderschule (Stadt und Landkreis Osnabr\u00fcck) f\u00fcr Sch\u00fclerinnen und Sch\u00fcler mit wesentlichem sonderp\u00e4dagogischen F\u00f6rderbedarf im Schwerpunkt der k\u00f6rperlichen und motorischen Entwicklung.<\/p>\n\n\n\n<p>Wie alle Kinder und Jugendlichen haben auch unsere Sch\u00fclerinnen und Sch\u00fcler der Schule \u2013 unabh\u00e4ngig von Art und Schwere ihrer jeweiligen Behinderung \u2013 \u201edas Recht auf eine ihren pers\u00f6nlichen M\u00f6glichkeiten entsprechende schulische Bildung und Erziehung\u201c [1].<\/p>\n\n\n\n<p><br>Die F\u00f6rderschule f\u00fcr K\u00f6rperliche und Motorische Entwicklung orientiert sich in ihrer Arbeit an den Erziehungszielen der allgemeinen Schulen; \u201edar\u00fcber hinaus hat sie eigenst\u00e4ndige Bildungsaufgaben zu erf\u00fcllen, die sich aus der Lebenswirklichkeit und dem zuk\u00fcnftigen Leben der Kinder und Jugendlichen mit k\u00f6rperlichen und motorischen Beeintr\u00e4chtigungen ergeben\u201c[2].<\/p>\n\n\n\n<p>\u201eSonderp\u00e4dagogische F\u00f6rderung soll somit &#8230; zu einer verantwortlichen Gestaltung des erschwerten Lebens und zur Wahrnehmung von Rechten und Pflichten in der Gesellschaft bef\u00e4higen\u201c[3].<\/p>\n\n\n\n<p><span style=\"color:#cf2e2e\" class=\"tadv-color\"><strong>Wir sind zust\u00e4ndig f\u00fcr:<\/strong><\/span><\/p>\n\n\n\n<p>&#8211; die Unterrichtung und Erziehung von Sch\u00fclerinnen &nbsp;&nbsp;und&nbsp;Sch\u00fclern in unserer Schule;<\/p>\n\n\n\n<p>&#8211; die Unterst\u00fctzung zielgleicher Integration durch &nbsp;&nbsp;Mobile Dienste in den allgemeinen Schulen;<\/p>\n\n\n\n<p>&#8211;&nbsp;Beratung in den allgemeinen Schulen (Eltern, &nbsp;&nbsp;Lehrkr\u00e4fte, Sch\u00fclerinnen und Sch\u00fcler).<\/p>\n\n\n\n<p>In der Anne-Frank-Schule selbst werden z.Zt. 241 Sch\u00fclerinnen und Sch\u00fcler unterrichtet. Die Schule hat 27 Lerngruppen (Stand August 2023).<\/p>\n\n\n\n<p>Die Sch\u00fclerinnen und Sch\u00fcler werden in Lerngruppen von ca. 8 &#8211; 12 Kindern unterrichtet. <\/p>\n\n\n\n<p>Am Ende der Schulzeit (in der Regel nach der neunten Klasse) kann ein Abschluss der F\u00f6rderschule Schwerpunkt Lernen oder der Hauptschule erreicht werden.<\/p>\n\n\n\n<p>Die Schule ist als <a href=\"https:\/\/wordpress.nibis.de\/afsos\/375-2\/\" target=\"_blank\" rel=\"noreferrer noopener\">Ganztagsschule<\/a> konzipiert. Der Unterricht beginnt um 8:00 Uhr und endet um 15:10 Uhr[4]. Die Sch\u00fcler k\u00f6nnen am gemeinsamen Schulessen teilnehmen.<\/p>\n\n\n\n<p>Parallel zum Unterricht gibt es verschiedene <a href=\"https:\/\/wordpress.nibis.de\/afsos\/therapie\/\">therapeutische<\/a> Angebote: <a href=\"https:\/\/afs-os.de\/index.php\/component\/content\/?id=52&amp;Itemid=69\">Physiotherapie<\/a>, Logop\u00e4die und  <a href=\"https:\/\/wordpress.nibis.de\/afsos\/ergotherapie\/\">Ergotherapie.<\/a><\/p>\n\n\n\n<hr class=\"wp-block-separator\" \/>\n\n\n\n<p>[1] Empfehlungen der KMK zum F\u00f6rderschwerpunkt k\u00f6rperliche und motorische Entwicklung vom 20.03.1998 Abs. 1.1.<\/p>\n\n\n\n<p>[2] ebenda<\/p>\n\n\n\n<p>[3] ebenda<\/p>\n\n\n\n<p>[4] am Freitag um 11:35 Uhr<\/p>\n","protected":false},"excerpt":{"rendered":"<p>Die Anne-Frank-Schule ist eine \u00fcberregionale F\u00f6rderschule (Stadt und Landkreis Osnabr\u00fcck) f\u00fcr Sch\u00fclerinnen und Sch\u00fcler mit wesentlichem sonderp\u00e4dagogischen F\u00f6rderbedarf im Schwerpunkt der k\u00f6rperlichen und motorischen Entwicklung. Wie alle Kinder und Jugendlichen haben auch unsere Sch\u00fclerinnen und Sch\u00fcler der Schule \u2013 unabh\u00e4ngig von Art und Schwere ihrer jeweiligen Behinderung \u2013 \u201edas Recht auf eine ihren pers\u00f6nlichen M\u00f6glichkeiten entsprechende schulische Bildung und Erziehung\u201c [1]. Die F\u00f6rderschule f\u00fcr K\u00f6rperliche und Motorische Entwicklung orientiert sich in ihrer Arbeit an den Erziehungszielen der allgemeinen Schulen; \u201edar\u00fcber&#8230;<\/p>\n<p class=\"read-more\"><a class=\"btn btn-default\" href=\"https:\/\/wordpress.nibis.de\/afsos\/ueber-uns\/\">Weiterlesen<span class=\"screen-reader-text\"> Weiterlesen<\/span><\/a><\/p>\n","protected":false},"author":9194233,"featured_media":0,"parent":0,"menu_order":0,"comment_status":"closed","ping_status":"closed","template":"","meta":{"footnotes":""},"class_list":["post-88","page","type-page","status-publish","hentry"],"_links":{"self":[{"href":"https:\/\/wordpress.nibis.de\/afsos\/wp-json\/wp\/v2\/pages\/88","targetHints":{"allow":["GET"]}}],"collection":[{"href":"https:\/\/wordpress.nibis.de\/afsos\/wp-json\/wp\/v2\/pages"}],"about":[{"href":"https:\/\/wordpress.nibis.de\/afsos\/wp-json\/wp\/v2\/types\/page"}],"author":[{"embeddable":true,"href":"https:\/\/wordpress.nibis.de\/afsos\/wp-json\/wp\/v2\/users\/9194233"}],"replies":[{"embeddable":true,"href":"https:\/\/wordpress.nibis.de\/afsos\/wp-json\/wp\/v2\/comments?post=88"}],"version-history":[{"count":5,"href":"https:\/\/wordpress.nibis.de\/afsos\/wp-json\/wp\/v2\/pages\/88\/revisions"}],"predecessor-version":[{"id":1407,"href":"https:\/\/wordpress.nibis.de\/afsos\/wp-json\/wp\/v2\/pages\/88\/revisions\/1407"}],"wp:attachment":[{"href":"https:\/\/wordpress.nibis.de\/afsos\/wp-json\/wp\/v2\/media?parent=88"}],"curies":[{"name":"wp","href":"https:\/\/api.w.org\/{rel}","templated":true}]}}