{"id":336,"date":"2017-02-15T12:42:56","date_gmt":"2017-02-15T11:42:56","guid":{"rendered":"http:\/\/wordpress.nibis.de\/ansgari\/?page_id=336"},"modified":"2017-03-24T09:55:09","modified_gmt":"2017-03-24T08:55:09","slug":"betreuung","status":"publish","type":"page","link":"https:\/\/wordpress.nibis.de\/ansgari\/betreuung\/","title":{"rendered":"Betreuung &#8211; Allgemeines"},"content":{"rendered":"<p>Die Ansgarischule verf\u00fcgt \u00fcber ein umfangreiches Betreuungsangebot.<\/p>\n<table style=\"width: 584px\">\n<tbody>\n<tr>\n<td style=\"width: 150px\">07.40 &#8211; 08.05 Uhr<\/td>\n<td style=\"width: 414px\">Fr\u00fchbetreuung<\/td>\n<\/tr>\n<tr>\n<td style=\"width: 150px\">11.30 &#8211; 12.30 Uhr<\/td>\n<td style=\"width: 414px\">Betreuung 1<\/td>\n<\/tr>\n<tr>\n<td style=\"width: 150px\">12.30 &#8211; 13.15 Uhr<\/td>\n<td style=\"width: 414px\">Betreuung 2<\/td>\n<\/tr>\n<tr>\n<td style=\"width: 150px\">anschl.: Ganztag<\/td>\n<td style=\"width: 414px\"><\/td>\n<\/tr>\n<\/tbody>\n<\/table>\n<p>Die Betreuung wird von vielen Kindern unserer Schule gern in Anspruch genommen. An manchen Tagen sind es sogar \u00fcber 100 Sch\u00fclerinnen und Sch\u00fcler, die das Angebot nutzen. Unterschiedliche Betreuungszeiten vieler Kinder\u00a0an verschiedenen Tagen erfordern von den p\u00e4dagogischen Mitarbeitern ein hohes Ma\u00df an Engagement und Flexibilit\u00e4t.\u00a0Deshalb sollte es f\u00fcr Sie, liebe Eltern, <span style=\"color: #ff0000\">selbstverst\u00e4ndlich<\/span> sein, dass eine Anmeldung zur Betreuung verbindlich ist und eine\u00a0\u00c4nderung nur bei sehr wichtigen Anl\u00e4ssen (z.B. unaufschiebbarer Arztbesuch) gestattet ist.<\/p>\n<p>&nbsp;<\/p>\n","protected":false},"excerpt":{"rendered":"<p>Die Ansgarischule verf\u00fcgt \u00fcber ein umfangreiches Betreuungsangebot. 07.40 &#8211; 08.05 Uhr Fr\u00fchbetreuung 11.30 &#8211; 12.30 Uhr Betreuung 1 12.30 &#8211; 13.15 Uhr Betreuung 2 anschl.: Ganztag Die Betreuung wird von vielen Kindern unserer Schule gern in Anspruch genommen. An manchen &hellip; <a href=\"https:\/\/wordpress.nibis.de\/ansgari\/betreuung\/\">Weiterlesen <span class=\"meta-nav\">&rarr;<\/span><\/a><\/p>\n","protected":false},"author":1301,"featured_media":0,"parent":0,"menu_order":0,"comment_status":"closed","ping_status":"closed","template":"","meta":{"footnotes":""},"class_list":["post-336","page","type-page","status-publish","hentry"],"_links":{"self":[{"href":"https:\/\/wordpress.nibis.de\/ansgari\/wp-json\/wp\/v2\/pages\/336","targetHints":{"allow":["GET"]}}],"collection":[{"href":"https:\/\/wordpress.nibis.de\/ansgari\/wp-json\/wp\/v2\/pages"}],"about":[{"href":"https:\/\/wordpress.nibis.de\/ansgari\/wp-json\/wp\/v2\/types\/page"}],"author":[{"embeddable":true,"href":"https:\/\/wordpress.nibis.de\/ansgari\/wp-json\/wp\/v2\/users\/1301"}],"replies":[{"embeddable":true,"href":"https:\/\/wordpress.nibis.de\/ansgari\/wp-json\/wp\/v2\/comments?post=336"}],"version-history":[{"count":2,"href":"https:\/\/wordpress.nibis.de\/ansgari\/wp-json\/wp\/v2\/pages\/336\/revisions"}],"predecessor-version":[{"id":496,"href":"https:\/\/wordpress.nibis.de\/ansgari\/wp-json\/wp\/v2\/pages\/336\/revisions\/496"}],"wp:attachment":[{"href":"https:\/\/wordpress.nibis.de\/ansgari\/wp-json\/wp\/v2\/media?parent=336"}],"curies":[{"name":"wp","href":"https:\/\/api.w.org\/{rel}","templated":true}]}}