{"id":140,"date":"2023-10-17T21:14:52","date_gmt":"2023-10-17T19:14:52","guid":{"rendered":"https:\/\/wordpress.nibis.de\/ass-go\/?page_id=140"},"modified":"2026-04-08T15:18:13","modified_gmt":"2026-04-08T13:18:13","slug":"darauf-sind-wir-stolz-2","status":"publish","type":"page","link":"https:\/\/wordpress.nibis.de\/ass-go\/darauf-sind-wir-stolz-2\/","title":{"rendered":"Darauf sind wir stolz"},"content":{"rendered":"\n<p><strong>Demokratie leben<\/strong><\/p>\n\n\n\n<p>Die Klassen des dritten und vierten Jahrgangs treffen sich jede Woche in ihrem Klassenrat und diskutieren \u00fcber Anliegen der Klasse, aber auch der gesamten Schule. So k\u00f6nnen die Kinder hautnah erfahren, wie sie sich aktiv in demokratische Entscheidungen einbringen und ihre Interessen vertreten k\u00f6nnen.<\/p>\n\n\n\n<p class=\"has-text-align-center\"><span style=\"color:#fcb900\" class=\"tadv-color\">_____________________________________<\/span><\/p>\n\n\n\n<p><strong>Wir bewegen uns <\/strong><\/p>\n\n\n\n<p>An der Albert-Schweitzer-Schule legen wir viel Wert auf eine gesunde k\u00f6rperliche Entwicklung. Hierzu geh\u00f6rt ein ansprechendes und umfangreiches Bewegungsprogramm. Deshalb erhielten wir den Titel \u201e<strong>Sportfreundliche Schule\u201c. <\/strong><\/p>\n\n\n<div class=\"wp-block-image\">\n<figure class=\"aligncenter size-full is-resized\"><img loading=\"lazy\" decoding=\"async\" width=\"945\" height=\"945\" src=\"https:\/\/wordpress.nibis.de\/ass-go\/files\/2026\/04\/IMG_1999.png\" alt=\"\" class=\"wp-image-2513\" style=\"width:466px;height:auto\" srcset=\"https:\/\/wordpress.nibis.de\/ass-go\/files\/2026\/04\/IMG_1999.png 945w, https:\/\/wordpress.nibis.de\/ass-go\/files\/2026\/04\/IMG_1999-300x300.png 300w, https:\/\/wordpress.nibis.de\/ass-go\/files\/2026\/04\/IMG_1999-150x150.png 150w, https:\/\/wordpress.nibis.de\/ass-go\/files\/2026\/04\/IMG_1999-768x768.png 768w, https:\/\/wordpress.nibis.de\/ass-go\/files\/2026\/04\/IMG_1999-100x100.png 100w\" sizes=\"auto, (max-width: 945px) 100vw, 945px\" \/><\/figure>\n<\/div>\n\n\n<figure class=\"wp-block-gallery has-nested-images columns-default is-style-tw-img-frame tw-cols-small wp-block-gallery-1 is-layout-flex wp-block-gallery-is-layout-flex\">\n<figure class=\"wp-block-image size-large is-style-rounded\"><img loading=\"lazy\" decoding=\"async\" width=\"1024\" height=\"768\" data-id=\"388\" src=\"https:\/\/wordpress.nibis.de\/ass-go\/files\/2023\/10\/IMG_0401-1024x768.jpeg\" alt=\"\" class=\"wp-image-388\" srcset=\"https:\/\/wordpress.nibis.de\/ass-go\/files\/2023\/10\/IMG_0401-1024x768.jpeg 1024w, https:\/\/wordpress.nibis.de\/ass-go\/files\/2023\/10\/IMG_0401-300x225.jpeg 300w, https:\/\/wordpress.nibis.de\/ass-go\/files\/2023\/10\/IMG_0401-768x576.jpeg 768w, https:\/\/wordpress.nibis.de\/ass-go\/files\/2023\/10\/IMG_0401-1536x1152.jpeg 1536w, https:\/\/wordpress.nibis.de\/ass-go\/files\/2023\/10\/IMG_0401-2048x1536.jpeg 2048w\" sizes=\"auto, (max-width: 1024px) 100vw, 1024px\" \/><figcaption class=\"wp-element-caption\">Unsere Sporthalle<\/figcaption><\/figure>\n<\/figure>\n\n\n\n<p class=\"has-text-align-center\"><\/p>\n\n\n\n<p>J\u00e4hrlich finden bei uns verschiedene Angebote statt: Jeden Sommer nehmen alle Kinder der Schule an einem Sport- und Spielefest bzw. an den Bundesjugendspielen in den vier Bereichen der Leichtathletik teil. Im vierten Jahrgang erhalten die Kinder Schwimmunterricht und k\u00f6nnen Schwimmpr\u00fcfungen vom Seepferdchen bis hin zum Silberabzeichen absolvieren und ihre Schwimmf\u00e4higkeiten weiter ausbauen und diese im Nieders\u00e4chsischen Schulschwimmpass dokumentieren lassen. <\/p>\n\n\n\n<p>In Zusammenarbeit mit der Deutschen Herzstiftung bieten wir regelm\u00e4\u00dfig die Teilnahme am Skipping Hearts Projekt an. <a href=\"https:\/\/www.skippinghearts.de\/\" data-type=\"URL\" data-id=\"https:\/\/www.skippinghearts.de\/\">https:\/\/www.skippinghearts.de\/<\/a> <\/p>\n\n\n\n<p>Im Ganztag wird durch eine\/n FSJlerIn des Handballvereins Training angeboten. Es stehen den Kindern zus\u00e4tzlich vielseitige Bewegungsangebote zur Verf\u00fcgung. <\/p>\n\n\n\n<p>Bewegung geh\u00f6rt bei uns zum Alltag: Vom Handball-Aktionstag \u00fcber das Stadtradeln bis hin zu abwechslungsreichen Sport-AGs im Ganztag f\u00f6rdern wir Fitness und Teamgeist. Unsere Viertkl\u00e4ssler absolvieren einen Erste-Hilfe-Kurs, die gesamte Schule nimmt am Resilienztraining teil. So st\u00e4rken wir den K\u00f6rper und den Geist  und wecken die Freude an der Bewegung f\u00fcrs Leben.<\/p>\n\n\n\n<p class=\"has-text-align-center\"><span style=\"color:#fcb900\" class=\"tadv-color\">_____________________________________<\/span><\/p>\n\n\n\n<p><strong>Fit im Lesen <\/strong><\/p>\n\n\n\n<p>Alle Kinder sind eingeladen, unsere Schulb\u00fccherei zu besuchen. Diese \u00f6ffnet mehrmals pro Woche, w\u00e4hrend der Pausenzeit, ihre T\u00fcr und bietet Raum f\u00fcr Neugier und Leselust.<\/p>\n\n\n\n<p>Durch die Unterst\u00fctzung des F\u00f6rdervereins und vieler weiterer Elternspenden k\u00f6nnen wir eine umfangreiche B\u00fccherauswahl anbieten. <\/p>\n\n\n\n<figure class=\"wp-block-gallery has-nested-images columns-default is-cropped wp-block-gallery-2 is-layout-flex wp-block-gallery-is-layout-flex\">\n<figure style=\"--shape: url(#tw-shape-squircle);\" class=\"wp-block-image size-large is-style-rounded\"><img loading=\"lazy\" decoding=\"async\" width=\"1024\" height=\"1024\" data-id=\"385\" src=\"https:\/\/wordpress.nibis.de\/ass-go\/files\/2023\/10\/Image-1-1024x1024.jpeg\" alt=\"\" class=\"wp-image-385\" srcset=\"https:\/\/wordpress.nibis.de\/ass-go\/files\/2023\/10\/Image-1-1024x1024.jpeg 1024w, https:\/\/wordpress.nibis.de\/ass-go\/files\/2023\/10\/Image-1-300x300.jpeg 300w, https:\/\/wordpress.nibis.de\/ass-go\/files\/2023\/10\/Image-1-150x150.jpeg 150w, https:\/\/wordpress.nibis.de\/ass-go\/files\/2023\/10\/Image-1-768x768.jpeg 768w, https:\/\/wordpress.nibis.de\/ass-go\/files\/2023\/10\/Image-1-1536x1536.jpeg 1536w, https:\/\/wordpress.nibis.de\/ass-go\/files\/2023\/10\/Image-1-80x80.jpeg 80w, https:\/\/wordpress.nibis.de\/ass-go\/files\/2023\/10\/Image-1-320x320.jpeg 320w, https:\/\/wordpress.nibis.de\/ass-go\/files\/2023\/10\/Image-1.jpeg 1600w\" sizes=\"auto, (max-width: 1024px) 100vw, 1024px\" \/><figcaption class=\"wp-element-caption\">Unsere Schulb\u00fccherei<\/figcaption><\/figure>\n<\/figure>\n\n\n\n<p class=\"has-text-align-center\"><span style=\"color:#fcb900\" class=\"tadv-color\">_____________________________________<\/span><\/p>\n\n\n\n<p><strong>Gesund und bunt <\/strong><\/p>\n\n\n\n<p>Durch eine t\u00e4gliche, gemeinsame Fr\u00fchst\u00fcckszeit bieten wir dem bewussten und somit gesunden Essen seinen festen Platz in unserem Vormittag. Unterst\u00fctzung findet diese Mahlzeit durch die Gem\u00fcsekiste, die uns jede Woche saisonal verschiedene Obst- und Gem\u00fcsesorten liefert. <em>(N\u00e4here Informationen finden Sie<\/em> <a rel=\"noreferrer noopener\" href=\"https:\/\/www.schulprogramm.niedersachsen.de\/\" target=\"_blank\">hier<\/a>.)<\/p>\n\n\n\n<p>Viermal im Jahr richten abwechselnd die Klassen des dritten und vierten Jahrgangs mit Unterst\u00fctzung der Eltern f\u00fcr die gesamte Sch\u00fclerschaft ein gesundes und gemeinsames Fr\u00fchst\u00fcck her. <\/p>\n\n\n\n<p class=\"has-text-align-center\"><span style=\"color:#fcb900\" class=\"tadv-color\">_____________________________________<\/span><\/p>\n\n\n\n<p><strong>Wir achten auf unsere Umwelt<\/strong><\/p>\n\n\n\n<p>Die Schulgemeinschaft der Albert-Schweitzer-Grundschule bem\u00fcht sich um Nachhaltigkeit. Sowohl das Trennen des M\u00fclls als auch das Sammeln von M\u00fcll aus der Natur liegen uns am  Herzen. Wir nehmen regelm\u00e4\u00dfig am <em>World Cleanup Day <\/em>teil.<\/p>\n\n\n\n<p class=\"has-text-align-center\"><span style=\"color:#fcb900\" class=\"tadv-color\">_____________________________________<\/span><\/p>\n\n\n\n<p><strong>Musik macht Spa\u00df \u2026<\/strong> <\/p>\n\n\n\n<p>&#8230;und schlau. Wir legen viel Wert auf einen bewegten Musikunterricht mit Instrumenten und Gesang. Rhythmusschulung und Stimmbildung werden bei uns gro\u00df geschrieben.<\/p>\n\n\n\n<p><\/p>\n\n\n\n<figure class=\"wp-block-image size-large is-resized is-style-rounded\"><img loading=\"lazy\" decoding=\"async\" width=\"1000\" height=\"1024\" src=\"https:\/\/wordpress.nibis.de\/ass-go\/files\/2023\/10\/FullSizeRender-1000x1024.jpeg\" alt=\"\" class=\"wp-image-392\" style=\"width:720px;height:737px\" srcset=\"https:\/\/wordpress.nibis.de\/ass-go\/files\/2023\/10\/FullSizeRender-1000x1024.jpeg 1000w, https:\/\/wordpress.nibis.de\/ass-go\/files\/2023\/10\/FullSizeRender-293x300.jpeg 293w, https:\/\/wordpress.nibis.de\/ass-go\/files\/2023\/10\/FullSizeRender-768x787.jpeg 768w, https:\/\/wordpress.nibis.de\/ass-go\/files\/2023\/10\/FullSizeRender-1499x1536.jpeg 1499w, https:\/\/wordpress.nibis.de\/ass-go\/files\/2023\/10\/FullSizeRender-1999x2048.jpeg 1999w\" sizes=\"auto, (max-width: 1000px) 100vw, 1000px\" \/><figcaption class=\"wp-element-caption\">Trommelprojekt<\/figcaption><\/figure>\n\n\n\n<p>Mit viel Freude und mitrei\u00dfenden Liedern verabschieden sich alle Kinder am Tag vor den Ferien voneinander. Diese Tradition schafft Gemeinschaft und f\u00f6rdert die Freude an der Musik.<\/p>\n","protected":false},"excerpt":{"rendered":"<p>Demokratie leben Die Klassen des dritten und vierten Jahrgangs treffen sich jede Woche in ihrem Klassenrat und diskutieren \u00fcber Anliegen der Klasse, aber auch der gesamten Schule. So k\u00f6nnen die Kinder hautnah erfahren, wie sie sich aktiv in demokratische Entscheidungen einbringen und ihre Interessen vertreten k\u00f6nnen. _____________________________________ Wir bewegen uns An der Albert-Schweitzer-Schule legen wir &hellip; <a href=\"https:\/\/wordpress.nibis.de\/ass-go\/darauf-sind-wir-stolz-2\/\" class=\"more-link\"><span class=\"screen-reader-text\">Darauf sind wir stolz<\/span> weiterlesen<\/a><\/p>\n","protected":false},"author":9194276,"featured_media":0,"parent":0,"menu_order":0,"comment_status":"closed","ping_status":"closed","template":"","meta":{"footnotes":""},"class_list":["post-140","page","type-page","status-publish","hentry"],"_links":{"self":[{"href":"https:\/\/wordpress.nibis.de\/ass-go\/wp-json\/wp\/v2\/pages\/140","targetHints":{"allow":["GET"]}}],"collection":[{"href":"https:\/\/wordpress.nibis.de\/ass-go\/wp-json\/wp\/v2\/pages"}],"about":[{"href":"https:\/\/wordpress.nibis.de\/ass-go\/wp-json\/wp\/v2\/types\/page"}],"author":[{"embeddable":true,"href":"https:\/\/wordpress.nibis.de\/ass-go\/wp-json\/wp\/v2\/users\/9194276"}],"replies":[{"embeddable":true,"href":"https:\/\/wordpress.nibis.de\/ass-go\/wp-json\/wp\/v2\/comments?post=140"}],"version-history":[{"count":30,"href":"https:\/\/wordpress.nibis.de\/ass-go\/wp-json\/wp\/v2\/pages\/140\/revisions"}],"predecessor-version":[{"id":2514,"href":"https:\/\/wordpress.nibis.de\/ass-go\/wp-json\/wp\/v2\/pages\/140\/revisions\/2514"}],"wp:attachment":[{"href":"https:\/\/wordpress.nibis.de\/ass-go\/wp-json\/wp\/v2\/media?parent=140"}],"curies":[{"name":"wp","href":"https:\/\/api.w.org\/{rel}","templated":true}]}}

<p><strong>Demokratie leben</strong></p>



<p>Die Klassen des dritten und vierten Jahrgangs treffen sich jede Woche in ihrem Klassenrat und diskutieren über Anliegen der Klasse, aber auch der gesamten Schule. So können die Kinder hautnah erfahren, wie sie sich aktiv in demokratische Entscheidungen einbringen und ihre Interessen vertreten können.</p>



<p class="has-text-align-center"><span style="color:#fcb900" class="tadv-color">_____________________________________</span></p>



<p><strong>Wir bewegen uns </strong></p>



<p>An der Albert-Schweitzer-Schule legen wir viel Wert auf eine gesunde körperliche Entwicklung. Hierzu gehört ein ansprechendes und umfangreiches Bewegungsprogramm. Deshalb erhielten wir den Titel „<strong>Sportfreundliche Schule“. </strong></p>


<div class="wp-block-image">
<figure class="aligncenter size-full is-resized"><img loading="lazy" decoding="async" width="945" height="945" src="https://wordpress.nibis.de/ass-go/files/2026/04/IMG_1999.png" alt="" class="wp-image-2513" style="width:466px;height:auto" srcset="https://wordpress.nibis.de/ass-go/files/2026/04/IMG_1999.png 945w, https://wordpress.nibis.de/ass-go/files/2026/04/IMG_1999-300x300.png 300w, https://wordpress.nibis.de/ass-go/files/2026/04/IMG_1999-150x150.png 150w, https://wordpress.nibis.de/ass-go/files/2026/04/IMG_1999-768x768.png 768w, https://wordpress.nibis.de/ass-go/files/2026/04/IMG_1999-100x100.png 100w" sizes="auto, (max-width: 945px) 100vw, 945px" /></figure>
</div>


<figure class="wp-block-gallery has-nested-images columns-default is-style-tw-img-frame tw-cols-small wp-block-gallery-1 is-layout-flex wp-block-gallery-is-layout-flex">
<figure class="wp-block-image size-large is-style-rounded"><img loading="lazy" decoding="async" width="1024" height="768" data-id="388" src="https://wordpress.nibis.de/ass-go/files/2023/10/IMG_0401-1024x768.jpeg" alt="" class="wp-image-388" srcset="https://wordpress.nibis.de/ass-go/files/2023/10/IMG_0401-1024x768.jpeg 1024w, https://wordpress.nibis.de/ass-go/files/2023/10/IMG_0401-300x225.jpeg 300w, https://wordpress.nibis.de/ass-go/files/2023/10/IMG_0401-768x576.jpeg 768w, https://wordpress.nibis.de/ass-go/files/2023/10/IMG_0401-1536x1152.jpeg 1536w, https://wordpress.nibis.de/ass-go/files/2023/10/IMG_0401-2048x1536.jpeg 2048w" sizes="auto, (max-width: 1024px) 100vw, 1024px" /><figcaption class="wp-element-caption">Unsere Sporthalle</figcaption></figure>
</figure>



<p class="has-text-align-center"></p>



<p>Jährlich finden bei uns verschiedene Angebote statt: Jeden Sommer nehmen alle Kinder der Schule an einem Sport- und Spielefest bzw. an den Bundesjugendspielen in den vier Bereichen der Leichtathletik teil. Im vierten Jahrgang erhalten die Kinder Schwimmunterricht und können Schwimmprüfungen vom Seepferdchen bis hin zum Silberabzeichen absolvieren und ihre Schwimmfähigkeiten weiter ausbauen und diese im Niedersächsischen Schulschwimmpass dokumentieren lassen. </p>



<p>In Zusammenarbeit mit der Deutschen Herzstiftung bieten wir regelmäßig die Teilnahme am Skipping Hearts Projekt an. <a href="https://www.skippinghearts.de/" data-type="URL" data-id="https://www.skippinghearts.de/">https://www.skippinghearts.de/</a> </p>



<p>Im Ganztag wird durch eine/n FSJlerIn des Handballvereins Training angeboten. Es stehen den Kindern zusätzlich vielseitige Bewegungsangebote zur Verfügung. </p>



<p>Bewegung gehört bei uns zum Alltag: Vom Handball-Aktionstag über das Stadtradeln bis hin zu abwechslungsreichen Sport-AGs im Ganztag fördern wir Fitness und Teamgeist. Unsere Viertklässler absolvieren einen Erste-Hilfe-Kurs, die gesamte Schule nimmt am Resilienztraining teil. So stärken wir den Körper und den Geist  und wecken die Freude an der Bewegung fürs Leben.</p>



<p class="has-text-align-center"><span style="color:#fcb900" class="tadv-color">_____________________________________</span></p>



<p><strong>Fit im Lesen </strong></p>



<p>Alle Kinder sind eingeladen, unsere Schulbücherei zu besuchen. Diese öffnet mehrmals pro Woche, während der Pausenzeit, ihre Tür und bietet Raum für Neugier und Leselust.</p>



<p>Durch die Unterstützung des Fördervereins und vieler weiterer Elternspenden können wir eine umfangreiche Bücherauswahl anbieten. </p>



<figure class="wp-block-gallery has-nested-images columns-default is-cropped wp-block-gallery-2 is-layout-flex wp-block-gallery-is-layout-flex">
<figure style="--shape: url(#tw-shape-squircle);" class="wp-block-image size-large is-style-rounded"><img loading="lazy" decoding="async" width="1024" height="1024" data-id="385" src="https://wordpress.nibis.de/ass-go/files/2023/10/Image-1-1024x1024.jpeg" alt="" class="wp-image-385" srcset="https://wordpress.nibis.de/ass-go/files/2023/10/Image-1-1024x1024.jpeg 1024w, https://wordpress.nibis.de/ass-go/files/2023/10/Image-1-300x300.jpeg 300w, https://wordpress.nibis.de/ass-go/files/2023/10/Image-1-150x150.jpeg 150w, https://wordpress.nibis.de/ass-go/files/2023/10/Image-1-768x768.jpeg 768w, https://wordpress.nibis.de/ass-go/files/2023/10/Image-1-1536x1536.jpeg 1536w, https://wordpress.nibis.de/ass-go/files/2023/10/Image-1-80x80.jpeg 80w, https://wordpress.nibis.de/ass-go/files/2023/10/Image-1-320x320.jpeg 320w, https://wordpress.nibis.de/ass-go/files/2023/10/Image-1.jpeg 1600w" sizes="auto, (max-width: 1024px) 100vw, 1024px" /><figcaption class="wp-element-caption">Unsere Schulbücherei</figcaption></figure>
</figure>



<p class="has-text-align-center"><span style="color:#fcb900" class="tadv-color">_____________________________________</span></p>



<p><strong>Gesund und bunt </strong></p>



<p>Durch eine tägliche, gemeinsame Frühstückszeit bieten wir dem bewussten und somit gesunden Essen seinen festen Platz in unserem Vormittag. Unterstützung findet diese Mahlzeit durch die Gemüsekiste, die uns jede Woche saisonal verschiedene Obst- und Gemüsesorten liefert. <em>(Nähere Informationen finden Sie</em> <a rel="noreferrer noopener" href="https://www.schulprogramm.niedersachsen.de/" target="_blank">hier</a>.)</p>



<p>Viermal im Jahr richten abwechselnd die Klassen des dritten und vierten Jahrgangs mit Unterstützung der Eltern für die gesamte Schülerschaft ein gesundes und gemeinsames Frühstück her. </p>



<p class="has-text-align-center"><span style="color:#fcb900" class="tadv-color">_____________________________________</span></p>



<p><strong>Wir achten auf unsere Umwelt</strong></p>



<p>Die Schulgemeinschaft der Albert-Schweitzer-Grundschule bemüht sich um Nachhaltigkeit. Sowohl das Trennen des Mülls als auch das Sammeln von Müll aus der Natur liegen uns am  Herzen. Wir nehmen regelmäßig am <em>World Cleanup Day </em>teil.</p>



<p class="has-text-align-center"><span style="color:#fcb900" class="tadv-color">_____________________________________</span></p>



<p><strong>Musik macht Spaß …</strong> </p>



<p>&#8230;und schlau. Wir legen viel Wert auf einen bewegten Musikunterricht mit Instrumenten und Gesang. Rhythmusschulung und Stimmbildung werden bei uns groß geschrieben.</p>



<p></p>



<figure class="wp-block-image size-large is-resized is-style-rounded"><img loading="lazy" decoding="async" width="1000" height="1024" src="https://wordpress.nibis.de/ass-go/files/2023/10/FullSizeRender-1000x1024.jpeg" alt="" class="wp-image-392" style="width:720px;height:737px" srcset="https://wordpress.nibis.de/ass-go/files/2023/10/FullSizeRender-1000x1024.jpeg 1000w, https://wordpress.nibis.de/ass-go/files/2023/10/FullSizeRender-293x300.jpeg 293w, https://wordpress.nibis.de/ass-go/files/2023/10/FullSizeRender-768x787.jpeg 768w, https://wordpress.nibis.de/ass-go/files/2023/10/FullSizeRender-1499x1536.jpeg 1499w, https://wordpress.nibis.de/ass-go/files/2023/10/FullSizeRender-1999x2048.jpeg 1999w" sizes="auto, (max-width: 1000px) 100vw, 1000px" /><figcaption class="wp-element-caption">Trommelprojekt</figcaption></figure>



<p>Mit viel Freude und mitreißenden Liedern verabschieden sich alle Kinder am Tag vor den Ferien voneinander. Diese Tradition schafft Gemeinschaft und fördert die Freude an der Musik.</p>

<p>Demokratie leben Die Klassen des dritten und vierten Jahrgangs treffen sich jede Woche in ihrem Klassenrat und diskutieren über Anliegen der Klasse, aber auch der gesamten Schule. So können die Kinder hautnah erfahren, wie sie sich aktiv in demokratische Entscheidungen einbringen und ihre Interessen vertreten können. _____________________________________ Wir bewegen uns An der Albert-Schweitzer-Schule legen wir &hellip; <a href="https://wordpress.nibis.de/ass-go/darauf-sind-wir-stolz-2/" class="more-link"><span class="screen-reader-text">Darauf sind wir stolz</span> weiterlesen</a></p>
