{"id":1422,"date":"2024-06-12T15:40:58","date_gmt":"2024-06-12T13:40:58","guid":{"rendered":"https:\/\/wordpress.nibis.de\/ass-go\/?page_id=1422"},"modified":"2026-01-21T16:19:52","modified_gmt":"2026-01-21T15:19:52","slug":"schuljahr-2024-2025","status":"publish","type":"page","link":"https:\/\/wordpress.nibis.de\/ass-go\/schuljahr-2024-2025\/","title":{"rendered":"Schuljahr 2024 \/ 2025"},"content":{"rendered":"\n<div class=\"wp-block-columns is-layout-flex wp-container-core-columns-is-layout-abceabcf wp-block-columns-is-layout-flex\">\n<div class=\"wp-block-column is-layout-flow wp-block-column-is-layout-flow\" style=\"--col-width:100%;flex-basis:100%\">\n<figure class=\"wp-block-table alignleft is-style-stripes\" style=\"font-size:20px\"><table><tbody><tr><td><img loading=\"lazy\" decoding=\"async\" width=\"311\" height=\"543\" class=\"wp-image-748\" style=\"width: 20px\" src=\"https:\/\/wordpress.nibis.de\/ass-go\/files\/2023\/11\/ASS_Logo_Entwurf_Blatt_Gruen.png\" alt=\"\" srcset=\"https:\/\/wordpress.nibis.de\/ass-go\/files\/2023\/11\/ASS_Logo_Entwurf_Blatt_Gruen.png 311w, https:\/\/wordpress.nibis.de\/ass-go\/files\/2023\/11\/ASS_Logo_Entwurf_Blatt_Gruen-172x300.png 172w\" sizes=\"auto, (max-width: 311px) 100vw, 311px\" \/>  Schule ist mehr als Unterricht &#8211; los geht es!<\/td><\/tr><\/tbody><\/table><\/figure>\n<\/div>\n<\/div>\n\n\n<ul class=\"wp-block-latest-posts__list is-style-tw-posts-card wp-block-latest-posts\"><li><a class=\"wp-block-latest-posts__post-title\" href=\"https:\/\/wordpress.nibis.de\/ass-go\/20-06-2025-englisch-day-sprache-erleben-kultur-entdecken\/\">20.06.2025 Englisch Day &#8211; Sprache erleben, Kultur entdecken<\/a><\/li>\n<li><a class=\"wp-block-latest-posts__post-title\" href=\"https:\/\/wordpress.nibis.de\/ass-go\/23-06-2025-ehrungen-am-schuljahresende-wir-feiern-besondere-leistungen\/\">23.06.2025 Ehrungen am Schuljahresende: Wir feiern besondere Leistungen<\/a><\/li>\n<li><a class=\"wp-block-latest-posts__post-title\" href=\"https:\/\/wordpress.nibis.de\/ass-go\/23-06-2025-niedersachsen-schwimmt-ein-voller-erfolg\/\">23.06.2025 Niedersachsen schwimmt &#8211; Ein voller Erfolg<\/a><\/li>\n<li><a class=\"wp-block-latest-posts__post-title\" href=\"https:\/\/wordpress.nibis.de\/ass-go\/neue-buecher-fuer-unsere-schulbibliothek-danke-an-den-foerderverein\/\">Neue B\u00fccher f\u00fcr unsere Schulbibliothek &#8211; Danke an den F\u00f6rderverein!<\/a><\/li>\n<li><a class=\"wp-block-latest-posts__post-title\" href=\"https:\/\/wordpress.nibis.de\/ass-go\/%ef%bf%bc-mehr-ruhe-mehr-konzentration-neue-lernbueros-und-laermschutzkopfhoerer-fuer-unsere-klasse\/\">Mehr Ruhe, mehr Konzentration &#8211; Neue Lernb\u00fcros und L\u00e4rmschutzkopfh\u00f6rer f\u00fcr unsere Klassen<\/a><\/li>\n<li><a class=\"wp-block-latest-posts__post-title\" href=\"https:\/\/wordpress.nibis.de\/ass-go\/04-06-2025-bundesjugendspiele-ein-sportlicher-tag-mit-besonderer-unterstuetzung\/\">04.06.2025 Bundesjugendspiele &#8211; Ein sportlicher Tag mit besonderer Unterst\u00fctzung<\/a><\/li>\n<li><a class=\"wp-block-latest-posts__post-title\" href=\"https:\/\/wordpress.nibis.de\/ass-go\/27-05-2025-talentetag-des-kooperationsverbundes-foerderung-besonderer-begabungen\/\">27.05.2025 Talentetag des Kooperationsverbundes \u201eF\u00f6rderung besonderer Begabungen\u201c<\/a><\/li>\n<li><a class=\"wp-block-latest-posts__post-title\" href=\"https:\/\/wordpress.nibis.de\/ass-go\/20-05-2025-hochbeet-ag-gaertnern-mit-herz-und-hand\/\">20.05.2025 Hochbeet-AG \u2013 G\u00e4rtnern mit Herz und Hand<\/a><\/li>\n<li><a class=\"wp-block-latest-posts__post-title\" href=\"https:\/\/wordpress.nibis.de\/ass-go\/15-05-2025-grosser-lesewettbewerb-mitreissende-geschichten-und-starke-vorleserinnen-und-vorleser\/\">15.05.2025 Gro\u00dfer Lesewettbewerb \u2013 mitrei\u00dfende Geschichten und starke Vorleserinnen und Vorleser\u00a0<\/a><\/li>\n<li><a class=\"wp-block-latest-posts__post-title\" href=\"https:\/\/wordpress.nibis.de\/ass-go\/22-04-2025-besuch-vom-osterhasen-ein-froehlicher-start-nach-den-ferien\/\">22.04.2025 Besuch vom Osterhasen \u2013 Ein fr\u00f6hlicher Start nach den Ferien<\/a><\/li>\n<li><a class=\"wp-block-latest-posts__post-title\" href=\"https:\/\/wordpress.nibis.de\/ass-go\/03-04-2025-magische-schattenwelt-die-1b-begeistert-mit-schattentheater\/\">03.04. 2025 Magische Schattenwelt: Die 1b begeistert mit Schattentheater<\/a><\/li>\n<li><a class=\"wp-block-latest-posts__post-title\" href=\"https:\/\/wordpress.nibis.de\/ass-go\/01-04-2025-ein-spannender-ausflug-in-die-geschichte-des-buchdrucks\/\">01.04.2025 Ein spannender Ausflug in die Geschichte des Buchdrucks<\/a><\/li>\n<li><a class=\"wp-block-latest-posts__post-title\" href=\"https:\/\/wordpress.nibis.de\/ass-go\/03-2025-energie-macht-schule-projekttage-an-der-ass\/\">03.2025 \u201eEnergie macht Schule\u201c \u2013 Projekttage an der ASS<\/a><\/li>\n<li><a class=\"wp-block-latest-posts__post-title\" href=\"https:\/\/wordpress.nibis.de\/ass-go\/10-03-2025-lesetueten-fuer-unsere-erstklaessler\/\">10.03.2025 Leset\u00fcten f\u00fcr unsere Erstkl\u00e4ssler<\/a><\/li>\n<li><a class=\"wp-block-latest-posts__post-title\" href=\"https:\/\/wordpress.nibis.de\/ass-go\/28-02-2025-helau-und-alaaf-faschingsspass-in-allen-klassen-%f0%9f%a5%b3\/\">28.02.2025 Helau und Alaaf! Faschingsspa\u00df in allen Klassen \ud83e\udd73<\/a><\/li>\n<li><a class=\"wp-block-latest-posts__post-title\" href=\"https:\/\/wordpress.nibis.de\/ass-go\/21-02-25-buecher-basar\/\">21.02.2025 Unser erster gro\u00dfer B\u00fccherbasar \u2013 ein voller Erfolg!<\/a><\/li>\n<li><a class=\"wp-block-latest-posts__post-title\" href=\"https:\/\/wordpress.nibis.de\/ass-go\/13-02-2025-mathematik-olympiade-an-der-ass\/\">13.02.2025 Mathematik-Olympiade an der ASS<\/a><\/li>\n<li><a class=\"wp-block-latest-posts__post-title\" href=\"https:\/\/wordpress.nibis.de\/ass-go\/unser-hoerspiel-projekt-in-der-forscher-ag\/\">Unser H\u00f6rspiel-Projekt in der Forscher-AG<\/a><\/li>\n<li><a class=\"wp-block-latest-posts__post-title\" href=\"https:\/\/wordpress.nibis.de\/ass-go\/29-01-2025-handballfieber-in-barsinghausen-die-mini-wm-steht-vor-der-tuer\/\">29.01.2025 Handballfieber in Barsinghausen: Die Mini-WM<\/a><\/li>\n<li><a class=\"wp-block-latest-posts__post-title\" href=\"https:\/\/wordpress.nibis.de\/ass-go\/28-01-2025-eine-fesselnde-autorenlesung-mit-christina-wolf\/\">28.01.2025 Eine fesselnde Autorenlesung mit Christina Wolf<\/a><\/li>\n<li><a class=\"wp-block-latest-posts__post-title\" href=\"https:\/\/wordpress.nibis.de\/ass-go\/mathe-olympiade-und-wir-sind-wieder-dabei\/\">Mathe-Olympiade &#8211; und wir sind wieder dabei!<\/a><\/li>\n<li><a class=\"wp-block-latest-posts__post-title\" href=\"https:\/\/wordpress.nibis.de\/ass-go\/09-12-2024-der-sportliche-nikolaus-war-da\/\">09.12.2024 Der sportliche Nikolaus war da!<\/a><\/li>\n<li><a class=\"wp-block-latest-posts__post-title\" href=\"https:\/\/wordpress.nibis.de\/ass-go\/06-12-24-ein-spannender-besuch-bei-der-feuerwehr\/\">06.12.24 Ein spannender Besuch bei der Feuerwehr<\/a><\/li>\n<li><a class=\"wp-block-latest-posts__post-title\" href=\"https:\/\/wordpress.nibis.de\/ass-go\/03-12-2024-advent-advent-ein-lied-erklingt\/\">03.12.2024 Advent, Advent ein Lied erklingt<\/a><\/li>\n<li><a class=\"wp-block-latest-posts__post-title\" href=\"https:\/\/wordpress.nibis.de\/ass-go\/22-11-2024-unsere-orchester-detektive\/\">22.11.2024 Unsere Orchester-Detektive<\/a><\/li>\n<li><a class=\"wp-block-latest-posts__post-title\" href=\"https:\/\/wordpress.nibis.de\/ass-go\/21-11-2014-der-zauberer-von-oz-verzaubert-die-klassen-1-bis-3\/\">21.11.2024 \u201eDer Zauberer von Oz\u201c verzaubert die Klassen 1 bis 3<\/a><\/li>\n<li><a class=\"wp-block-latest-posts__post-title\" href=\"https:\/\/wordpress.nibis.de\/ass-go\/schulwettbewerb-niedersachsen-schwimmt\/\">Schulwettbewerb &#8211; Niedersachsen schwimmt<\/a><\/li>\n<li><a class=\"wp-block-latest-posts__post-title\" href=\"https:\/\/wordpress.nibis.de\/ass-go\/15-11-2024-bundesweiter-vorlesetag-vorlesen-schafft-zukunft\/\">15.11.2024 Bundesweiter Vorlesetag \u201dVorlesen schafft Zukunft\u201d<\/a><\/li>\n<li><a class=\"wp-block-latest-posts__post-title\" href=\"https:\/\/wordpress.nibis.de\/ass-go\/08-11-2024-handball-aktionstag\/\">08.11.2024 Handball-Aktionstag<\/a><\/li>\n<li><a class=\"wp-block-latest-posts__post-title\" href=\"https:\/\/wordpress.nibis.de\/ass-go\/neues-material-fuer-die-begabtenfoerderung\/\">Neues Material f\u00fcr die Begabtenf\u00f6rderung<\/a><\/li>\n<li><a class=\"wp-block-latest-posts__post-title\" href=\"https:\/\/wordpress.nibis.de\/ass-go\/vorlesepausen-in-der-schulbuecherei\/\">Vorlesepausen in der Schulb\u00fccherei<\/a><\/li>\n<li><a class=\"wp-block-latest-posts__post-title\" href=\"https:\/\/wordpress.nibis.de\/ass-go\/2-10-2024-unser-herbstforum\/\">02.10.2024 Unser Herbstforum<\/a><\/li>\n<\/ul>\n\n\n<p><\/p>\n","protected":false},"excerpt":{"rendered":"<p>Schule ist mehr als Unterricht &#8211; los geht es!<\/p>\n","protected":false},"author":9194276,"featured_media":0,"parent":0,"menu_order":0,"comment_status":"closed","ping_status":"closed","template":"","meta":{"footnotes":""},"class_list":["post-1422","page","type-page","status-publish","hentry"],"_links":{"self":[{"href":"https:\/\/wordpress.nibis.de\/ass-go\/wp-json\/wp\/v2\/pages\/1422","targetHints":{"allow":["GET"]}}],"collection":[{"href":"https:\/\/wordpress.nibis.de\/ass-go\/wp-json\/wp\/v2\/pages"}],"about":[{"href":"https:\/\/wordpress.nibis.de\/ass-go\/wp-json\/wp\/v2\/types\/page"}],"author":[{"embeddable":true,"href":"https:\/\/wordpress.nibis.de\/ass-go\/wp-json\/wp\/v2\/users\/9194276"}],"replies":[{"embeddable":true,"href":"https:\/\/wordpress.nibis.de\/ass-go\/wp-json\/wp\/v2\/comments?post=1422"}],"version-history":[{"count":12,"href":"https:\/\/wordpress.nibis.de\/ass-go\/wp-json\/wp\/v2\/pages\/1422\/revisions"}],"predecessor-version":[{"id":2363,"href":"https:\/\/wordpress.nibis.de\/ass-go\/wp-json\/wp\/v2\/pages\/1422\/revisions\/2363"}],"wp:attachment":[{"href":"https:\/\/wordpress.nibis.de\/ass-go\/wp-json\/wp\/v2\/media?parent=1422"}],"curies":[{"name":"wp","href":"https:\/\/api.w.org\/{rel}","templated":true}]}}

<div class="wp-block-columns is-layout-flex wp-container-core-columns-is-layout-abceabcf wp-block-columns-is-layout-flex">
<div class="wp-block-column is-layout-flow wp-block-column-is-layout-flow" style="--col-width:100%;flex-basis:100%">
<figure class="wp-block-table alignleft is-style-stripes" style="font-size:20px"><table><tbody><tr><td><img loading="lazy" decoding="async" width="311" height="543" class="wp-image-748" style="width: 20px" src="https://wordpress.nibis.de/ass-go/files/2023/11/ASS_Logo_Entwurf_Blatt_Gruen.png" alt="" srcset="https://wordpress.nibis.de/ass-go/files/2023/11/ASS_Logo_Entwurf_Blatt_Gruen.png 311w, https://wordpress.nibis.de/ass-go/files/2023/11/ASS_Logo_Entwurf_Blatt_Gruen-172x300.png 172w" sizes="auto, (max-width: 311px) 100vw, 311px" />  Schule ist mehr als Unterricht &#8211; los geht es!</td></tr></tbody></table></figure>
</div>
</div>


<ul class="wp-block-latest-posts__list is-style-tw-posts-card wp-block-latest-posts"><li><a class="wp-block-latest-posts__post-title" href="https://wordpress.nibis.de/ass-go/20-06-2025-englisch-day-sprache-erleben-kultur-entdecken/">20.06.2025 Englisch Day &#8211; Sprache erleben, Kultur entdecken</a></li>
<li><a class="wp-block-latest-posts__post-title" href="https://wordpress.nibis.de/ass-go/23-06-2025-ehrungen-am-schuljahresende-wir-feiern-besondere-leistungen/">23.06.2025 Ehrungen am Schuljahresende: Wir feiern besondere Leistungen</a></li>
<li><a class="wp-block-latest-posts__post-title" href="https://wordpress.nibis.de/ass-go/23-06-2025-niedersachsen-schwimmt-ein-voller-erfolg/">23.06.2025 Niedersachsen schwimmt &#8211; Ein voller Erfolg</a></li>
<li><a class="wp-block-latest-posts__post-title" href="https://wordpress.nibis.de/ass-go/neue-buecher-fuer-unsere-schulbibliothek-danke-an-den-foerderverein/">Neue Bücher für unsere Schulbibliothek &#8211; Danke an den Förderverein!</a></li>
<li><a class="wp-block-latest-posts__post-title" href="https://wordpress.nibis.de/ass-go/%ef%bf%bc-mehr-ruhe-mehr-konzentration-neue-lernbueros-und-laermschutzkopfhoerer-fuer-unsere-klasse/">Mehr Ruhe, mehr Konzentration &#8211; Neue Lernbüros und Lärmschutzkopfhörer für unsere Klassen</a></li>
<li><a class="wp-block-latest-posts__post-title" href="https://wordpress.nibis.de/ass-go/04-06-2025-bundesjugendspiele-ein-sportlicher-tag-mit-besonderer-unterstuetzung/">04.06.2025 Bundesjugendspiele &#8211; Ein sportlicher Tag mit besonderer Unterstützung</a></li>
<li><a class="wp-block-latest-posts__post-title" href="https://wordpress.nibis.de/ass-go/27-05-2025-talentetag-des-kooperationsverbundes-foerderung-besonderer-begabungen/">27.05.2025 Talentetag des Kooperationsverbundes „Förderung besonderer Begabungen“</a></li>
<li><a class="wp-block-latest-posts__post-title" href="https://wordpress.nibis.de/ass-go/20-05-2025-hochbeet-ag-gaertnern-mit-herz-und-hand/">20.05.2025 Hochbeet-AG – Gärtnern mit Herz und Hand</a></li>
<li><a class="wp-block-latest-posts__post-title" href="https://wordpress.nibis.de/ass-go/15-05-2025-grosser-lesewettbewerb-mitreissende-geschichten-und-starke-vorleserinnen-und-vorleser/">15.05.2025 Großer Lesewettbewerb – mitreißende Geschichten und starke Vorleserinnen und Vorleser </a></li>
<li><a class="wp-block-latest-posts__post-title" href="https://wordpress.nibis.de/ass-go/22-04-2025-besuch-vom-osterhasen-ein-froehlicher-start-nach-den-ferien/">22.04.2025 Besuch vom Osterhasen – Ein fröhlicher Start nach den Ferien</a></li>
<li><a class="wp-block-latest-posts__post-title" href="https://wordpress.nibis.de/ass-go/03-04-2025-magische-schattenwelt-die-1b-begeistert-mit-schattentheater/">03.04. 2025 Magische Schattenwelt: Die 1b begeistert mit Schattentheater</a></li>
<li><a class="wp-block-latest-posts__post-title" href="https://wordpress.nibis.de/ass-go/01-04-2025-ein-spannender-ausflug-in-die-geschichte-des-buchdrucks/">01.04.2025 Ein spannender Ausflug in die Geschichte des Buchdrucks</a></li>
<li><a class="wp-block-latest-posts__post-title" href="https://wordpress.nibis.de/ass-go/03-2025-energie-macht-schule-projekttage-an-der-ass/">03.2025 „Energie macht Schule“ – Projekttage an der ASS</a></li>
<li><a class="wp-block-latest-posts__post-title" href="https://wordpress.nibis.de/ass-go/10-03-2025-lesetueten-fuer-unsere-erstklaessler/">10.03.2025 Lesetüten für unsere Erstklässler</a></li>
<li><a class="wp-block-latest-posts__post-title" href="https://wordpress.nibis.de/ass-go/28-02-2025-helau-und-alaaf-faschingsspass-in-allen-klassen-%f0%9f%a5%b3/">28.02.2025 Helau und Alaaf! Faschingsspaß in allen Klassen 🥳</a></li>
<li><a class="wp-block-latest-posts__post-title" href="https://wordpress.nibis.de/ass-go/21-02-25-buecher-basar/">21.02.2025 Unser erster großer Bücherbasar – ein voller Erfolg!</a></li>
<li><a class="wp-block-latest-posts__post-title" href="https://wordpress.nibis.de/ass-go/13-02-2025-mathematik-olympiade-an-der-ass/">13.02.2025 Mathematik-Olympiade an der ASS</a></li>
<li><a class="wp-block-latest-posts__post-title" href="https://wordpress.nibis.de/ass-go/unser-hoerspiel-projekt-in-der-forscher-ag/">Unser Hörspiel-Projekt in der Forscher-AG</a></li>
<li><a class="wp-block-latest-posts__post-title" href="https://wordpress.nibis.de/ass-go/29-01-2025-handballfieber-in-barsinghausen-die-mini-wm-steht-vor-der-tuer/">29.01.2025 Handballfieber in Barsinghausen: Die Mini-WM</a></li>
<li><a class="wp-block-latest-posts__post-title" href="https://wordpress.nibis.de/ass-go/28-01-2025-eine-fesselnde-autorenlesung-mit-christina-wolf/">28.01.2025 Eine fesselnde Autorenlesung mit Christina Wolf</a></li>
<li><a class="wp-block-latest-posts__post-title" href="https://wordpress.nibis.de/ass-go/mathe-olympiade-und-wir-sind-wieder-dabei/">Mathe-Olympiade &#8211; und wir sind wieder dabei!</a></li>
<li><a class="wp-block-latest-posts__post-title" href="https://wordpress.nibis.de/ass-go/09-12-2024-der-sportliche-nikolaus-war-da/">09.12.2024 Der sportliche Nikolaus war da!</a></li>
<li><a class="wp-block-latest-posts__post-title" href="https://wordpress.nibis.de/ass-go/06-12-24-ein-spannender-besuch-bei-der-feuerwehr/">06.12.24 Ein spannender Besuch bei der Feuerwehr</a></li>
<li><a class="wp-block-latest-posts__post-title" href="https://wordpress.nibis.de/ass-go/03-12-2024-advent-advent-ein-lied-erklingt/">03.12.2024 Advent, Advent ein Lied erklingt</a></li>
<li><a class="wp-block-latest-posts__post-title" href="https://wordpress.nibis.de/ass-go/22-11-2024-unsere-orchester-detektive/">22.11.2024 Unsere Orchester-Detektive</a></li>
<li><a class="wp-block-latest-posts__post-title" href="https://wordpress.nibis.de/ass-go/21-11-2014-der-zauberer-von-oz-verzaubert-die-klassen-1-bis-3/">21.11.2024 „Der Zauberer von Oz“ verzaubert die Klassen 1 bis 3</a></li>
<li><a class="wp-block-latest-posts__post-title" href="https://wordpress.nibis.de/ass-go/schulwettbewerb-niedersachsen-schwimmt/">Schulwettbewerb &#8211; Niedersachsen schwimmt</a></li>
<li><a class="wp-block-latest-posts__post-title" href="https://wordpress.nibis.de/ass-go/15-11-2024-bundesweiter-vorlesetag-vorlesen-schafft-zukunft/">15.11.2024 Bundesweiter Vorlesetag ”Vorlesen schafft Zukunft”</a></li>
<li><a class="wp-block-latest-posts__post-title" href="https://wordpress.nibis.de/ass-go/08-11-2024-handball-aktionstag/">08.11.2024 Handball-Aktionstag</a></li>
<li><a class="wp-block-latest-posts__post-title" href="https://wordpress.nibis.de/ass-go/neues-material-fuer-die-begabtenfoerderung/">Neues Material für die Begabtenförderung</a></li>
<li><a class="wp-block-latest-posts__post-title" href="https://wordpress.nibis.de/ass-go/vorlesepausen-in-der-schulbuecherei/">Vorlesepausen in der Schulbücherei</a></li>
<li><a class="wp-block-latest-posts__post-title" href="https://wordpress.nibis.de/ass-go/2-10-2024-unser-herbstforum/">02.10.2024 Unser Herbstforum</a></li>
</ul>


<p></p>
