{"id":1949,"date":"2025-07-21T16:36:50","date_gmt":"2025-07-21T14:36:50","guid":{"rendered":"https:\/\/wordpress.nibis.de\/ass-go\/?page_id=1949"},"modified":"2026-01-21T16:16:44","modified_gmt":"2026-01-21T15:16:44","slug":"schuljahr-2025-26","status":"publish","type":"page","link":"https:\/\/wordpress.nibis.de\/ass-go\/schuljahr-2025-26\/","title":{"rendered":"Schuljahr 2025 \/ 2026"},"content":{"rendered":"\n<div class=\"wp-block-columns are-vertically-aligned-center is-layout-flex wp-container-core-columns-is-layout-abceabcf wp-block-columns-is-layout-flex\">\n<div class=\"wp-block-column is-vertically-aligned-center is-layout-flow wp-block-column-is-layout-flow\" style=\"--col-width:100%;flex-basis:100%\">\n<figure class=\"wp-block-table is-style-stripes\"><table><tbody><tr><td class=\"has-text-align-left\" data-align=\"left\"><img decoding=\"async\" style=\"width: 20px\" src=\"https:\/\/wordpress.nibis.de\/ass-go\/files\/2023\/11\/ASS_Logo_Entwurf_Blatt_Gelb.png\" alt=\"Dieses Bild hat ein leeres Alt-Attribut. Der Dateiname ist ASS_Logo_Entwurf_Blatt_Gelb.png\"> Schule ist mehr als Unterricht &#8211; los geht es! <\/td><\/tr><\/tbody><\/table><\/figure>\n<\/div>\n<\/div>\n\n\n<ul class=\"wp-block-latest-posts__list is-style-tw-posts-card wp-block-latest-posts\"><li><a class=\"wp-block-latest-posts__post-title\" href=\"https:\/\/wordpress.nibis.de\/ass-go\/08-04-2026-der-osterhase-war-da\/\">08.04.2026 Der Osterhase war da<\/a><\/li>\n<li><a class=\"wp-block-latest-posts__post-title\" href=\"https:\/\/wordpress.nibis.de\/ass-go\/20-03-2026-forum-vor-den-osterferien-ein-vormittag-voller-engagement-und-ideen\/\">20.03.2026 Forum vor den Osterferien &#8211; ein Vormittag voller Engagement und Ideen<\/a><\/li>\n<li><a class=\"wp-block-latest-posts__post-title\" href=\"https:\/\/wordpress.nibis.de\/ass-go\/25-05-26-neues-lesefutter-fuer-die-ass\/\">25.02.26 Neues Lesefutter f\u00fcr die Schulb\u00fccherei<\/a><\/li>\n<li><a class=\"wp-block-latest-posts__post-title\" href=\"https:\/\/wordpress.nibis.de\/ass-go\/20-02-2026-100-tage-schulkind-fest\/\">20.02.2026 \u201e100 Tage Schulkind\u201c-Fest<\/a><\/li>\n<li><a class=\"wp-block-latest-posts__post-title\" href=\"https:\/\/wordpress.nibis.de\/ass-go\/13-02-2026-wir-feiern-fasching\/\">13.02.2026 Wir feiern Fasching<\/a><\/li>\n<li><a class=\"wp-block-latest-posts__post-title\" href=\"https:\/\/wordpress.nibis.de\/ass-go\/__trashed-2\/\">21.01.2026 Grundschul\u00fcbergreifendes Handballturnier<\/a><\/li>\n<li><a class=\"wp-block-latest-posts__post-title\" href=\"https:\/\/wordpress.nibis.de\/ass-go\/06-01-2026-medienschulung-im-4-jahrgang\/\">06.01.2026 Medienschulung im 4. Jahrgang<\/a><\/li>\n<li><a class=\"wp-block-latest-posts__post-title\" href=\"https:\/\/wordpress.nibis.de\/ass-go\/11-12-2025-baldur-der-energie-zauberer-ein-magischer-projekttag-im-3-jahrgang\/\">11.12.2025 Baldur, der Energie-Zauberer! Ein magischer Projekttag im 3. Jahrgang<\/a><\/li>\n<li><a class=\"wp-block-latest-posts__post-title\" href=\"https:\/\/wordpress.nibis.de\/ass-go\/19-12-2025-freiday-praesentationen-im-schulforum\/\">19.12.2025 FreiDay &#8211; Pr\u00e4sentationen im Schulforum<\/a><\/li>\n<li><a class=\"wp-block-latest-posts__post-title\" href=\"https:\/\/wordpress.nibis.de\/ass-go\/15-12-2025-premiere-wir-haben-wieder-einen-schulchor\/\">15.12.2025 Premiere &#8211; Wir haben wieder einen Schulchor !<\/a><\/li>\n<li><a class=\"wp-block-latest-posts__post-title\" href=\"https:\/\/wordpress.nibis.de\/ass-go\/01-12-2025-oh-du-schoene-weihnachtszeit-wir-singen-und-basteln-uns-in-die-adventszeit\/\">01.12.2025 Oh du sch\u00f6ne Weihnachtszeit &#8211; Wir singen und basteln uns in die Adventszeit.<\/a><\/li>\n<li><a class=\"wp-block-latest-posts__post-title\" href=\"https:\/\/wordpress.nibis.de\/ass-go\/november-2025-resilienztraining-an-unserer-schule\/\">11.2025 Resilienztraining an unserer Schule<\/a><\/li>\n<li><a class=\"wp-block-latest-posts__post-title\" href=\"https:\/\/wordpress.nibis.de\/ass-go\/28-11-2025-grosses-schulfruehstueck\/\">28.11.2025  Gro\u00dfes Schulfr\u00fchst\u00fcck<\/a><\/li>\n<li><a class=\"wp-block-latest-posts__post-title\" href=\"https:\/\/wordpress.nibis.de\/ass-go\/24-11-2025-bundesweiter-vorlesetag-wir-machen-mit\/\">24.11.2025 Bundesweiter Vorlesetag &#8211; Wir machen mit.<\/a><\/li>\n<li><a class=\"wp-block-latest-posts__post-title\" href=\"https:\/\/wordpress.nibis.de\/ass-go\/18-11-25-skipping-hearts\/\">18.11.25 Skipping Hearts<\/a><\/li>\n<li><a class=\"wp-block-latest-posts__post-title\" href=\"https:\/\/wordpress.nibis.de\/ass-go\/14-11-2025-handball-aktionstag\/\">14.11.2025 Handball-Aktionstag<\/a><\/li>\n<li><a class=\"wp-block-latest-posts__post-title\" href=\"https:\/\/wordpress.nibis.de\/ass-go\/10-10-25-herbstforum-klangvoll-in-den-herbst\/\">10.10.2025 Herbstforum &#8211; klangvoll in den Herbst<\/a><\/li>\n<li><a class=\"wp-block-latest-posts__post-title\" href=\"https:\/\/wordpress.nibis.de\/ass-go\/22-09-2025-viertklaessler-absolvieren-einen-erste-hilfe-kurs-in-der-woche-der-wiederbelebung\/\">22.09.2025 Viertkl\u00e4ssler absolvieren einen Erste-Hilfe-Kurs in der Woche der Wiederbelebung<\/a><\/li>\n<li><a class=\"wp-block-latest-posts__post-title\" href=\"https:\/\/wordpress.nibis.de\/ass-go\/19-09-2025-world-clean-up-day-wir-machen-mit\/\">19.09.2025 World Clean up day &#8211; Wir machen mit!<\/a><\/li>\n<li><a class=\"wp-block-latest-posts__post-title\" href=\"https:\/\/wordpress.nibis.de\/ass-go\/12-09-2025-das-roller-fit-mobil-ist-da\/\">12.09.2025 Das Roller Fit-Mobil ist da!<\/a><\/li>\n<li><a class=\"wp-block-latest-posts__post-title\" href=\"https:\/\/wordpress.nibis.de\/ass-go\/29-08-2025-freiday-so-war-der-start\/\">29.08.2025 FREI DAY &#8211; so war der Start<\/a><\/li>\n<\/ul>\n\n\n<p><\/p>\n\n\n\n<p><\/p>\n","protected":false},"excerpt":{"rendered":"<p>Schule ist mehr als Unterricht &#8211; los geht es!<\/p>\n","protected":false},"author":9194276,"featured_media":0,"parent":0,"menu_order":0,"comment_status":"closed","ping_status":"closed","template":"","meta":{"footnotes":""},"class_list":["post-1949","page","type-page","status-publish","hentry"],"_links":{"self":[{"href":"https:\/\/wordpress.nibis.de\/ass-go\/wp-json\/wp\/v2\/pages\/1949","targetHints":{"allow":["GET"]}}],"collection":[{"href":"https:\/\/wordpress.nibis.de\/ass-go\/wp-json\/wp\/v2\/pages"}],"about":[{"href":"https:\/\/wordpress.nibis.de\/ass-go\/wp-json\/wp\/v2\/types\/page"}],"author":[{"embeddable":true,"href":"https:\/\/wordpress.nibis.de\/ass-go\/wp-json\/wp\/v2\/users\/9194276"}],"replies":[{"embeddable":true,"href":"https:\/\/wordpress.nibis.de\/ass-go\/wp-json\/wp\/v2\/comments?post=1949"}],"version-history":[{"count":25,"href":"https:\/\/wordpress.nibis.de\/ass-go\/wp-json\/wp\/v2\/pages\/1949\/revisions"}],"predecessor-version":[{"id":2359,"href":"https:\/\/wordpress.nibis.de\/ass-go\/wp-json\/wp\/v2\/pages\/1949\/revisions\/2359"}],"wp:attachment":[{"href":"https:\/\/wordpress.nibis.de\/ass-go\/wp-json\/wp\/v2\/media?parent=1949"}],"curies":[{"name":"wp","href":"https:\/\/api.w.org\/{rel}","templated":true}]}}

<div class="wp-block-columns are-vertically-aligned-center is-layout-flex wp-container-core-columns-is-layout-abceabcf wp-block-columns-is-layout-flex">
<div class="wp-block-column is-vertically-aligned-center is-layout-flow wp-block-column-is-layout-flow" style="--col-width:100%;flex-basis:100%">
<figure class="wp-block-table is-style-stripes"><table><tbody><tr><td class="has-text-align-left" data-align="left"><img decoding="async" style="width: 20px" src="https://wordpress.nibis.de/ass-go/files/2023/11/ASS_Logo_Entwurf_Blatt_Gelb.png" alt="Dieses Bild hat ein leeres Alt-Attribut. Der Dateiname ist ASS_Logo_Entwurf_Blatt_Gelb.png"> Schule ist mehr als Unterricht &#8211; los geht es! </td></tr></tbody></table></figure>
</div>
</div>


<ul class="wp-block-latest-posts__list is-style-tw-posts-card wp-block-latest-posts"><li><a class="wp-block-latest-posts__post-title" href="https://wordpress.nibis.de/ass-go/08-04-2026-der-osterhase-war-da/">08.04.2026 Der Osterhase war da</a></li>
<li><a class="wp-block-latest-posts__post-title" href="https://wordpress.nibis.de/ass-go/20-03-2026-forum-vor-den-osterferien-ein-vormittag-voller-engagement-und-ideen/">20.03.2026 Forum vor den Osterferien &#8211; ein Vormittag voller Engagement und Ideen</a></li>
<li><a class="wp-block-latest-posts__post-title" href="https://wordpress.nibis.de/ass-go/25-05-26-neues-lesefutter-fuer-die-ass/">25.02.26 Neues Lesefutter für die Schulbücherei</a></li>
<li><a class="wp-block-latest-posts__post-title" href="https://wordpress.nibis.de/ass-go/20-02-2026-100-tage-schulkind-fest/">20.02.2026 „100 Tage Schulkind“-Fest</a></li>
<li><a class="wp-block-latest-posts__post-title" href="https://wordpress.nibis.de/ass-go/13-02-2026-wir-feiern-fasching/">13.02.2026 Wir feiern Fasching</a></li>
<li><a class="wp-block-latest-posts__post-title" href="https://wordpress.nibis.de/ass-go/__trashed-2/">21.01.2026 Grundschulübergreifendes Handballturnier</a></li>
<li><a class="wp-block-latest-posts__post-title" href="https://wordpress.nibis.de/ass-go/06-01-2026-medienschulung-im-4-jahrgang/">06.01.2026 Medienschulung im 4. Jahrgang</a></li>
<li><a class="wp-block-latest-posts__post-title" href="https://wordpress.nibis.de/ass-go/11-12-2025-baldur-der-energie-zauberer-ein-magischer-projekttag-im-3-jahrgang/">11.12.2025 Baldur, der Energie-Zauberer! Ein magischer Projekttag im 3. Jahrgang</a></li>
<li><a class="wp-block-latest-posts__post-title" href="https://wordpress.nibis.de/ass-go/19-12-2025-freiday-praesentationen-im-schulforum/">19.12.2025 FreiDay &#8211; Präsentationen im Schulforum</a></li>
<li><a class="wp-block-latest-posts__post-title" href="https://wordpress.nibis.de/ass-go/15-12-2025-premiere-wir-haben-wieder-einen-schulchor/">15.12.2025 Premiere &#8211; Wir haben wieder einen Schulchor !</a></li>
<li><a class="wp-block-latest-posts__post-title" href="https://wordpress.nibis.de/ass-go/01-12-2025-oh-du-schoene-weihnachtszeit-wir-singen-und-basteln-uns-in-die-adventszeit/">01.12.2025 Oh du schöne Weihnachtszeit &#8211; Wir singen und basteln uns in die Adventszeit.</a></li>
<li><a class="wp-block-latest-posts__post-title" href="https://wordpress.nibis.de/ass-go/november-2025-resilienztraining-an-unserer-schule/">11.2025 Resilienztraining an unserer Schule</a></li>
<li><a class="wp-block-latest-posts__post-title" href="https://wordpress.nibis.de/ass-go/28-11-2025-grosses-schulfruehstueck/">28.11.2025  Großes Schulfrühstück</a></li>
<li><a class="wp-block-latest-posts__post-title" href="https://wordpress.nibis.de/ass-go/24-11-2025-bundesweiter-vorlesetag-wir-machen-mit/">24.11.2025 Bundesweiter Vorlesetag &#8211; Wir machen mit.</a></li>
<li><a class="wp-block-latest-posts__post-title" href="https://wordpress.nibis.de/ass-go/18-11-25-skipping-hearts/">18.11.25 Skipping Hearts</a></li>
<li><a class="wp-block-latest-posts__post-title" href="https://wordpress.nibis.de/ass-go/14-11-2025-handball-aktionstag/">14.11.2025 Handball-Aktionstag</a></li>
<li><a class="wp-block-latest-posts__post-title" href="https://wordpress.nibis.de/ass-go/10-10-25-herbstforum-klangvoll-in-den-herbst/">10.10.2025 Herbstforum &#8211; klangvoll in den Herbst</a></li>
<li><a class="wp-block-latest-posts__post-title" href="https://wordpress.nibis.de/ass-go/22-09-2025-viertklaessler-absolvieren-einen-erste-hilfe-kurs-in-der-woche-der-wiederbelebung/">22.09.2025 Viertklässler absolvieren einen Erste-Hilfe-Kurs in der Woche der Wiederbelebung</a></li>
<li><a class="wp-block-latest-posts__post-title" href="https://wordpress.nibis.de/ass-go/19-09-2025-world-clean-up-day-wir-machen-mit/">19.09.2025 World Clean up day &#8211; Wir machen mit!</a></li>
<li><a class="wp-block-latest-posts__post-title" href="https://wordpress.nibis.de/ass-go/12-09-2025-das-roller-fit-mobil-ist-da/">12.09.2025 Das Roller Fit-Mobil ist da!</a></li>
<li><a class="wp-block-latest-posts__post-title" href="https://wordpress.nibis.de/ass-go/29-08-2025-freiday-so-war-der-start/">29.08.2025 FREI DAY &#8211; so war der Start</a></li>
</ul>


<p></p>



<p></p>
