{"id":2035,"date":"2025-08-11T17:25:29","date_gmt":"2025-08-11T15:25:29","guid":{"rendered":"https:\/\/wordpress.nibis.de\/ass-go\/?page_id=2035"},"modified":"2026-02-01T18:00:50","modified_gmt":"2026-02-01T17:00:50","slug":"freiday","status":"publish","type":"page","link":"https:\/\/wordpress.nibis.de\/ass-go\/unsere-schule\/freiday\/","title":{"rendered":"FreiDay"},"content":{"rendered":"\n<div class=\"wp-block-image\"><figure class=\"aligncenter size-full is-resized\"><img loading=\"lazy\" decoding=\"async\" src=\"https:\/\/wordpress.nibis.de\/ass-go\/files\/2025\/08\/IMG_1623.png\" alt=\"\" class=\"wp-image-2041\" width=\"192\" height=\"192\" srcset=\"https:\/\/wordpress.nibis.de\/ass-go\/files\/2025\/08\/IMG_1623.png 800w, https:\/\/wordpress.nibis.de\/ass-go\/files\/2025\/08\/IMG_1623-300x300.png 300w, https:\/\/wordpress.nibis.de\/ass-go\/files\/2025\/08\/IMG_1623-150x150.png 150w, https:\/\/wordpress.nibis.de\/ass-go\/files\/2025\/08\/IMG_1623-768x768.png 768w, https:\/\/wordpress.nibis.de\/ass-go\/files\/2025\/08\/IMG_1623-80x80.png 80w, https:\/\/wordpress.nibis.de\/ass-go\/files\/2025\/08\/IMG_1623-320x320.png 320w\" sizes=\"auto, (max-width: 192px) 100vw, 192px\" \/><\/figure><\/div>\n\n\n\n<p>Das Bundesministerium f\u00fcr Bildung und Forschung hat einen \u201eNationalen Aktionsplan Bildung f\u00fcr nachhaltige Entwicklung\u201c (2017) herausgegeben. Darin hei\u00dft es, dass Schule die Aufgabe hat, \u201enachkommende Generationen zu bef\u00e4higen, ihre Gegenwart auch im Hinblick auf ihre Zukunft mitgestalten zu k\u00f6nnen. [\u2026] Im Lern- und Lebensort Schule sind Aktions- und Freir\u00e4ume zu schaffen, die Kindern und Jugendlichen Selbstwirksamkeit, Kompetenzzuwachs und Anerkennung im Sinne von BNE erm\u00f6glichen\u201c (ebd.).<\/p>\n\n\n\n<p>Diesen Freiraum schaffen wir mit unserem Projekttag <strong>FreiDay<\/strong>. Unsere Sch\u00fclerinnen und Sch\u00fcler bekommen hier die M\u00f6glichkeit, sich ohne Leistungs- und Notendruck mit Themen zu besch\u00e4ftigen, die ihre Zukunft betreffen und sie pers\u00f6nlich bewegen. Pl\u00f6tzlich ist es auch zur\u00fcckhaltenden Kindern m\u00f6glich, sich vor eine gro\u00dfe Gruppe zu stellen und begeistert \u00fcber ein Thema zu sprechen &#8211; einfach, weil es ihnen am Herzen liegt.<\/p>\n\n\n\n<p>Am FreiDay arbeiten die Sch\u00fclerinnen und Sch\u00fcler zu Themen wie z.B. <strong>Meeresverschmutzung, Rassismus, Nachhaltigkeit, Artenschutz<\/strong> und vielem mehr. Sie recherchieren im Internet und in B\u00fcchern, f\u00fchren Interviews oder sehen sich passende Filme an. Die Pr\u00e4sentationsformen sind vielf\u00e4ltig: von Plakaten, Bildern und Videos bis zu Podcasts oder praktischen Projekten wie dem Bepflanzen von Beeten, dem Bau von Insektenhotels oder dem Sammeln von M\u00fcll in der Umgebung.<\/p>\n\n\n\n<p>Bei der Pr\u00e4sentation von Ergebnisse entwickeln sie nicht nur fachliche Kompetenzen, sondern auch wichtige <strong>Zukunftsf\u00e4higkeiten<\/strong> wie Teamarbeit, Empathie, Handlungskompetenz, Selbstst\u00e4ndigkeit und Kreativit\u00e4t.<\/p>\n\n\n\n<p>Unsere Sch\u00fclerinnen und Sch\u00fcler erhalten durch den FreiDay einen gesch\u00e4rften Blick f\u00fcr ihre Umwelt und tragen diesen in ihre Familien weiter. Oft berichten Eltern, wie ihre Kinder sie beim Einkaufen oder im Alltag auf nachhaltige Entscheidungen hinweisen &#8211; ein Zeichen, dass das Projekt wirkt.<\/p>\n\n\n\n<p>Wir sind \u00fcberzeugt: Der FreiDay zeigt, wie Schule <strong>zukunftsf\u00e4hig, kreativ und handlungsorientiert<\/strong> gestaltet werden kann und wir sind stolz, diesen Weg gemeinsam mit unseren Sch\u00fclerinnen und Sch\u00fclern zu gehen.<\/p>\n\n\n\n<p><\/p>\n\n\n\n<p><\/p>\n\n\n\n<p><\/p>\n\n\n\n<p><\/p>\n","protected":false},"excerpt":{"rendered":"<p>Das Bundesministerium f\u00fcr Bildung und Forschung hat einen \u201eNationalen Aktionsplan Bildung f\u00fcr nachhaltige Entwicklung\u201c (2017) herausgegeben. Darin hei\u00dft es, dass Schule die Aufgabe hat, \u201enachkommende Generationen zu bef\u00e4higen, ihre Gegenwart auch im Hinblick auf ihre Zukunft mitgestalten zu k\u00f6nnen. [\u2026] Im Lern- und Lebensort Schule sind Aktions- und Freir\u00e4ume zu schaffen, die Kindern und Jugendlichen &hellip; <a href=\"https:\/\/wordpress.nibis.de\/ass-go\/unsere-schule\/freiday\/\" class=\"more-link\"><span class=\"screen-reader-text\">FreiDay<\/span> weiterlesen<\/a><\/p>\n","protected":false},"author":9194276,"featured_media":0,"parent":46,"menu_order":0,"comment_status":"closed","ping_status":"closed","template":"","meta":{"footnotes":""},"class_list":["post-2035","page","type-page","status-publish","hentry"],"_links":{"self":[{"href":"https:\/\/wordpress.nibis.de\/ass-go\/wp-json\/wp\/v2\/pages\/2035","targetHints":{"allow":["GET"]}}],"collection":[{"href":"https:\/\/wordpress.nibis.de\/ass-go\/wp-json\/wp\/v2\/pages"}],"about":[{"href":"https:\/\/wordpress.nibis.de\/ass-go\/wp-json\/wp\/v2\/types\/page"}],"author":[{"embeddable":true,"href":"https:\/\/wordpress.nibis.de\/ass-go\/wp-json\/wp\/v2\/users\/9194276"}],"replies":[{"embeddable":true,"href":"https:\/\/wordpress.nibis.de\/ass-go\/wp-json\/wp\/v2\/comments?post=2035"}],"version-history":[{"count":5,"href":"https:\/\/wordpress.nibis.de\/ass-go\/wp-json\/wp\/v2\/pages\/2035\/revisions"}],"predecessor-version":[{"id":2043,"href":"https:\/\/wordpress.nibis.de\/ass-go\/wp-json\/wp\/v2\/pages\/2035\/revisions\/2043"}],"up":[{"embeddable":true,"href":"https:\/\/wordpress.nibis.de\/ass-go\/wp-json\/wp\/v2\/pages\/46"}],"wp:attachment":[{"href":"https:\/\/wordpress.nibis.de\/ass-go\/wp-json\/wp\/v2\/media?parent=2035"}],"curies":[{"name":"wp","href":"https:\/\/api.w.org\/{rel}","templated":true}]}}

<div class="wp-block-image"><figure class="aligncenter size-full is-resized"><img loading="lazy" decoding="async" src="https://wordpress.nibis.de/ass-go/files/2025/08/IMG_1623.png" alt="" class="wp-image-2041" width="192" height="192" srcset="https://wordpress.nibis.de/ass-go/files/2025/08/IMG_1623.png 800w, https://wordpress.nibis.de/ass-go/files/2025/08/IMG_1623-300x300.png 300w, https://wordpress.nibis.de/ass-go/files/2025/08/IMG_1623-150x150.png 150w, https://wordpress.nibis.de/ass-go/files/2025/08/IMG_1623-768x768.png 768w, https://wordpress.nibis.de/ass-go/files/2025/08/IMG_1623-80x80.png 80w, https://wordpress.nibis.de/ass-go/files/2025/08/IMG_1623-320x320.png 320w" sizes="auto, (max-width: 192px) 100vw, 192px" /></figure></div>



<p>Das Bundesministerium für Bildung und Forschung hat einen „Nationalen Aktionsplan Bildung für nachhaltige Entwicklung“ (2017) herausgegeben. Darin heißt es, dass Schule die Aufgabe hat, „nachkommende Generationen zu befähigen, ihre Gegenwart auch im Hinblick auf ihre Zukunft mitgestalten zu können. […] Im Lern- und Lebensort Schule sind Aktions- und Freiräume zu schaffen, die Kindern und Jugendlichen Selbstwirksamkeit, Kompetenzzuwachs und Anerkennung im Sinne von BNE ermöglichen“ (ebd.).</p>



<p>Diesen Freiraum schaffen wir mit unserem Projekttag <strong>FreiDay</strong>. Unsere Schülerinnen und Schüler bekommen hier die Möglichkeit, sich ohne Leistungs- und Notendruck mit Themen zu beschäftigen, die ihre Zukunft betreffen und sie persönlich bewegen. Plötzlich ist es auch zurückhaltenden Kindern möglich, sich vor eine große Gruppe zu stellen und begeistert über ein Thema zu sprechen &#8211; einfach, weil es ihnen am Herzen liegt.</p>



<p>Am FreiDay arbeiten die Schülerinnen und Schüler zu Themen wie z.B. <strong>Meeresverschmutzung, Rassismus, Nachhaltigkeit, Artenschutz</strong> und vielem mehr. Sie recherchieren im Internet und in Büchern, führen Interviews oder sehen sich passende Filme an. Die Präsentationsformen sind vielfältig: von Plakaten, Bildern und Videos bis zu Podcasts oder praktischen Projekten wie dem Bepflanzen von Beeten, dem Bau von Insektenhotels oder dem Sammeln von Müll in der Umgebung.</p>



<p>Bei der Präsentation von Ergebnisse entwickeln sie nicht nur fachliche Kompetenzen, sondern auch wichtige <strong>Zukunftsfähigkeiten</strong> wie Teamarbeit, Empathie, Handlungskompetenz, Selbstständigkeit und Kreativität.</p>



<p>Unsere Schülerinnen und Schüler erhalten durch den FreiDay einen geschärften Blick für ihre Umwelt und tragen diesen in ihre Familien weiter. Oft berichten Eltern, wie ihre Kinder sie beim Einkaufen oder im Alltag auf nachhaltige Entscheidungen hinweisen &#8211; ein Zeichen, dass das Projekt wirkt.</p>



<p>Wir sind überzeugt: Der FreiDay zeigt, wie Schule <strong>zukunftsfähig, kreativ und handlungsorientiert</strong> gestaltet werden kann und wir sind stolz, diesen Weg gemeinsam mit unseren Schülerinnen und Schülern zu gehen.</p>



<p></p>



<p></p>



<p></p>



<p></p>

<p>Das Bundesministerium für Bildung und Forschung hat einen „Nationalen Aktionsplan Bildung für nachhaltige Entwicklung“ (2017) herausgegeben. Darin heißt es, dass Schule die Aufgabe hat, „nachkommende Generationen zu befähigen, ihre Gegenwart auch im Hinblick auf ihre Zukunft mitgestalten zu können. […] Im Lern- und Lebensort Schule sind Aktions- und Freiräume zu schaffen, die Kindern und Jugendlichen &hellip; <a href="https://wordpress.nibis.de/ass-go/unsere-schule/freiday/" class="more-link"><span class="screen-reader-text">FreiDay</span> weiterlesen</a></p>
