{"id":71,"date":"2023-10-17T12:49:58","date_gmt":"2023-10-17T10:49:58","guid":{"rendered":"https:\/\/wordpress.nibis.de\/ass-go\/?page_id=71"},"modified":"2026-02-01T18:14:33","modified_gmt":"2026-02-01T17:14:33","slug":"unser-team","status":"publish","type":"page","link":"https:\/\/wordpress.nibis.de\/ass-go\/unser-team\/","title":{"rendered":"Unser Team"},"content":{"rendered":"\n<figure class=\"wp-block-image size-large is-style-default\"><img loading=\"lazy\" decoding=\"async\" width=\"1024\" height=\"723\" src=\"https:\/\/wordpress.nibis.de\/ass-go\/files\/2024\/10\/IMG_0991-1024x723.jpeg\" alt=\"\" class=\"wp-image-1608\" srcset=\"https:\/\/wordpress.nibis.de\/ass-go\/files\/2024\/10\/IMG_0991-1024x723.jpeg 1024w, https:\/\/wordpress.nibis.de\/ass-go\/files\/2024\/10\/IMG_0991-300x212.jpeg 300w, https:\/\/wordpress.nibis.de\/ass-go\/files\/2024\/10\/IMG_0991-768x542.jpeg 768w, https:\/\/wordpress.nibis.de\/ass-go\/files\/2024\/10\/IMG_0991-1536x1084.jpeg 1536w, https:\/\/wordpress.nibis.de\/ass-go\/files\/2024\/10\/IMG_0991-2048x1445.jpeg 2048w\" sizes=\"auto, (max-width: 1024px) 100vw, 1024px\" \/><figcaption class=\"wp-element-caption\">Das Team der ASS<\/figcaption><\/figure>\n\n\n\n<figure class=\"wp-block-table is-style-stripes has-medium-font-size\"><table><tbody><tr><td class=\"has-text-align-left\" data-align=\"left\"><img loading=\"lazy\" decoding=\"async\" width=\"311\" height=\"543\" class=\"wp-image-747\" style=\"width: 20px\" src=\"https:\/\/wordpress.nibis.de\/ass-go\/files\/2023\/11\/ASS_Logo_Entwurf_Blatt_Gelb.png\" alt=\"\" srcset=\"https:\/\/wordpress.nibis.de\/ass-go\/files\/2023\/11\/ASS_Logo_Entwurf_Blatt_Gelb.png 311w, https:\/\/wordpress.nibis.de\/ass-go\/files\/2023\/11\/ASS_Logo_Entwurf_Blatt_Gelb-172x300.png 172w\" sizes=\"auto, (max-width: 311px) 100vw, 311px\" \/> <strong>Unsere Lehrkr\u00e4fte<\/strong><\/td><\/tr><\/tbody><\/table><\/figure>\n\n\n\n<p class=\"has-text-align-left\">Frau Bethe, Herr Claa\u00dfen, Frau Harms, Frau Honecker, Frau Knauer, Frau Leute, Frau Moschanaki, Frau de Riese, Frau Reverey, Frau Rybicki, Frau Schl\u00f6sser, Frau Schweer, Frau Ulrich<\/p>\n\n\n\n<figure class=\"wp-block-table is-style-stripes has-medium-font-size\"><table><tbody><tr><td class=\"has-text-align-left\" data-align=\"left\"><img loading=\"lazy\" decoding=\"async\" width=\"311\" height=\"543\" class=\"wp-image-748\" style=\"width: 20px\" src=\"https:\/\/wordpress.nibis.de\/ass-go\/files\/2023\/11\/ASS_Logo_Entwurf_Blatt_Gruen.png\" alt=\"\" srcset=\"https:\/\/wordpress.nibis.de\/ass-go\/files\/2023\/11\/ASS_Logo_Entwurf_Blatt_Gruen.png 311w, https:\/\/wordpress.nibis.de\/ass-go\/files\/2023\/11\/ASS_Logo_Entwurf_Blatt_Gruen-172x300.png 172w\" sizes=\"auto, (max-width: 311px) 100vw, 311px\" \/>  <strong>Unsere P\u00e4dagogischen MitarbeiterInnen<\/strong><\/td><\/tr><\/tbody><\/table><\/figure>\n\n\n\n<p class=\"has-text-align-left\">Frau Eppler, Frau Kr\u00fcger, Frau Seebode, Frau Taticek, Frau Thies<\/p>\n\n\n\n<p class=\"has-text-align-left\"><em>Unser Team wird durch engagierte SchulbegleiterInnen erg\u00e4nzt.<\/em><\/p>\n\n\n\n<figure class=\"wp-block-table is-style-stripes has-medium-font-size\"><table><tbody><tr><td class=\"has-text-align-left\" data-align=\"left\"><img loading=\"lazy\" decoding=\"async\" width=\"324\" height=\"534\" class=\"wp-image-746\" style=\"width: 20px\" src=\"https:\/\/wordpress.nibis.de\/ass-go\/files\/2023\/11\/ASS_Logo_Entwurf_Blatt_Blau.png\" alt=\"\" srcset=\"https:\/\/wordpress.nibis.de\/ass-go\/files\/2023\/11\/ASS_Logo_Entwurf_Blatt_Blau.png 324w, https:\/\/wordpress.nibis.de\/ass-go\/files\/2023\/11\/ASS_Logo_Entwurf_Blatt_Blau-182x300.png 182w\" sizes=\"auto, (max-width: 324px) 100vw, 324px\" \/>  <strong>Unsere MitarbeiterInnen der Schule<\/strong><\/td><\/tr><\/tbody><\/table><\/figure>\n\n\n\n<p class=\"has-text-align-left\">Herr Bruns, Frau Swinke<\/p>\n\n\n\n<figure class=\"wp-block-table is-style-stripes has-medium-font-size\"><table><tbody><tr><td class=\"has-text-align-left\" data-align=\"left\"><img loading=\"lazy\" decoding=\"async\" width=\"353\" height=\"512\" class=\"wp-image-749\" style=\"width: 21px\" src=\"https:\/\/wordpress.nibis.de\/ass-go\/files\/2023\/11\/ASS_Logo_Entwurf_Blatt_Rot.png\" alt=\"\" srcset=\"https:\/\/wordpress.nibis.de\/ass-go\/files\/2023\/11\/ASS_Logo_Entwurf_Blatt_Rot.png 353w, https:\/\/wordpress.nibis.de\/ass-go\/files\/2023\/11\/ASS_Logo_Entwurf_Blatt_Rot-207x300.png 207w\" sizes=\"auto, (max-width: 353px) 100vw, 353px\" \/> <strong>Unsere Schulleiterin<\/strong> <\/td><\/tr><\/tbody><\/table><\/figure>\n\n\n\n<p class=\"has-text-align-left\">Frau Mergell<\/p>\n","protected":false},"excerpt":{"rendered":"<p>Unsere Lehrkr\u00e4fte Frau Bethe, Herr Claa\u00dfen, Frau Harms, Frau Honecker, Frau Knauer, Frau Leute, Frau Moschanaki, Frau de Riese, Frau Reverey, Frau Rybicki, Frau Schl\u00f6sser, Frau Schweer, Frau Ulrich Unsere P\u00e4dagogischen MitarbeiterInnen Frau Eppler, Frau Kr\u00fcger, Frau Seebode, Frau Taticek, Frau Thies Unser Team wird durch engagierte SchulbegleiterInnen erg\u00e4nzt. Unsere MitarbeiterInnen der Schule Herr Bruns, &hellip; <a href=\"https:\/\/wordpress.nibis.de\/ass-go\/unser-team\/\" class=\"more-link\"><span class=\"screen-reader-text\">Unser Team<\/span> weiterlesen<\/a><\/p>\n","protected":false},"author":9194276,"featured_media":0,"parent":0,"menu_order":0,"comment_status":"closed","ping_status":"closed","template":"","meta":{"footnotes":""},"class_list":["post-71","page","type-page","status-publish","hentry"],"_links":{"self":[{"href":"https:\/\/wordpress.nibis.de\/ass-go\/wp-json\/wp\/v2\/pages\/71","targetHints":{"allow":["GET"]}}],"collection":[{"href":"https:\/\/wordpress.nibis.de\/ass-go\/wp-json\/wp\/v2\/pages"}],"about":[{"href":"https:\/\/wordpress.nibis.de\/ass-go\/wp-json\/wp\/v2\/types\/page"}],"author":[{"embeddable":true,"href":"https:\/\/wordpress.nibis.de\/ass-go\/wp-json\/wp\/v2\/users\/9194276"}],"replies":[{"embeddable":true,"href":"https:\/\/wordpress.nibis.de\/ass-go\/wp-json\/wp\/v2\/comments?post=71"}],"version-history":[{"count":31,"href":"https:\/\/wordpress.nibis.de\/ass-go\/wp-json\/wp\/v2\/pages\/71\/revisions"}],"predecessor-version":[{"id":2429,"href":"https:\/\/wordpress.nibis.de\/ass-go\/wp-json\/wp\/v2\/pages\/71\/revisions\/2429"}],"wp:attachment":[{"href":"https:\/\/wordpress.nibis.de\/ass-go\/wp-json\/wp\/v2\/media?parent=71"}],"curies":[{"name":"wp","href":"https:\/\/api.w.org\/{rel}","templated":true}]}}

<figure class="wp-block-image size-large is-style-default"><img loading="lazy" decoding="async" width="1024" height="723" src="https://wordpress.nibis.de/ass-go/files/2024/10/IMG_0991-1024x723.jpeg" alt="" class="wp-image-1608" srcset="https://wordpress.nibis.de/ass-go/files/2024/10/IMG_0991-1024x723.jpeg 1024w, https://wordpress.nibis.de/ass-go/files/2024/10/IMG_0991-300x212.jpeg 300w, https://wordpress.nibis.de/ass-go/files/2024/10/IMG_0991-768x542.jpeg 768w, https://wordpress.nibis.de/ass-go/files/2024/10/IMG_0991-1536x1084.jpeg 1536w, https://wordpress.nibis.de/ass-go/files/2024/10/IMG_0991-2048x1445.jpeg 2048w" sizes="auto, (max-width: 1024px) 100vw, 1024px" /><figcaption class="wp-element-caption">Das Team der ASS</figcaption></figure>



<figure class="wp-block-table is-style-stripes has-medium-font-size"><table><tbody><tr><td class="has-text-align-left" data-align="left"><img loading="lazy" decoding="async" width="311" height="543" class="wp-image-747" style="width: 20px" src="https://wordpress.nibis.de/ass-go/files/2023/11/ASS_Logo_Entwurf_Blatt_Gelb.png" alt="" srcset="https://wordpress.nibis.de/ass-go/files/2023/11/ASS_Logo_Entwurf_Blatt_Gelb.png 311w, https://wordpress.nibis.de/ass-go/files/2023/11/ASS_Logo_Entwurf_Blatt_Gelb-172x300.png 172w" sizes="auto, (max-width: 311px) 100vw, 311px" /> <strong>Unsere Lehrkräfte</strong></td></tr></tbody></table></figure>



<p class="has-text-align-left">Frau Bethe, Herr Claaßen, Frau Harms, Frau Honecker, Frau Knauer, Frau Leute, Frau Moschanaki, Frau de Riese, Frau Reverey, Frau Rybicki, Frau Schlösser, Frau Schweer, Frau Ulrich</p>



<figure class="wp-block-table is-style-stripes has-medium-font-size"><table><tbody><tr><td class="has-text-align-left" data-align="left"><img loading="lazy" decoding="async" width="311" height="543" class="wp-image-748" style="width: 20px" src="https://wordpress.nibis.de/ass-go/files/2023/11/ASS_Logo_Entwurf_Blatt_Gruen.png" alt="" srcset="https://wordpress.nibis.de/ass-go/files/2023/11/ASS_Logo_Entwurf_Blatt_Gruen.png 311w, https://wordpress.nibis.de/ass-go/files/2023/11/ASS_Logo_Entwurf_Blatt_Gruen-172x300.png 172w" sizes="auto, (max-width: 311px) 100vw, 311px" />  <strong>Unsere Pädagogischen MitarbeiterInnen</strong></td></tr></tbody></table></figure>



<p class="has-text-align-left">Frau Eppler, Frau Krüger, Frau Seebode, Frau Taticek, Frau Thies</p>



<p class="has-text-align-left"><em>Unser Team wird durch engagierte SchulbegleiterInnen ergänzt.</em></p>



<figure class="wp-block-table is-style-stripes has-medium-font-size"><table><tbody><tr><td class="has-text-align-left" data-align="left"><img loading="lazy" decoding="async" width="324" height="534" class="wp-image-746" style="width: 20px" src="https://wordpress.nibis.de/ass-go/files/2023/11/ASS_Logo_Entwurf_Blatt_Blau.png" alt="" srcset="https://wordpress.nibis.de/ass-go/files/2023/11/ASS_Logo_Entwurf_Blatt_Blau.png 324w, https://wordpress.nibis.de/ass-go/files/2023/11/ASS_Logo_Entwurf_Blatt_Blau-182x300.png 182w" sizes="auto, (max-width: 324px) 100vw, 324px" />  <strong>Unsere MitarbeiterInnen der Schule</strong></td></tr></tbody></table></figure>



<p class="has-text-align-left">Herr Bruns, Frau Swinke</p>



<figure class="wp-block-table is-style-stripes has-medium-font-size"><table><tbody><tr><td class="has-text-align-left" data-align="left"><img loading="lazy" decoding="async" width="353" height="512" class="wp-image-749" style="width: 21px" src="https://wordpress.nibis.de/ass-go/files/2023/11/ASS_Logo_Entwurf_Blatt_Rot.png" alt="" srcset="https://wordpress.nibis.de/ass-go/files/2023/11/ASS_Logo_Entwurf_Blatt_Rot.png 353w, https://wordpress.nibis.de/ass-go/files/2023/11/ASS_Logo_Entwurf_Blatt_Rot-207x300.png 207w" sizes="auto, (max-width: 353px) 100vw, 353px" /> <strong>Unsere Schulleiterin</strong> </td></tr></tbody></table></figure>



<p class="has-text-align-left">Frau Mergell</p>

<p>Unsere Lehrkräfte Frau Bethe, Herr Claaßen, Frau Harms, Frau Honecker, Frau Knauer, Frau Leute, Frau Moschanaki, Frau de Riese, Frau Reverey, Frau Rybicki, Frau Schlösser, Frau Schweer, Frau Ulrich Unsere Pädagogischen MitarbeiterInnen Frau Eppler, Frau Krüger, Frau Seebode, Frau Taticek, Frau Thies Unser Team wird durch engagierte SchulbegleiterInnen ergänzt. Unsere MitarbeiterInnen der Schule Herr Bruns, &hellip; <a href="https://wordpress.nibis.de/ass-go/unser-team/" class="more-link"><span class="screen-reader-text">Unser Team</span> weiterlesen</a></p>
