{"id":656,"date":"2020-03-28T10:06:50","date_gmt":"2020-03-28T09:06:50","guid":{"rendered":"https:\/\/wordpress.nibis.de\/asswl\/?page_id=656"},"modified":"2025-01-15T11:46:58","modified_gmt":"2025-01-15T10:46:58","slug":"ganztag","status":"publish","type":"page","link":"https:\/\/wordpress.nibis.de\/asswl\/ganztag\/","title":{"rendered":"Ganztag"},"content":{"rendered":"\n<p>Liebe Eltern und Sch\u00fcler\/Innen,<\/p>\n<p>mit Beginn des Schuljahres 2023 \/ 2024 \u00fcbernimmt das DRK als Tr\u00e4ger das Ganztags-Angebot an unserer Schule.<\/p>\n<h3><span style=\"color: #000000\"><strong>Was bedeutet Ganztag?<\/strong><\/span><\/h3>\n<p><img loading=\"lazy\" decoding=\"async\" class=\"size-medium wp-image-1135 alignleft\" src=\"https:\/\/wordpress.nibis.de\/asswl\/files\/2021\/08\/DSCN0006-300x225.jpg\" alt=\"\" width=\"300\" height=\"225\" srcset=\"https:\/\/wordpress.nibis.de\/asswl\/files\/2021\/08\/DSCN0006-300x225.jpg 300w, https:\/\/wordpress.nibis.de\/asswl\/files\/2021\/08\/DSCN0006-768x576.jpg 768w, https:\/\/wordpress.nibis.de\/asswl\/files\/2021\/08\/DSCN0006.jpg 893w\" sizes=\"auto, (max-width: 300px) 100vw, 300px\" \/><\/p>\n<p>Ganztag ist eine Form der \u201eTagesschule\u201c, die zum Ziel hat, den Sch\u00fclern\/Innen auch nach Unterrichtsschluss am Nachmittag ein buntes Angebot in der Schule zu bieten.<\/p>\n<p>Der <strong>offene Ganztag<\/strong> findet an unserer Schule in der Zeit von <strong>13-15.30 Uhr<\/strong> statt.<\/p>\n<p><strong>\u00a0<\/strong><\/p>\n<h3>\u00a0<\/h3>\n<h3><span style=\"color: #000000\"><strong>Wie ist der Ganztag gegliedert\/aufgebaut?<\/strong><\/span><\/h3>\n<p><span style=\"color: #000000\">Uns ist es wichtig, diese <strong>4 BEREICHE<\/strong> abzudecken:<\/span><\/p>\n<p><span style=\"color: #000000\"><strong>ESSEN<\/strong><\/span><\/p>\n<p><span style=\"color: #000000\"><strong>HAUSAUFGABEN\/LERNZEIT<\/strong><\/span><\/p>\n<p><span style=\"color: #000000\"><strong>ARBEITSGEMEINSCHAFTEN<\/strong><\/span><\/p>\n<p><span style=\"color: #000000\"><strong>FREIZEIT\/FREIES SPIEL<\/strong><\/span><\/p>\n<p><img loading=\"lazy\" decoding=\"async\" class=\"size-medium wp-image-1137 alignright\" src=\"https:\/\/wordpress.nibis.de\/asswl\/files\/2021\/08\/DSCN0016-300x225.jpg\" alt=\"\" width=\"300\" height=\"225\" srcset=\"https:\/\/wordpress.nibis.de\/asswl\/files\/2021\/08\/DSCN0016-300x225.jpg 300w, https:\/\/wordpress.nibis.de\/asswl\/files\/2021\/08\/DSCN0016-768x576.jpg 768w, https:\/\/wordpress.nibis.de\/asswl\/files\/2021\/08\/DSCN0016.jpg 893w\" sizes=\"auto, (max-width: 300px) 100vw, 300px\" \/><\/p>\n<p>Zun\u00e4chst einmal bieten wir eine kindgerechte und gemeinsam eingenommene Mahlzeit in unserer schuleigenen Mensa an. Anbieter: <a href=\"https:\/\/www.essen-in-der-schule.de\/\">https:\/\/www.essen-in-der-schule.de\/<\/a><\/p>\n<p>Danach ist der Bereich des freien Spiels (Freizeit) enorm wichtig. Denn nach dem arbeitsintensiven Vormittag soll auch die M\u00f6glichkeit des \u201eAbschaltens\u201c nicht fehlen. Viel frische Luft bei Wind und Wetter ist uns dabei wichtig. Denken Sie an den Spruch:<\/p>\n<p><strong>Es gibt kein schlechtes Wetter, nur schlechte Kleidung!<\/strong><\/p>\n<p>Au\u00dferdem bekommen alle Sch\u00fcler\/Innen die M\u00d6GLICHKEIT in durch Lehrkr\u00e4fte betreuten Gruppen die Hausaufgaben zu erledigen.<\/p>\n<p>Zus\u00e4tzlich gibt es nach den Hausaufgaben Angebote in Form von wechselnden Arbeitsgemeinschaften in den Bereichen Sport, Kunst, Musik, Spiel, Sprache, Theater und Technik. Dadurch sollen Interessen, F\u00e4higkeiten und St\u00e4rken Ihrer Kinder gef\u00f6rdert werden und auch der Spa\u00df soll nicht zu kurz kommen.<\/p>\n<p>\u00a0<\/p>\n<h3><span style=\"color: #000000\"><strong>Was kostet das Mittagessen?<\/strong><\/span><\/h3>\n<p><img loading=\"lazy\" decoding=\"async\" class=\"size-medium wp-image-1138 alignleft\" src=\"https:\/\/wordpress.nibis.de\/asswl\/files\/2021\/08\/1-300x225.jpg\" alt=\"\" width=\"300\" height=\"225\" srcset=\"https:\/\/wordpress.nibis.de\/asswl\/files\/2021\/08\/1-300x225.jpg 300w, https:\/\/wordpress.nibis.de\/asswl\/files\/2021\/08\/1-1024x768.jpg 1024w, https:\/\/wordpress.nibis.de\/asswl\/files\/2021\/08\/1-768x576.jpg 768w, https:\/\/wordpress.nibis.de\/asswl\/files\/2021\/08\/1.jpg 1364w\" sizes=\"auto, (max-width: 300px) 100vw, 300px\" \/>Das Mittagessen ist fester Bestandteil der Teilnahme am Ganztag und kostet 4,95 \u20ac. \u00a0Die Beantragung einer staatlichen F\u00f6rderung ist bei Bedarf m\u00f6glich (Bildungs- und Teilhabepaket). Infos dazu erhalten Sie bei zust\u00e4ndigen \u00c4mtern oder unseren Sozialp\u00e4dagoginnen Frau Peters, Frau J\u00fcrgens und Frau Prasuhn: <a href=\"https:\/\/wordpress.nibis.de\/asswl\/schulsozialarbeit\/\">Schulsozialarbeit<\/a><\/p>\n<p>\u00a0<\/p>\n<h3><span style=\"color: #000000\"><strong>Wer bereitet das Mittagessen zu?<\/strong><\/span><\/h3>\n<p><img loading=\"lazy\" decoding=\"async\" class=\"size-medium wp-image-1136 alignright\" src=\"https:\/\/wordpress.nibis.de\/asswl\/files\/2021\/08\/DSCN0011-300x225.jpg\" alt=\"\" width=\"300\" height=\"225\" srcset=\"https:\/\/wordpress.nibis.de\/asswl\/files\/2021\/08\/DSCN0011-300x225.jpg 300w, https:\/\/wordpress.nibis.de\/asswl\/files\/2021\/08\/DSCN0011-768x576.jpg 768w, https:\/\/wordpress.nibis.de\/asswl\/files\/2021\/08\/DSCN0011.jpg 893w\" sizes=\"auto, (max-width: 300px) 100vw, 300px\" \/>Bei dem externen Betreiber der Mensa handelt es sich um die Firma Men\u00fcpartner und das Essen wird t\u00e4glich in der Schule gekocht. Es gibt verschiedene Gerichte (auch ohne Fleisch und komplett <span style=\"text-decoration: underline\">ohne<\/span> Schweinefleisch) zwischen denen im Vorfeld bei der Bestellung ausgew\u00e4hlt werden kann: <a href=\"https:\/\/mpibs.de\/skitbs\/\">Men\u00fcpartner<\/a><\/p>\n<p>\u00a0<\/p>\n<h3><span style=\"color: #000000\"><strong>Wie l\u00e4uft der Ganztag ab?<\/strong><\/span><\/h3>\n<p>Im Folgenden k\u00f6nnen Sie\/ k\u00f6nnt ihr die Pl\u00e4ne der 1.und 2. Klassen, sowie der 3. und 4. Klassen sehen. Die einzelnen Bereiche sind farblich gekennzeichnet.<\/p>\n<p><strong>Jahrgang 1 (ohne 5. Stunde):<\/strong><\/p>\n<p>11.50 Uhr &#8211; 12.25 Uhr <span style=\"color: #000000\"><strong>Mittagessen<\/strong><\/span><\/p>\n<p>12.15 Uhr &#8211; 13.00 Uhr <span style=\"color: #000000\"><strong>Hausaufgaben\/Lernzeit<\/strong><\/span><\/p>\n<p>13.00 Uhr &#8211; 15.30 Uhr\u00a0 <span style=\"color: #000000\"><strong>AG-Zeit\/Spielzeit<\/strong><\/span><\/p>\n<p><strong>\u00a0<\/strong><\/p>\n<p><strong>Jahrgang 2 (ohne 5. Stunde):<br \/><\/strong><\/p>\n<p>11.50 Uhr &#8211; 12.35 Uhr <span style=\"color: #000000\"><strong>Hausaufgaben\/Lernzeit<\/strong><\/span><\/p>\n<p>12.25 Uhr &#8211; 13.00 Uhr <span style=\"color: #000000\"><strong>Mittagessen<\/strong><\/span><\/p>\n<p>13.00 Uhr \u2013 15.30 Uhr <span style=\"color: #000000\"><strong>AG-Zeit<\/strong><strong>\/Spielzeit<\/strong><\/span><\/p>\n<p>\u00a0<\/p>\n<p><strong>Jahrgang 3:<\/strong><\/p>\n<p>13.00 Uhr &#8211; 13.30 Uhr <strong>Mittagessen<\/strong><\/p>\n<p>13.15 Uhr &#8211; 14.00 Uhr <strong>Hausaufgaben\/Lernzeit<\/strong><\/p>\n<p>14 Uhr \u2013 15.30 Uhr <strong>AG-Zeit\/Spielzeit<\/strong><\/p>\n<p>\u00a0<\/p>\n<p><strong>Jahrgang 4:<\/strong><\/p>\n<p>13.00 Uhr &#8211; 13.45 Uhr <strong>Hausaufgaben\/Lernzeit<\/strong><\/p>\n<p>13.30 Uhr &#8211; 14.00 Uhr <strong>Mittagessen<\/strong><\/p>\n<p>14.00 Uhr &#8211; 15.30 Uhr <strong>AG-Zeit\/Spielzeit<\/strong><\/p>\n<p>\u00a0<\/p>\n<h3><span style=\"color: #000000\"><strong>Haben auch Sie Lust, unseren Ganztag zu bereichern?<\/strong><\/span><\/h3>\n<p>Bisherige Kooperationspartner im Ganztag sind die MUSIKSCHULE WINSEN und das JUGENDZENTRUM EGON\u2019S. Au\u00dferdem werden wir von vielen verschiedenen ehrenamtlich T\u00e4tigen unterst\u00fctzt.<\/p>\n<p>\u00dcber weitere Partner, Ideen und Anregungen w\u00fcrden wir uns nat\u00fcrlich freuen. Haben auch Sie Interesse an einer ehrenamtlichen T\u00e4tigkeit bei uns, oder kennen Sie jemanden, der auf der Suche nach einer solchen T\u00e4tigkeit ist? Dann melden Sie sich gerne bei der Ganztagskoordinatorin Frau Grunert.<\/p>\n<p>\u00a0<\/p>\n<h3><span style=\"color: #000000\"><strong>FR\u00dcH- UND ANSCHLUSSBETREUUNG<\/strong><\/span><\/h3>\n<p>Eine kostenpflichtige Fr\u00fchbetreuung ab 7.00 Uhr und eine Anschlussbetreuung von 15.30-17.00 Uhr wird durch die Stadt eingerichtet, wenn jeweils 5 Anmeldungen vorliegen. Die Anmeldeformulare finden Sie auf den folgenden Seiten:\u00a0 <a href=\"https:\/\/wordpress.nibis.de\/asswl\/anmeldeformular-fruehbetreuung\/\">Fr\u00fchbetreuung<\/a> &#8211; <a href=\"https:\/\/wordpress.nibis.de\/asswl\/anmeldeformular-spaetbetreuung\/\">Sp\u00e4tbetreuung<\/a><\/p>\n<table style=\"width: 0%;height: 72px\" width=\"600\">\n<tbody>\n<tr style=\"height: 24px\">\n<td style=\"width: 5910.95%;height: 24px\" width=\"142\">\u00a0<\/td>\n<td style=\"width: 62.5%;height: 24px\" width=\"458\">\u00a0<\/td>\n<\/tr>\n<tr style=\"height: 24px\">\n<td style=\"width: 5910.95%;height: 24px\" width=\"142\">\u00a0<\/td>\n<td style=\"width: 62.5%;height: 24px\" width=\"458\">\u00a0<\/td>\n<\/tr>\n<tr style=\"height: 24px\">\n<td style=\"width: 5910.95%;height: 24px\" width=\"142\">\u00a0<\/td>\n<td style=\"width: 62.5%;height: 24px\" width=\"458\">\u00a0<\/td>\n<\/tr>\n<\/tbody>\n<\/table>\n<p>\u00a0<\/p>\n<p>\u00a0<\/p>\n","protected":false},"excerpt":{"rendered":"<p>Liebe Eltern und Sch\u00fcler\/Innen, mit Beginn des Schuljahres 2023 \/ 2024 \u00fcbernimmt das DRK als Tr\u00e4ger das Ganztags-Angebot an unserer Schule. Was bedeutet Ganztag? Ganztag ist eine Form der \u201eTagesschule\u201c, die zum Ziel hat, den Sch\u00fclern\/Innen auch nach Unterrichtsschluss am &hellip; <a href=\"https:\/\/wordpress.nibis.de\/asswl\/ganztag\/\">Weiterlesen <span class=\"meta-nav\">&rarr;<\/span><\/a><\/p>\n","protected":false},"author":9192894,"featured_media":0,"parent":0,"menu_order":0,"comment_status":"closed","ping_status":"closed","template":"","meta":{"footnotes":""},"class_list":["post-656","page","type-page","status-publish","hentry"],"_links":{"self":[{"href":"https:\/\/wordpress.nibis.de\/asswl\/wp-json\/wp\/v2\/pages\/656","targetHints":{"allow":["GET"]}}],"collection":[{"href":"https:\/\/wordpress.nibis.de\/asswl\/wp-json\/wp\/v2\/pages"}],"about":[{"href":"https:\/\/wordpress.nibis.de\/asswl\/wp-json\/wp\/v2\/types\/page"}],"author":[{"embeddable":true,"href":"https:\/\/wordpress.nibis.de\/asswl\/wp-json\/wp\/v2\/users\/9192894"}],"replies":[{"embeddable":true,"href":"https:\/\/wordpress.nibis.de\/asswl\/wp-json\/wp\/v2\/comments?post=656"}],"version-history":[{"count":13,"href":"https:\/\/wordpress.nibis.de\/asswl\/wp-json\/wp\/v2\/pages\/656\/revisions"}],"predecessor-version":[{"id":1613,"href":"https:\/\/wordpress.nibis.de\/asswl\/wp-json\/wp\/v2\/pages\/656\/revisions\/1613"}],"wp:attachment":[{"href":"https:\/\/wordpress.nibis.de\/asswl\/wp-json\/wp\/v2\/media?parent=656"}],"curies":[{"name":"wp","href":"https:\/\/api.w.org\/{rel}","templated":true}]}}