{"id":44,"date":"2016-09-16T09:28:03","date_gmt":"2016-09-16T07:28:03","guid":{"rendered":"http:\/\/wordpress.nibis.de\/auefeld\/?page_id=44"},"modified":"2023-11-11T14:21:24","modified_gmt":"2023-11-11T13:21:24","slug":"unser-angebot-ganztag-tagesstatte","status":"publish","type":"page","link":"https:\/\/wordpress.nibis.de\/auefeld\/unser-angebot-ganztag-tagesstatte\/","title":{"rendered":"Unser Angebot"},"content":{"rendered":"<p><span style=\"color: #3366ff\"><strong>Unsere Schule geh\u00f6rt zum F\u00f6rderschulzweig Geistige Entwicklung.<\/strong><\/span><\/p>\n<p><strong>\u00a0<\/strong><\/p>\n<p><span style=\"color: #3366ff\"><strong>Unser ehemaliger F\u00f6rderschulzweig Lernen<\/strong><\/span><\/p>\n<p>Der F\u00f6rderschulzweig Lernen lief zum Ende des Schuljahres 2022\/23 aus. Hier werden keine weiteren Sch\u00fclerinnen und Sch\u00fcler aufgenommen.<\/p>\n<p>\u00a0<\/p>\n<p><span style=\"color: #3366ff\"><strong>Unser F\u00f6rderschulzweig Geistige\u00a0Entwicklung<\/strong><\/span><\/p>\n<p>Der F\u00f6rderschulzweig Geistige Entwicklung wird weiter bestehen bleiben. Dieser Bereich wird im Zuge der Inklusion nicht aufgel\u00f6st.\u00a0<\/p>\n<p><span style=\"color: #3366ff\">Das bedeutet:<\/span><\/p>\n<p>Im F\u00f6rderschulzweig Geistige Entwicklung beschulen wir weiterhin Sch\u00fcler*innen der Klassen 1 &#8211; 12<\/p>\n<p>Primarbereich &#8211; Sekundarbereich I &#8211; Sekundarbereich II<\/p>\n<p>In unserem F\u00f6rderschulzweig Geistige Entwicklung bereiten wir unsere Sch\u00fcler*innen mit festgestelltem sonderp\u00e4dagogischem Unterst\u00fctzungsbedarf Geistige Entwicklung intensiv auf ein m\u00f6glichst selbst\u00e4ndiges Leben vor. Unser umfassendes Angebot beinhaltet neben dem Erwerb von m\u00f6glichst viel \u201cSchulwissen\u201c die gezielte Vermittlung lebenspraktischer Grundlagen. Ausgebildete Lehrkr\u00e4fte unterrichten unsere Sch\u00fcler*innen gem\u00e4\u00df ihrem individuellem Lernverm\u00f6gen mit Unterst\u00fctzung durch p\u00e4dagogische und therapeutische Fachkr\u00e4fte.<\/p>\n<p><span style=\"color: #3366ff\">Unser Versprechen \u2026<\/span><\/p>\n<p>Wir arbeiten im F\u00f6rderschulzweig Geistige Entwicklung entsprechend der individuellen Lernvoraussetzungen der uns anvertrauten Sch\u00fcler*nnen. Wir bilden uns regelm\u00e4\u00dfig weiter und stellen uns neuen Herausforderungen, um unseren Sch\u00fcler*innen eine m\u00f6glichst erfolgreiche und gl\u00fcckliche Schulzeit bieten zu k\u00f6nnen.<\/p>\n<p><span style=\"color: #3366ff\">Haben wir Ihr Interesse geweckt ?<\/span><\/p>\n<p>Sollten wir Ihr Interesse an unserem F\u00f6rderschulzweig Geistige Entwicklung geweckt haben, sprechen Sie uns bitte an.<\/p>\n<p>Sie haben ein Kind mit festgestelltem sonderp\u00e4dagogischem Unterst\u00fctzungsbedarf Schwerpunkt Geistige Entwicklung \u2026<\/p>\n<p>Sie m\u00f6chten Ihr Kind mit festgestelltem sonderp\u00e4dagogischem Unterst\u00fctzungsbedarf Schwerpunkt Geistige Entwicklung in einer entsprechenden F\u00f6rderschule einschulen \u2026<\/p>\n<p>Ihr Kind mit festgestelltem sonderp\u00e4dagogischem Unterst\u00fctzungsbedarf Geistige Entwicklung kommt in der Inklusion nicht zurecht \u2026<\/p>\n<p>Wir stellen Ihnen unseren F\u00f6rderschulzweig Geistige Entwicklung gerne vor.<\/p>\n<p>Wir nehmen Sch\u00fcler*innen der Klassen 1 &#8211; 12 auf.<\/p>\n<p><span style=\"color: #3366ff\"><strong>Berufsorientierung<\/strong><\/span><\/p>\n<p>Ein wichtiger Schwerpunkt f\u00fcr unsere Sch\u00fclerinnen und Sch\u00fcler ist die intensive Vorbereitung auf das Berufsleben. Wir kooperieren mit der BBS M\u00fcnden in Form von Berufsinformationstagen, unsere Sch\u00fcler\/innen durchlaufen mindestens zwei Praktika in Betrieben unseres Umfeldes. In Zusammenarbeit mit der Agentur f\u00fcr Arbeit und anderen unterst\u00fctzenden Organisationen wie zum Beispiel den G\u00f6ttinger Werkst\u00e4tten entwickeln wir in Absprache mit den Erziehungsberechtigten Zukunftsperspektiven f\u00fcr jede Einzelne und jeden Einzelnen.\u00a0<\/p>\n\n\n<p><span style=\"color: #3366ff\"><strong>Digitales Lernen<\/strong><\/span><\/p>\n\n\n\n<p>Im Unterricht werden interaktive Lern-Apps regelm\u00e4\u00dfig am iPad oder an unseren Galneoboard zum individuellen digitalen Lernen verwendet. Dazu geh\u00f6rt das Arbeiten mit der Anton sowie der Worksheet Go! App als auch das webbasierte Arbeiten bei Schlaufuchs.de und Learningapps.org.<\/p>\n<p>Einige einfache webbasierte Lern-Apps (learningapps.org) finden Sie <a href=\"https:\/\/learningapps.org\/user\/julianfaupel\">hier<\/a>! Ihrem Kind viel Spa\u00df beim Lernen!<\/p>\n<p>\u00a0<\/p>\n<p><span style=\"color: #3366ff\"><strong>Ganztagsangebot &amp; Tagesst\u00e4tte\u00a0<\/strong><\/span><\/p>\n<p>Unsere Unterrichtszeiten sind Montag bis Donnerstag von 7.45 Uhr bis 13.00 Uhr und freitags bis 11.15 Uhr. Dar\u00fcber hinaus kann Ihr f\u00fcr das Ganztagsangebot (montags, dienstags und mittwochs bis jeweils 15.15 Uhr) mit unterschiedlichen Arbeitsgemeinschaften (z.B.: Kreativ AB, Koch-Snack AG, Lauf- und Tanz AG, Jahreszeiten AG, Erste-Hilfe AG, Musik AG ,etc.) angemeldet werden. Dabei ist die Anmeldung f\u00fcr ein, zwei oder alle drei Tage m\u00f6glich. Bevorzugt wird jedoch die Anmeldung f\u00fcr alle drei Tage, um den Sch\u00fclerinnen und Sch\u00fcler gleichbleibende Tagesstrukturen zu bieten. Zus\u00e4tzlich stehen wir in sehr enger Kooperation und personellem Austausch mit der Tagesst\u00e4tte des Deutschen Roten Kreuz, welche direkt an unsere Schule angeschlossen ist. Diese bietet montags bis mittwochs eine \u00a0Betreuungszeit bis 15.15 Uhr, donnerstags bis 15 Uhr und freitags bis 14 Uhr an. Zus\u00e4tzlich wird in allen Schulferien eine Ferienbetreuung angeboten. Im Gegensatz zum Ganztagsangebot unserer Schule, erhalten die Sch\u00fclerinnen und Sch\u00fcler in der Tagesst\u00e4tte ein warmes Mittagessen. Weitere Informationen und Ansprechpartner*innen zur Antragsstellung finden Sie <a href=\"https:\/\/www.drk-goe-nom.de\/angebote\/kindertagesstaetten\/unsere-kitas\/tagesstaette-foerderschule.html\">hier<\/a>!\u00a0<\/p>\n","protected":false},"excerpt":{"rendered":"<p>Unsere Schule geh\u00f6rt zum F\u00f6rderschulzweig Geistige Entwicklung. \u00a0 Unser ehemaliger F\u00f6rderschulzweig Lernen Der F\u00f6rderschulzweig Lernen lief zum Ende des Schuljahres 2022\/23 aus. Hier werden keine weiteren Sch\u00fclerinnen und Sch\u00fcler aufgenommen. \u00a0 Unser F\u00f6rderschulzweig Geistige\u00a0Entwicklung Der F\u00f6rderschulzweig Geistige Entwicklung wird weiter bestehen bleiben. Dieser Bereich wird im Zuge der Inklusion nicht aufgel\u00f6st.\u00a0 Das bedeutet: Im F\u00f6rderschulzweig [&hellip;]<\/p>\n","protected":false},"author":1101,"featured_media":0,"parent":0,"menu_order":0,"comment_status":"closed","ping_status":"closed","template":"","meta":{"footnotes":""},"class_list":["post-44","page","type-page","status-publish","hentry"],"_links":{"self":[{"href":"https:\/\/wordpress.nibis.de\/auefeld\/wp-json\/wp\/v2\/pages\/44","targetHints":{"allow":["GET"]}}],"collection":[{"href":"https:\/\/wordpress.nibis.de\/auefeld\/wp-json\/wp\/v2\/pages"}],"about":[{"href":"https:\/\/wordpress.nibis.de\/auefeld\/wp-json\/wp\/v2\/types\/page"}],"author":[{"embeddable":true,"href":"https:\/\/wordpress.nibis.de\/auefeld\/wp-json\/wp\/v2\/users\/1101"}],"replies":[{"embeddable":true,"href":"https:\/\/wordpress.nibis.de\/auefeld\/wp-json\/wp\/v2\/comments?post=44"}],"version-history":[{"count":16,"href":"https:\/\/wordpress.nibis.de\/auefeld\/wp-json\/wp\/v2\/pages\/44\/revisions"}],"predecessor-version":[{"id":1281,"href":"https:\/\/wordpress.nibis.de\/auefeld\/wp-json\/wp\/v2\/pages\/44\/revisions\/1281"}],"wp:attachment":[{"href":"https:\/\/wordpress.nibis.de\/auefeld\/wp-json\/wp\/v2\/media?parent=44"}],"curies":[{"name":"wp","href":"https:\/\/api.w.org\/{rel}","templated":true}]}}