{"id":917,"date":"2023-02-19T10:12:47","date_gmt":"2023-02-19T09:12:47","guid":{"rendered":"https:\/\/wordpress.nibis.de\/auefeld\/?page_id=917"},"modified":"2026-03-18T08:31:55","modified_gmt":"2026-03-18T07:31:55","slug":"gebaerdensprache","status":"publish","type":"page","link":"https:\/\/wordpress.nibis.de\/auefeld\/unser-angebot-ganztag-tagesstatte\/gebaerdensprache\/","title":{"rendered":"Geb\u00e4rdensprache"},"content":{"rendered":"\n\n\n<hr class=\"wp-block-separator has-css-opacity\" \/>\n\n\n\n<figure class=\"wp-block-pullquote has-text-align-center\"><blockquote><p>An unserer Schule lernen wir mit unseren Sch\u00fclerinnen und Sch\u00fclern gemeinsam W\u00f6rter der ,,Deutschen Geb\u00e4rdensprache&#8220; nach Karin Kestner. <br>Regelm\u00e4\u00dfig kommen neue Vokabeln hinzu und die bisherigen werden wiederholt. <\/p><\/blockquote><\/figure>\n\n\n\n<div class=\"wp-block-buttons is-content-justification-center is-layout-flex wp-container-core-buttons-is-layout-16018d1d wp-block-buttons-is-layout-flex\">\n<div class=\"wp-block-button\"><a class=\"wp-block-button__link has-vivid-cyan-blue-background-color has-background wp-element-button\" href=\"https:\/\/web.kestner.de\/\" target=\"_blank\" rel=\"noreferrer noopener\">Webseite des Karin Kestner Verlags &amp; Infos zur Geb\u00e4rdensprache<\/a><\/div>\n<\/div>\n\n\n\n<p><\/p>\n\n\n<div class=\"wp-block-image\">\n<figure class=\"aligncenter size-full is-resized\"><a href=\"https:\/\/web.kestner.de\/\"><img loading=\"lazy\" decoding=\"async\" width=\"312\" height=\"136\" src=\"https:\/\/wordpress.nibis.de\/auefeld\/files\/2023\/02\/Screenshot-2023-02-19-at-10.02.28.png\" alt=\"\" class=\"wp-image-919\" style=\"width:294px;height:128px\" srcset=\"https:\/\/wordpress.nibis.de\/auefeld\/files\/2023\/02\/Screenshot-2023-02-19-at-10.02.28.png 312w, https:\/\/wordpress.nibis.de\/auefeld\/files\/2023\/02\/Screenshot-2023-02-19-at-10.02.28-300x131.png 300w\" sizes=\"auto, (max-width: 312px) 100vw, 312px\" \/><\/a><\/figure>\n<\/div>\n\n\n<hr class=\"wp-block-separator has-css-opacity\" \/>\n\n\n\n<h2><span style=\"color: #3366ff\"><strong>Geb\u00e4rde der Woche:<\/strong><\/span><\/h2>\n\n\n<div class=\"wp-block-image\">\n<figure class=\"aligncenter size-large\"><img loading=\"lazy\" decoding=\"async\" width=\"661\" height=\"1024\" src=\"https:\/\/wordpress.nibis.de\/auefeld\/files\/2026\/03\/Bildschirmfoto-2026-03-18-um-08.31.39-661x1024.png\" alt=\"\" class=\"wp-image-1761\" srcset=\"https:\/\/wordpress.nibis.de\/auefeld\/files\/2026\/03\/Bildschirmfoto-2026-03-18-um-08.31.39-661x1024.png 661w, https:\/\/wordpress.nibis.de\/auefeld\/files\/2026\/03\/Bildschirmfoto-2026-03-18-um-08.31.39-194x300.png 194w, https:\/\/wordpress.nibis.de\/auefeld\/files\/2026\/03\/Bildschirmfoto-2026-03-18-um-08.31.39-768x1189.png 768w, https:\/\/wordpress.nibis.de\/auefeld\/files\/2026\/03\/Bildschirmfoto-2026-03-18-um-08.31.39-100x155.png 100w, https:\/\/wordpress.nibis.de\/auefeld\/files\/2026\/03\/Bildschirmfoto-2026-03-18-um-08.31.39.png 984w\" sizes=\"auto, (max-width: 661px) 100vw, 661px\" \/><\/figure>\n<\/div>\n\n\n<hr class=\"wp-block-separator has-css-opacity\" \/>\n\n\n\n<h2><span style=\"color: #3366ff\">Interesse an mehr Geb\u00e4rden? <\/span><\/h2>\n\n\n\n<div class=\"wp-block-file\"><a id=\"wp-block-file--media-322877c5-ad48-4a38-af01-eacb9802ac2d\">Hier klicken &#8211;&gt;<\/a><a href=\"https:\/\/wordpress.nibis.de\/auefeld\/files\/2023\/02\/Gebaerden-Memory-Teil-Februar-2023-2.pdf\" class=\"wp-block-file__button wp-element-button\" download aria-describedby=\"wp-block-file--media-322877c5-ad48-4a38-af01-eacb9802ac2d\">Herunterladen<\/a><\/div>\n\n\n\n<p><\/p>\n\n\n\n<hr>\n<p>&nbsp;<\/p>\n\n\n\n<div style=\"width: 480px;\" class=\"wp-video\"><video class=\"wp-video-shortcode\" id=\"video-917-1\" width=\"480\" height=\"864\" poster=\"https:\/\/wordpress.nibis.de\/auefeld\/files\/2023\/10\/Screenshot-2023-10-05-at-08.33.39.png\" preload=\"metadata\" controls=\"controls\"><source type=\"video\/mp4\" src=\"https:\/\/wordpress.nibis.de\/auefeld\/files\/2023\/10\/WhatsApp-Video-2023-09-28-at-1.24.34-PM.mp4?_=1\" \/><a href=\"https:\/\/wordpress.nibis.de\/auefeld\/files\/2023\/10\/WhatsApp-Video-2023-09-28-at-1.24.34-PM.mp4\">https:\/\/wordpress.nibis.de\/auefeld\/files\/2023\/10\/WhatsApp-Video-2023-09-28-at-1.24.34-PM.mp4<\/a><\/video><\/div>\n\n\n","protected":false},"excerpt":{"rendered":"<p>An unserer Schule lernen wir mit unseren Sch\u00fclerinnen und Sch\u00fclern gemeinsam W\u00f6rter der ,,Deutschen Geb\u00e4rdensprache&#8220; nach Karin Kestner. Regelm\u00e4\u00dfig kommen neue Vokabeln hinzu und die bisherigen werden wiederholt. Geb\u00e4rde der Woche: Interesse an mehr Geb\u00e4rden? &nbsp;<\/p>\n","protected":false},"author":1101,"featured_media":0,"parent":44,"menu_order":0,"comment_status":"closed","ping_status":"closed","template":"","meta":{"footnotes":""},"class_list":["post-917","page","type-page","status-publish","hentry"],"_links":{"self":[{"href":"https:\/\/wordpress.nibis.de\/auefeld\/wp-json\/wp\/v2\/pages\/917","targetHints":{"allow":["GET"]}}],"collection":[{"href":"https:\/\/wordpress.nibis.de\/auefeld\/wp-json\/wp\/v2\/pages"}],"about":[{"href":"https:\/\/wordpress.nibis.de\/auefeld\/wp-json\/wp\/v2\/types\/page"}],"author":[{"embeddable":true,"href":"https:\/\/wordpress.nibis.de\/auefeld\/wp-json\/wp\/v2\/users\/1101"}],"replies":[{"embeddable":true,"href":"https:\/\/wordpress.nibis.de\/auefeld\/wp-json\/wp\/v2\/comments?post=917"}],"version-history":[{"count":92,"href":"https:\/\/wordpress.nibis.de\/auefeld\/wp-json\/wp\/v2\/pages\/917\/revisions"}],"predecessor-version":[{"id":1762,"href":"https:\/\/wordpress.nibis.de\/auefeld\/wp-json\/wp\/v2\/pages\/917\/revisions\/1762"}],"up":[{"embeddable":true,"href":"https:\/\/wordpress.nibis.de\/auefeld\/wp-json\/wp\/v2\/pages\/44"}],"wp:attachment":[{"href":"https:\/\/wordpress.nibis.de\/auefeld\/wp-json\/wp\/v2\/media?parent=917"}],"curies":[{"name":"wp","href":"https:\/\/api.w.org\/{rel}","templated":true}]}}