{"id":1164,"date":"2016-06-06T20:00:48","date_gmt":"2016-06-06T18:00:48","guid":{"rendered":"http:\/\/wordpress.nibis.de\/awobs\/?page_id=1164"},"modified":"2024-11-27T12:37:14","modified_gmt":"2024-11-27T11:37:14","slug":"berufsmessen","status":"publish","type":"page","link":"https:\/\/wordpress.nibis.de\/awobs\/berufsmessen\/","title":{"rendered":"Berufsmessen"},"content":{"rendered":"<p><img loading=\"lazy\" decoding=\"async\" class=\"alignright\" src=\"https:\/\/wordpress.nibis.de\/awobs\/files\/2016\/06\/BBS.jpg\" alt=\"\" width=\"231\" height=\"188\">J\u00e4hrlich besuchen die Sch\u00fclerinnen und Sch\u00fcler des 9. und 10. Jahrgangs die <strong>Ausbildungsplatzb\u00f6rse<\/strong> der <a href=\"http:\/\/www.bbsverden.de\/\" target=\"_blank\" rel=\"noopener\">BBS Verden.<\/a> Sie bietet Sch\u00fclerinnen und Sch\u00fclern aus der Region die M\u00f6glichkeit, sich \u00fcber ihre berufliche Zukunft zu informieren. Zahlreiche Betriebe und Institutionen sind auf der Suche nach Auszubildenden, Praktikanten und \u201eDualen-Studierenden\u201c. Es pr\u00e4sentieren mehr als 110 Unternehmen, Institutionen und Hochschulen ihre Bildungsm\u00f6glichkeiten. Zuletzt gab es au\u00dferdem zus\u00e4tzliche Termine, an denen auch Eltern und Erziehungsberechtigte die Aussteller kennenlernen konnten.&nbsp;<\/p>\n\n\n<h4 class=\"wp-block-heading\"><\/h4>\n\n\n\n<p>&nbsp;<\/p>\n<p>&nbsp;<\/p>\n\n\n\n<h4 class=\"wp-block-heading\"><\/h4>\n\n\n\n<p><\/p>\n\n\n\n<p><\/p>\n\n\n\n<p><\/p>\n\n\n\n<p><\/p>\n\n\n\n<p><img loading=\"lazy\" decoding=\"async\" class=\"alignleft\" src=\"https:\/\/wordpress.nibis.de\/awobs\/files\/2022\/11\/aw_klein_600x250.jpg\" alt=\"\" width=\"366\" height=\"154\" \/>Die fr\u00fche und gr\u00fcndliche Vorbereitung auf die Berufswelt stellt an unserer Schule einen wichtigen Baustein dar. Um unsere Sch\u00fclerinnen und Sch\u00fclern bei ihrer Entscheidungsfindung zur Berufswahl zu unterst\u00fctzen, findet au\u00dferdem bei uns an der Aller-Weser-Oberschule alle 2 Jahre der <strong>Berufserkundungstag<\/strong> statt.<br \/>Dies ist eine Messe mit mehr als 35 Betrieben aus der unmittelbaren Region, bei der sich die Sch\u00fclerinnen und Sch\u00fcler des 8.-10. Jahrgangs und Firmen sowie Einrichtungen aus der Region vorstellen und kennenlernen k\u00f6nnen. F\u00fcr beide Seiten stellt dieser Tag eine besondere Chance dar: die Betriebe haben die Gelegenheit, f\u00fcr sich zu werben, ihre Ausbildungsberufe vorzustellen und diese an junge Menschen aus der Region zu vergeben.<br \/>Unsere Sch\u00fclerinnen und Sch\u00fcler bekommen die M\u00f6glichkeit, sich vorzustellen sowie eine Vielfalt an Ausbildungsberufen theoretisch und praktisch, durch eine Aufgabe, die ihnen die Inhalte der Ausbildungsberufe aktiv n\u00e4herbringt, kennenzulernen. Auf diese Weise versuchen wir die Sch\u00fclerinnen und Sch\u00fcler der Aller-Weser-Oberschule zu motivieren, eigenes Engagement bei der Berufswahl zu entwickeln, eigene St\u00e4rken und F\u00e4higkeiten herauszufinden sowie selber initiativ zu werden.<\/p>\n<p>\u00a0<\/p>\n<h4>\u27a1 <a href=\"https:\/\/wordpress.nibis.de\/awobs\/files\/2024\/11\/Messe-zugeschnitten-1.pdf\">Berufserkundungstag 2024<\/a><br \/>\u27a1 <a href=\"https:\/\/www.kreiszeitung.de\/lokales\/verden\/doerverden-ort52440\/berufserkundungstag-an-der-oberschule-doerverden-2022-die-fotos-91924114.html\">Berufserkundungstag 2022<\/a><\/h4>\n<p>\u00a0<\/p>\n<h4>\u00a0<\/h4>\n<h4>\u00a0<\/h4>\n","protected":false},"excerpt":{"rendered":"<p>J\u00e4hrlich besuchen die Sch\u00fclerinnen und Sch\u00fcler des 9. und 10. Jahrgangs die Ausbildungsplatzb\u00f6rse der BBS Verden. Sie bietet Sch\u00fclerinnen und Sch\u00fclern aus der Region die M\u00f6glichkeit, sich \u00fcber ihre berufliche Zukunft zu informieren. Zahlreiche Betriebe und Institutionen sind auf der Suche nach Auszubildenden, Praktikanten und \u201eDualen-Studierenden\u201c. Es pr\u00e4sentieren mehr als 110 Unternehmen, Institutionen und Hochschulen [&hellip;]<\/p>\n","protected":false},"author":876,"featured_media":0,"parent":0,"menu_order":0,"comment_status":"closed","ping_status":"closed","template":"","meta":{"footnotes":""},"class_list":["post-1164","page","type-page","status-publish","hentry"],"_links":{"self":[{"href":"https:\/\/wordpress.nibis.de\/awobs\/wp-json\/wp\/v2\/pages\/1164","targetHints":{"allow":["GET"]}}],"collection":[{"href":"https:\/\/wordpress.nibis.de\/awobs\/wp-json\/wp\/v2\/pages"}],"about":[{"href":"https:\/\/wordpress.nibis.de\/awobs\/wp-json\/wp\/v2\/types\/page"}],"author":[{"embeddable":true,"href":"https:\/\/wordpress.nibis.de\/awobs\/wp-json\/wp\/v2\/users\/876"}],"replies":[{"embeddable":true,"href":"https:\/\/wordpress.nibis.de\/awobs\/wp-json\/wp\/v2\/comments?post=1164"}],"version-history":[{"count":25,"href":"https:\/\/wordpress.nibis.de\/awobs\/wp-json\/wp\/v2\/pages\/1164\/revisions"}],"predecessor-version":[{"id":5488,"href":"https:\/\/wordpress.nibis.de\/awobs\/wp-json\/wp\/v2\/pages\/1164\/revisions\/5488"}],"wp:attachment":[{"href":"https:\/\/wordpress.nibis.de\/awobs\/wp-json\/wp\/v2\/media?parent=1164"}],"curies":[{"name":"wp","href":"https:\/\/api.w.org\/{rel}","templated":true}]}}

<p><img loading="lazy" decoding="async" class="alignright" src="https://wordpress.nibis.de/awobs/files/2016/06/BBS.jpg" alt="" width="231" height="188">Jährlich besuchen die Schülerinnen und Schüler des 9. und 10. Jahrgangs die <strong>Ausbildungsplatzbörse</strong> der <a href="http://www.bbsverden.de/" target="_blank" rel="noopener">BBS Verden.</a> Sie bietet Schülerinnen und Schülern aus der Region die Möglichkeit, sich über ihre berufliche Zukunft zu informieren. Zahlreiche Betriebe und Institutionen sind auf der Suche nach Auszubildenden, Praktikanten und „Dualen-Studierenden“. Es präsentieren mehr als 110 Unternehmen, Institutionen und Hochschulen ihre Bildungsmöglichkeiten. Zuletzt gab es außerdem zusätzliche Termine, an denen auch Eltern und Erziehungsberechtigte die Aussteller kennenlernen konnten.&nbsp;</p>


<h4 class="wp-block-heading"></h4>



<p>&nbsp;</p>
<p>&nbsp;</p>



<h4 class="wp-block-heading"></h4>



<p></p>



<p></p>



<p></p>



<p></p>



<p><img loading="lazy" decoding="async" class="alignleft" src="https://wordpress.nibis.de/awobs/files/2022/11/aw_klein_600x250.jpg" alt="" width="366" height="154" />Die frühe und gründliche Vorbereitung auf die Berufswelt stellt an unserer Schule einen wichtigen Baustein dar. Um unsere Schülerinnen und Schülern bei ihrer Entscheidungsfindung zur Berufswahl zu unterstützen, findet außerdem bei uns an der Aller-Weser-Oberschule alle 2 Jahre der <strong>Berufserkundungstag</strong> statt.<br />Dies ist eine Messe mit mehr als 35 Betrieben aus der unmittelbaren Region, bei der sich die Schülerinnen und Schüler des 8.-10. Jahrgangs und Firmen sowie Einrichtungen aus der Region vorstellen und kennenlernen können. Für beide Seiten stellt dieser Tag eine besondere Chance dar: die Betriebe haben die Gelegenheit, für sich zu werben, ihre Ausbildungsberufe vorzustellen und diese an junge Menschen aus der Region zu vergeben.<br />Unsere Schülerinnen und Schüler bekommen die Möglichkeit, sich vorzustellen sowie eine Vielfalt an Ausbildungsberufen theoretisch und praktisch, durch eine Aufgabe, die ihnen die Inhalte der Ausbildungsberufe aktiv näherbringt, kennenzulernen. Auf diese Weise versuchen wir die Schülerinnen und Schüler der Aller-Weser-Oberschule zu motivieren, eigenes Engagement bei der Berufswahl zu entwickeln, eigene Stärken und Fähigkeiten herauszufinden sowie selber initiativ zu werden.</p>
<p> </p>
<h4>➡ <a href="https://wordpress.nibis.de/awobs/files/2024/11/Messe-zugeschnitten-1.pdf">Berufserkundungstag 2024</a><br />➡ <a href="https://www.kreiszeitung.de/lokales/verden/doerverden-ort52440/berufserkundungstag-an-der-oberschule-doerverden-2022-die-fotos-91924114.html">Berufserkundungstag 2022</a></h4>
<p> </p>
<h4> </h4>
<h4> </h4>

<p>Jährlich besuchen die Schülerinnen und Schüler des 9. und 10. Jahrgangs die Ausbildungsplatzbörse der BBS Verden. Sie bietet Schülerinnen und Schülern aus der Region die Möglichkeit, sich über ihre berufliche Zukunft zu informieren. Zahlreiche Betriebe und Institutionen sind auf der Suche nach Auszubildenden, Praktikanten und „Dualen-Studierenden“. Es präsentieren mehr als 110 Unternehmen, Institutionen und Hochschulen [&hellip;]</p>
