{"id":157,"date":"2015-08-27T16:22:25","date_gmt":"2015-08-27T14:22:25","guid":{"rendered":"http:\/\/wordpress.nibis.de\/awobs\/?page_id=157"},"modified":"2026-03-09T10:58:50","modified_gmt":"2026-03-09T09:58:50","slug":"blaeserklasse","status":"publish","type":"page","link":"https:\/\/wordpress.nibis.de\/awobs\/blaeserklasse\/","title":{"rendered":"Bl\u00e4serklasse &#8211; Wir suchen dich!"},"content":{"rendered":"\n<p><strong><em>Wir freuen uns, wenn du Teil unserer neuen Bl\u00e4serklasse wirst!<\/em><\/strong><br><strong><em>Klick f\u00fcr weitere Informationen auf den Flyer!<\/em><\/strong><\/p>\n\n\n\n<p><\/p>\n\n\n\n<p><strong>Seit einigen Jahren gibt es wieder in jedem f\u00fcnften und sechsten Schuljahr unsere Bl\u00e4serklasse. Sch\u00fclerinnen und Sch\u00fcler aus verschiedenen Klassen kommen im Musikunterricht als \u201eBl\u00e4serklasse\u201c zusammen und erhalten so die besondere M\u00f6glichkeit, in der Schule ein Instrument zu lernen.<\/strong><\/p>\n\n\n\n<p><strong>Nach den Sommerferien wollen wir auch f\u00fcr die neuen F\u00fcnftkl\u00e4ssler(innen) eine Bl\u00e4serklasse einrichten. Ihr habt die tolle Chance, an dieser besonderen Form des Musikunterrichts teilzunehmen!&nbsp;<\/strong><\/p>\n\n\n\n<p>Es ist der Aller-Weser-Oberschule ein Anliegen, allen Sch\u00fclerinnen und Sch\u00fclern das Musizieren zu erm\u00f6glichen. Hierzu tr\u00e4gt das Angebot der Bl\u00e4serklasse entscheidend bei.<\/p>\n\n\n\n<p>Das Musikprofil \u201eBl\u00e4serklasse\u201c kann in der f\u00fcnften Klasse gew\u00e4hlt werden und dauert bis zum Ende der sechsten Klasse an. Die teilnehmenden Sch\u00fclerinnen und Sch\u00fcler lernen \u00fcber zwei Jahre ein Instrument und musizieren sowohl im Instrumentalunterricht in Kleingruppen als auch gemeinsam im Orchesterunterricht.<\/p>\n\n\n\n<p>Alle wichtigen Infos k\u00f6nnen Sie dem folgenden Flyer entnehmen!<\/p>\n\n\n\n<figure class=\"wp-block-image size-large\"><img loading=\"lazy\" decoding=\"async\" width=\"800\" height=\"566\" src=\"https:\/\/wordpress.nibis.de\/awobs\/files\/2024\/04\/OBS-Doerverden-02-Foto-fuer-Blaeserklassenhomepage-800x566.png\" alt=\"\" class=\"wp-image-5190\" srcset=\"https:\/\/wordpress.nibis.de\/awobs\/files\/2024\/04\/OBS-Doerverden-02-Foto-fuer-Blaeserklassenhomepage-800x566.png 800w, https:\/\/wordpress.nibis.de\/awobs\/files\/2024\/04\/OBS-Doerverden-02-Foto-fuer-Blaeserklassenhomepage-300x212.png 300w, https:\/\/wordpress.nibis.de\/awobs\/files\/2024\/04\/OBS-Doerverden-02-Foto-fuer-Blaeserklassenhomepage-768x543.png 768w, https:\/\/wordpress.nibis.de\/awobs\/files\/2024\/04\/OBS-Doerverden-02-Foto-fuer-Blaeserklassenhomepage-1536x1086.png 1536w, https:\/\/wordpress.nibis.de\/awobs\/files\/2024\/04\/OBS-Doerverden-02-Foto-fuer-Blaeserklassenhomepage.png 2000w\" sizes=\"auto, (max-width: 800px) 100vw, 800px\" \/><\/figure>\n\n\n\n<p>Bei der Anmeldung f\u00fcr die Aller-Weser-Oberschule k\u00f6nnen Sie Ihr Kind auch zur Teilnahme an der Bl\u00e4serklasse anmelden. Nutzen Sie hierf\u00fcr folgendes Formular&nbsp;:<\/p>\n\n\n\n<div data-wp-interactive=\"core\/file\" class=\"wp-block-file\"><object data-wp-bind--hidden=\"!state.hasPdfPreview\" hidden class=\"wp-block-file__embed\" data=\"https:\/\/wordpress.nibis.de\/awobs\/files\/2024\/04\/OBS-Doerverden-03-Datei-fuer-Blaeserklassenhomepage.pdf\" type=\"application\/pdf\" style=\"width:100%;height:600px\" aria-label=\"Einbettung von Anmeldung zur Bl\u00e4serklasse.\"><\/object><a id=\"wp-block-file--media-464b1230-2e8a-425a-a2f4-2149df416ee5\" href=\"https:\/\/wordpress.nibis.de\/awobs\/files\/2024\/04\/OBS-Doerverden-03-Datei-fuer-Blaeserklassenhomepage.pdf\">Anmeldung zur Bl\u00e4serklasse<\/a><a href=\"https:\/\/wordpress.nibis.de\/awobs\/files\/2024\/04\/OBS-Doerverden-03-Datei-fuer-Blaeserklassenhomepage.pdf\" class=\"wp-block-file__button wp-element-button\" download aria-describedby=\"wp-block-file--media-464b1230-2e8a-425a-a2f4-2149df416ee5\">Herunterladen<\/a><\/div>\n\n\n\n<p>Sp\u00e4ter werden auch diese Formulare notwendig, die Sie gerne schon einmal einsehen k\u00f6nnen:<\/p>\n\n\n\n<div data-wp-interactive=\"core\/file\" class=\"wp-block-file\"><object data-wp-bind--hidden=\"!state.hasPdfPreview\" hidden class=\"wp-block-file__embed\" data=\"https:\/\/wordpress.nibis.de\/awobs\/files\/2024\/04\/OBS-Doerverden-04-Vertrag-zur-Teilnahme-an-der-Blaeserklasse.pdf\" type=\"application\/pdf\" style=\"width:100%;height:600px\" aria-label=\"Einbettung von Vertrag zur Teilnahme an der Blaeserklasse.\"><\/object><a id=\"wp-block-file--media-8b2b5d20-8449-4985-84b8-a81bdf330866\" href=\"https:\/\/wordpress.nibis.de\/awobs\/files\/2024\/04\/OBS-Doerverden-04-Vertrag-zur-Teilnahme-an-der-Blaeserklasse.pdf\">Vertrag zur Teilnahme an der Blaeserklasse<\/a><a href=\"https:\/\/wordpress.nibis.de\/awobs\/files\/2024\/04\/OBS-Doerverden-04-Vertrag-zur-Teilnahme-an-der-Blaeserklasse.pdf\" class=\"wp-block-file__button wp-element-button\" download aria-describedby=\"wp-block-file--media-8b2b5d20-8449-4985-84b8-a81bdf330866\">Herunterladen<\/a><\/div>\n\n\n\n<hr class=\"wp-block-separator has-css-opacity\" \/>\n\n\n\n<div data-wp-interactive=\"core\/file\" class=\"wp-block-file\"><object data-wp-bind--hidden=\"!state.hasPdfPreview\" hidden class=\"wp-block-file__embed\" data=\"https:\/\/wordpress.nibis.de\/awobs\/files\/2024\/04\/OBS-Doerverden-05-Vertrag-zur-Vermietung-eines-Instruments.pdf\" type=\"application\/pdf\" style=\"width:100%;height:600px\" aria-label=\"Einbettung von Vertrag zur Vermietung eines Instruments.\"><\/object><a id=\"wp-block-file--media-8cfdc3da-a5a7-4cfa-99fe-53e333f1f3ce\" href=\"https:\/\/wordpress.nibis.de\/awobs\/files\/2024\/04\/OBS-Doerverden-05-Vertrag-zur-Vermietung-eines-Instruments.pdf\">Vertrag zur Vermietung eines Instruments<\/a><a href=\"https:\/\/wordpress.nibis.de\/awobs\/files\/2024\/04\/OBS-Doerverden-05-Vertrag-zur-Vermietung-eines-Instruments.pdf\" class=\"wp-block-file__button wp-element-button\" download aria-describedby=\"wp-block-file--media-8cfdc3da-a5a7-4cfa-99fe-53e333f1f3ce\">Herunterladen<\/a><\/div>\n\n\n\n<p>Und hier finden Sie Fotos von einigen ehemaligen und von unseren beiden aktuellen Bl\u00e4serklasse:<\/p>\n\n\n\n<figure class=\"wp-block-gallery has-nested-images columns-default is-cropped wp-block-gallery-1 is-layout-flex wp-block-gallery-is-layout-flex\">\n<figure class=\"wp-block-image size-large\"><img loading=\"lazy\" decoding=\"async\" width=\"800\" height=\"600\" data-id=\"5196\" src=\"https:\/\/wordpress.nibis.de\/awobs\/files\/2024\/04\/Fotos-aktuelle-Blaeserklassen-1-800x600.jpeg\" alt=\"\" class=\"wp-image-5196\" srcset=\"https:\/\/wordpress.nibis.de\/awobs\/files\/2024\/04\/Fotos-aktuelle-Blaeserklassen-1-800x600.jpeg 800w, https:\/\/wordpress.nibis.de\/awobs\/files\/2024\/04\/Fotos-aktuelle-Blaeserklassen-1-300x225.jpeg 300w, https:\/\/wordpress.nibis.de\/awobs\/files\/2024\/04\/Fotos-aktuelle-Blaeserklassen-1-768x576.jpeg 768w, https:\/\/wordpress.nibis.de\/awobs\/files\/2024\/04\/Fotos-aktuelle-Blaeserklassen-1-1536x1152.jpeg 1536w, https:\/\/wordpress.nibis.de\/awobs\/files\/2024\/04\/Fotos-aktuelle-Blaeserklassen-1-2048x1536.jpeg 2048w\" sizes=\"auto, (max-width: 800px) 100vw, 800px\" \/><\/figure>\n\n\n\n<figure class=\"wp-block-image size-large\"><img loading=\"lazy\" decoding=\"async\" width=\"800\" height=\"533\" data-id=\"5195\" src=\"https:\/\/wordpress.nibis.de\/awobs\/files\/2024\/04\/Fotos-aktuelle-Blaeserklassen-1-800x533.jpg\" alt=\"\" class=\"wp-image-5195\" srcset=\"https:\/\/wordpress.nibis.de\/awobs\/files\/2024\/04\/Fotos-aktuelle-Blaeserklassen-1-800x533.jpg 800w, https:\/\/wordpress.nibis.de\/awobs\/files\/2024\/04\/Fotos-aktuelle-Blaeserklassen-1-300x200.jpg 300w, https:\/\/wordpress.nibis.de\/awobs\/files\/2024\/04\/Fotos-aktuelle-Blaeserklassen-1-768x512.jpg 768w, https:\/\/wordpress.nibis.de\/awobs\/files\/2024\/04\/Fotos-aktuelle-Blaeserklassen-1-1536x1024.jpg 1536w, https:\/\/wordpress.nibis.de\/awobs\/files\/2024\/04\/Fotos-aktuelle-Blaeserklassen-1-2048x1365.jpg 2048w, https:\/\/wordpress.nibis.de\/awobs\/files\/2024\/04\/Fotos-aktuelle-Blaeserklassen-1-75x50.jpg 75w\" sizes=\"auto, (max-width: 800px) 100vw, 800px\" \/><\/figure>\n\n\n\n<figure class=\"wp-block-image size-large\"><img loading=\"lazy\" decoding=\"async\" width=\"450\" height=\"600\" data-id=\"5194\" src=\"https:\/\/wordpress.nibis.de\/awobs\/files\/2024\/04\/Fotos-aktuelle-Blaeserklassen-2-450x600.jpg\" alt=\"\" class=\"wp-image-5194\" srcset=\"https:\/\/wordpress.nibis.de\/awobs\/files\/2024\/04\/Fotos-aktuelle-Blaeserklassen-2-450x600.jpg 450w, https:\/\/wordpress.nibis.de\/awobs\/files\/2024\/04\/Fotos-aktuelle-Blaeserklassen-2-225x300.jpg 225w, https:\/\/wordpress.nibis.de\/awobs\/files\/2024\/04\/Fotos-aktuelle-Blaeserklassen-2-768x1024.jpg 768w, https:\/\/wordpress.nibis.de\/awobs\/files\/2024\/04\/Fotos-aktuelle-Blaeserklassen-2-1152x1536.jpg 1152w, https:\/\/wordpress.nibis.de\/awobs\/files\/2024\/04\/Fotos-aktuelle-Blaeserklassen-2.jpg 1200w\" sizes=\"auto, (max-width: 450px) 100vw, 450px\" \/><\/figure>\n\n\n\n<figure class=\"wp-block-image size-large\"><img loading=\"lazy\" decoding=\"async\" width=\"800\" height=\"600\" data-id=\"6385\" src=\"https:\/\/wordpress.nibis.de\/awobs\/files\/2026\/03\/0D622925-40DE-4640-AC5F-66EA96E9DCB1_1_105_c-800x600.jpeg\" alt=\"\" class=\"wp-image-6385\" srcset=\"https:\/\/wordpress.nibis.de\/awobs\/files\/2026\/03\/0D622925-40DE-4640-AC5F-66EA96E9DCB1_1_105_c-800x600.jpeg 800w, https:\/\/wordpress.nibis.de\/awobs\/files\/2026\/03\/0D622925-40DE-4640-AC5F-66EA96E9DCB1_1_105_c-300x225.jpeg 300w, https:\/\/wordpress.nibis.de\/awobs\/files\/2026\/03\/0D622925-40DE-4640-AC5F-66EA96E9DCB1_1_105_c-768x576.jpeg 768w, https:\/\/wordpress.nibis.de\/awobs\/files\/2026\/03\/0D622925-40DE-4640-AC5F-66EA96E9DCB1_1_105_c-100x75.jpeg 100w, https:\/\/wordpress.nibis.de\/awobs\/files\/2026\/03\/0D622925-40DE-4640-AC5F-66EA96E9DCB1_1_105_c.jpeg 1024w\" sizes=\"auto, (max-width: 800px) 100vw, 800px\" \/><\/figure>\n<\/figure>\n\n\n\n<hr class=\"wp-block-separator has-css-opacity\" \/>\n\n\n\n<p><a id=\"_msocom_1\"><\/a><\/p>\n\n\n\n<p><a id=\"_msocom_1\"><\/a><\/p>\n\n\n","protected":false},"excerpt":{"rendered":"<p>Wir freuen uns, wenn du Teil unserer neuen Bl\u00e4serklasse wirst!Klick f\u00fcr weitere Informationen auf den Flyer! Seit einigen Jahren gibt es wieder in jedem f\u00fcnften und sechsten Schuljahr unsere Bl\u00e4serklasse. Sch\u00fclerinnen und Sch\u00fcler aus verschiedenen Klassen kommen im Musikunterricht als \u201eBl\u00e4serklasse\u201c zusammen und erhalten so die besondere M\u00f6glichkeit, in der Schule ein Instrument zu lernen. [&hellip;]<\/p>\n","protected":false},"author":760,"featured_media":0,"parent":0,"menu_order":0,"comment_status":"closed","ping_status":"closed","template":"","meta":{"footnotes":""},"class_list":["post-157","page","type-page","status-publish","hentry"],"_links":{"self":[{"href":"https:\/\/wordpress.nibis.de\/awobs\/wp-json\/wp\/v2\/pages\/157","targetHints":{"allow":["GET"]}}],"collection":[{"href":"https:\/\/wordpress.nibis.de\/awobs\/wp-json\/wp\/v2\/pages"}],"about":[{"href":"https:\/\/wordpress.nibis.de\/awobs\/wp-json\/wp\/v2\/types\/page"}],"author":[{"embeddable":true,"href":"https:\/\/wordpress.nibis.de\/awobs\/wp-json\/wp\/v2\/users\/760"}],"replies":[{"embeddable":true,"href":"https:\/\/wordpress.nibis.de\/awobs\/wp-json\/wp\/v2\/comments?post=157"}],"version-history":[{"count":33,"href":"https:\/\/wordpress.nibis.de\/awobs\/wp-json\/wp\/v2\/pages\/157\/revisions"}],"predecessor-version":[{"id":6386,"href":"https:\/\/wordpress.nibis.de\/awobs\/wp-json\/wp\/v2\/pages\/157\/revisions\/6386"}],"wp:attachment":[{"href":"https:\/\/wordpress.nibis.de\/awobs\/wp-json\/wp\/v2\/media?parent=157"}],"curies":[{"name":"wp","href":"https:\/\/api.w.org\/{rel}","templated":true}]}}

Bläserklasse &#8211; Wir suchen dich!

<p><strong><em>Wir freuen uns, wenn du Teil unserer neuen Bläserklasse wirst!</em></strong><br><strong><em>Klick für weitere Informationen auf den Flyer!</em></strong></p>



<p></p>



<p><strong>Seit einigen Jahren gibt es wieder in jedem fünften und sechsten Schuljahr unsere Bläserklasse. Schülerinnen und Schüler aus verschiedenen Klassen kommen im Musikunterricht als „Bläserklasse“ zusammen und erhalten so die besondere Möglichkeit, in der Schule ein Instrument zu lernen.</strong></p>



<p><strong>Nach den Sommerferien wollen wir auch für die neuen Fünftklässler(innen) eine Bläserklasse einrichten. Ihr habt die tolle Chance, an dieser besonderen Form des Musikunterrichts teilzunehmen!&nbsp;</strong></p>



<p>Es ist der Aller-Weser-Oberschule ein Anliegen, allen Schülerinnen und Schülern das Musizieren zu ermöglichen. Hierzu trägt das Angebot der Bläserklasse entscheidend bei.</p>



<p>Das Musikprofil „Bläserklasse“ kann in der fünften Klasse gewählt werden und dauert bis zum Ende der sechsten Klasse an. Die teilnehmenden Schülerinnen und Schüler lernen über zwei Jahre ein Instrument und musizieren sowohl im Instrumentalunterricht in Kleingruppen als auch gemeinsam im Orchesterunterricht.</p>



<p>Alle wichtigen Infos können Sie dem folgenden Flyer entnehmen!</p>



<figure class="wp-block-image size-large"><img loading="lazy" decoding="async" width="800" height="566" src="https://wordpress.nibis.de/awobs/files/2024/04/OBS-Doerverden-02-Foto-fuer-Blaeserklassenhomepage-800x566.png" alt="" class="wp-image-5190" srcset="https://wordpress.nibis.de/awobs/files/2024/04/OBS-Doerverden-02-Foto-fuer-Blaeserklassenhomepage-800x566.png 800w, https://wordpress.nibis.de/awobs/files/2024/04/OBS-Doerverden-02-Foto-fuer-Blaeserklassenhomepage-300x212.png 300w, https://wordpress.nibis.de/awobs/files/2024/04/OBS-Doerverden-02-Foto-fuer-Blaeserklassenhomepage-768x543.png 768w, https://wordpress.nibis.de/awobs/files/2024/04/OBS-Doerverden-02-Foto-fuer-Blaeserklassenhomepage-1536x1086.png 1536w, https://wordpress.nibis.de/awobs/files/2024/04/OBS-Doerverden-02-Foto-fuer-Blaeserklassenhomepage.png 2000w" sizes="auto, (max-width: 800px) 100vw, 800px" /></figure>



<p>Bei der Anmeldung für die Aller-Weser-Oberschule können Sie Ihr Kind auch zur Teilnahme an der Bläserklasse anmelden. Nutzen Sie hierfür folgendes Formular&nbsp;:</p>



<div data-wp-interactive="core/file" class="wp-block-file"><object data-wp-bind--hidden="!state.hasPdfPreview" hidden class="wp-block-file__embed" data="https://wordpress.nibis.de/awobs/files/2024/04/OBS-Doerverden-03-Datei-fuer-Blaeserklassenhomepage.pdf" type="application/pdf" style="width:100%;height:600px" aria-label="Einbettung von Anmeldung zur Bläserklasse."></object><a id="wp-block-file--media-464b1230-2e8a-425a-a2f4-2149df416ee5" href="https://wordpress.nibis.de/awobs/files/2024/04/OBS-Doerverden-03-Datei-fuer-Blaeserklassenhomepage.pdf">Anmeldung zur Bläserklasse</a><a href="https://wordpress.nibis.de/awobs/files/2024/04/OBS-Doerverden-03-Datei-fuer-Blaeserklassenhomepage.pdf" class="wp-block-file__button wp-element-button" download aria-describedby="wp-block-file--media-464b1230-2e8a-425a-a2f4-2149df416ee5">Herunterladen</a></div>



<p>Später werden auch diese Formulare notwendig, die Sie gerne schon einmal einsehen können:</p>



<div data-wp-interactive="core/file" class="wp-block-file"><object data-wp-bind--hidden="!state.hasPdfPreview" hidden class="wp-block-file__embed" data="https://wordpress.nibis.de/awobs/files/2024/04/OBS-Doerverden-04-Vertrag-zur-Teilnahme-an-der-Blaeserklasse.pdf" type="application/pdf" style="width:100%;height:600px" aria-label="Einbettung von Vertrag zur Teilnahme an der Blaeserklasse."></object><a id="wp-block-file--media-8b2b5d20-8449-4985-84b8-a81bdf330866" href="https://wordpress.nibis.de/awobs/files/2024/04/OBS-Doerverden-04-Vertrag-zur-Teilnahme-an-der-Blaeserklasse.pdf">Vertrag zur Teilnahme an der Blaeserklasse</a><a href="https://wordpress.nibis.de/awobs/files/2024/04/OBS-Doerverden-04-Vertrag-zur-Teilnahme-an-der-Blaeserklasse.pdf" class="wp-block-file__button wp-element-button" download aria-describedby="wp-block-file--media-8b2b5d20-8449-4985-84b8-a81bdf330866">Herunterladen</a></div>



<hr class="wp-block-separator has-css-opacity" />



<div data-wp-interactive="core/file" class="wp-block-file"><object data-wp-bind--hidden="!state.hasPdfPreview" hidden class="wp-block-file__embed" data="https://wordpress.nibis.de/awobs/files/2024/04/OBS-Doerverden-05-Vertrag-zur-Vermietung-eines-Instruments.pdf" type="application/pdf" style="width:100%;height:600px" aria-label="Einbettung von Vertrag zur Vermietung eines Instruments."></object><a id="wp-block-file--media-8cfdc3da-a5a7-4cfa-99fe-53e333f1f3ce" href="https://wordpress.nibis.de/awobs/files/2024/04/OBS-Doerverden-05-Vertrag-zur-Vermietung-eines-Instruments.pdf">Vertrag zur Vermietung eines Instruments</a><a href="https://wordpress.nibis.de/awobs/files/2024/04/OBS-Doerverden-05-Vertrag-zur-Vermietung-eines-Instruments.pdf" class="wp-block-file__button wp-element-button" download aria-describedby="wp-block-file--media-8cfdc3da-a5a7-4cfa-99fe-53e333f1f3ce">Herunterladen</a></div>



<p>Und hier finden Sie Fotos von einigen ehemaligen und von unseren beiden aktuellen Bläserklasse:</p>



<figure class="wp-block-gallery has-nested-images columns-default is-cropped wp-block-gallery-1 is-layout-flex wp-block-gallery-is-layout-flex">
<figure class="wp-block-image size-large"><img loading="lazy" decoding="async" width="800" height="600" data-id="5196" src="https://wordpress.nibis.de/awobs/files/2024/04/Fotos-aktuelle-Blaeserklassen-1-800x600.jpeg" alt="" class="wp-image-5196" srcset="https://wordpress.nibis.de/awobs/files/2024/04/Fotos-aktuelle-Blaeserklassen-1-800x600.jpeg 800w, https://wordpress.nibis.de/awobs/files/2024/04/Fotos-aktuelle-Blaeserklassen-1-300x225.jpeg 300w, https://wordpress.nibis.de/awobs/files/2024/04/Fotos-aktuelle-Blaeserklassen-1-768x576.jpeg 768w, https://wordpress.nibis.de/awobs/files/2024/04/Fotos-aktuelle-Blaeserklassen-1-1536x1152.jpeg 1536w, https://wordpress.nibis.de/awobs/files/2024/04/Fotos-aktuelle-Blaeserklassen-1-2048x1536.jpeg 2048w" sizes="auto, (max-width: 800px) 100vw, 800px" /></figure>



<figure class="wp-block-image size-large"><img loading="lazy" decoding="async" width="800" height="533" data-id="5195" src="https://wordpress.nibis.de/awobs/files/2024/04/Fotos-aktuelle-Blaeserklassen-1-800x533.jpg" alt="" class="wp-image-5195" srcset="https://wordpress.nibis.de/awobs/files/2024/04/Fotos-aktuelle-Blaeserklassen-1-800x533.jpg 800w, https://wordpress.nibis.de/awobs/files/2024/04/Fotos-aktuelle-Blaeserklassen-1-300x200.jpg 300w, https://wordpress.nibis.de/awobs/files/2024/04/Fotos-aktuelle-Blaeserklassen-1-768x512.jpg 768w, https://wordpress.nibis.de/awobs/files/2024/04/Fotos-aktuelle-Blaeserklassen-1-1536x1024.jpg 1536w, https://wordpress.nibis.de/awobs/files/2024/04/Fotos-aktuelle-Blaeserklassen-1-2048x1365.jpg 2048w, https://wordpress.nibis.de/awobs/files/2024/04/Fotos-aktuelle-Blaeserklassen-1-75x50.jpg 75w" sizes="auto, (max-width: 800px) 100vw, 800px" /></figure>



<figure class="wp-block-image size-large"><img loading="lazy" decoding="async" width="450" height="600" data-id="5194" src="https://wordpress.nibis.de/awobs/files/2024/04/Fotos-aktuelle-Blaeserklassen-2-450x600.jpg" alt="" class="wp-image-5194" srcset="https://wordpress.nibis.de/awobs/files/2024/04/Fotos-aktuelle-Blaeserklassen-2-450x600.jpg 450w, https://wordpress.nibis.de/awobs/files/2024/04/Fotos-aktuelle-Blaeserklassen-2-225x300.jpg 225w, https://wordpress.nibis.de/awobs/files/2024/04/Fotos-aktuelle-Blaeserklassen-2-768x1024.jpg 768w, https://wordpress.nibis.de/awobs/files/2024/04/Fotos-aktuelle-Blaeserklassen-2-1152x1536.jpg 1152w, https://wordpress.nibis.de/awobs/files/2024/04/Fotos-aktuelle-Blaeserklassen-2.jpg 1200w" sizes="auto, (max-width: 450px) 100vw, 450px" /></figure>



<figure class="wp-block-image size-large"><img loading="lazy" decoding="async" width="800" height="600" data-id="6385" src="https://wordpress.nibis.de/awobs/files/2026/03/0D622925-40DE-4640-AC5F-66EA96E9DCB1_1_105_c-800x600.jpeg" alt="" class="wp-image-6385" srcset="https://wordpress.nibis.de/awobs/files/2026/03/0D622925-40DE-4640-AC5F-66EA96E9DCB1_1_105_c-800x600.jpeg 800w, https://wordpress.nibis.de/awobs/files/2026/03/0D622925-40DE-4640-AC5F-66EA96E9DCB1_1_105_c-300x225.jpeg 300w, https://wordpress.nibis.de/awobs/files/2026/03/0D622925-40DE-4640-AC5F-66EA96E9DCB1_1_105_c-768x576.jpeg 768w, https://wordpress.nibis.de/awobs/files/2026/03/0D622925-40DE-4640-AC5F-66EA96E9DCB1_1_105_c-100x75.jpeg 100w, https://wordpress.nibis.de/awobs/files/2026/03/0D622925-40DE-4640-AC5F-66EA96E9DCB1_1_105_c.jpeg 1024w" sizes="auto, (max-width: 800px) 100vw, 800px" /></figure>
</figure>



<hr class="wp-block-separator has-css-opacity" />



<p><a id="_msocom_1"></a></p>



<p><a id="_msocom_1"></a></p>

<p>Wir freuen uns, wenn du Teil unserer neuen Bläserklasse wirst!Klick für weitere Informationen auf den Flyer! Seit einigen Jahren gibt es wieder in jedem fünften und sechsten Schuljahr unsere Bläserklasse. Schülerinnen und Schüler aus verschiedenen Klassen kommen im Musikunterricht als „Bläserklasse“ zusammen und erhalten so die besondere Möglichkeit, in der Schule ein Instrument zu lernen. [&hellip;]</p>
