{"id":1619,"date":"2017-01-25T15:47:35","date_gmt":"2017-01-25T14:47:35","guid":{"rendered":"http:\/\/wordpress.nibis.de\/awobs\/?page_id=1619"},"modified":"2024-11-11T11:09:25","modified_gmt":"2024-11-11T10:09:25","slug":"abschluesse-an-der-oberschule","status":"publish","type":"page","link":"https:\/\/wordpress.nibis.de\/awobs\/abschluesse-an-der-oberschule\/","title":{"rendered":"Abschl\u00fcsse und Kurssystem an der Oberschule"},"content":{"rendered":"<p>An der Aller-Weser Oberschule k\u00f6nnen folgende Abschl\u00fcsse erreicht werden:<\/p>\n<ul>\n<li>Hauptschulabschluss nach Klasse 9<\/li>\n<li>Abschluss der F\u00f6rderschule im F\u00f6rderscherpunkt Lernen nach Klasse 9<\/li>\n<li>Sekundarabschluss I \u2013 Hauptschulabschluss nach Klasse 10<\/li>\n<li>Sekundarabschluss I \u2013 Realschulabschluss nach Klasse 10<\/li>\n<li>Erweiterter Sekundarabschluss I nach Klasse 10<\/li>\n<\/ul>\n<p>Weitere Informationen \u00fcber die Voraussetzungen f\u00fcr die <strong>Abschl\u00fcsse<\/strong> entnehmen Sie bitte diesem Dokument:<\/p>\n<p><a href=\"http:\/\/wordpress.nibis.de\/awobs\/files\/2017\/01\/Abschl\u00fcsse-an-der-OBS-.pdf\"><strong>Abschl\u00fcsse an der OBS<\/strong><\/a><\/p>\n<h3><\/h3>\n<h3><strong>Differenzierung in der Aller-Weser-Oberschule<\/strong><\/h3>\n<p>Der Erlass der Oberschule sieht eine Differenzierung in der sogenannten Langzeitf\u00e4chern Deutsch, Englisch und Mathematik sowie in dem Fach Chemie vor.<\/p>\n<p>Weitere Informationen \u00fcber das <strong>Kurssystem<\/strong> entnehmen Sie bitte diesem Dokument:<\/p>\n<p><a href=\"http:\/\/wordpress.nibis.de\/awobs\/files\/2019\/02\/Elterninformationen-zum-Kurssystem.pdf\" target=\"_blank\" rel=\"noopener noreferrer\"><strong>Information zum Kurssystem<\/strong><\/a><\/p>\n","protected":false},"excerpt":{"rendered":"<p>An der Aller-Weser Oberschule k\u00f6nnen folgende Abschl\u00fcsse erreicht werden: Hauptschulabschluss nach Klasse 9 Abschluss der F\u00f6rderschule im F\u00f6rderscherpunkt Lernen nach Klasse 9 Sekundarabschluss I \u2013 Hauptschulabschluss nach Klasse 10 Sekundarabschluss I \u2013 Realschulabschluss nach Klasse 10 Erweiterter Sekundarabschluss I nach Klasse 10 Weitere Informationen \u00fcber die Voraussetzungen f\u00fcr die Abschl\u00fcsse entnehmen Sie bitte diesem Dokument: [&hellip;]<\/p>\n","protected":false},"author":760,"featured_media":0,"parent":0,"menu_order":0,"comment_status":"closed","ping_status":"closed","template":"","meta":{"footnotes":""},"class_list":["post-1619","page","type-page","status-publish","hentry"],"_links":{"self":[{"href":"https:\/\/wordpress.nibis.de\/awobs\/wp-json\/wp\/v2\/pages\/1619","targetHints":{"allow":["GET"]}}],"collection":[{"href":"https:\/\/wordpress.nibis.de\/awobs\/wp-json\/wp\/v2\/pages"}],"about":[{"href":"https:\/\/wordpress.nibis.de\/awobs\/wp-json\/wp\/v2\/types\/page"}],"author":[{"embeddable":true,"href":"https:\/\/wordpress.nibis.de\/awobs\/wp-json\/wp\/v2\/users\/760"}],"replies":[{"embeddable":true,"href":"https:\/\/wordpress.nibis.de\/awobs\/wp-json\/wp\/v2\/comments?post=1619"}],"version-history":[{"count":22,"href":"https:\/\/wordpress.nibis.de\/awobs\/wp-json\/wp\/v2\/pages\/1619\/revisions"}],"predecessor-version":[{"id":5463,"href":"https:\/\/wordpress.nibis.de\/awobs\/wp-json\/wp\/v2\/pages\/1619\/revisions\/5463"}],"wp:attachment":[{"href":"https:\/\/wordpress.nibis.de\/awobs\/wp-json\/wp\/v2\/media?parent=1619"}],"curies":[{"name":"wp","href":"https:\/\/api.w.org\/{rel}","templated":true}]}}