{"id":185,"date":"2015-08-27T16:40:45","date_gmt":"2015-08-27T14:40:45","guid":{"rendered":"http:\/\/wordpress.nibis.de\/awobs\/?page_id=185"},"modified":"2025-03-14T09:01:29","modified_gmt":"2025-03-14T08:01:29","slug":"berufsberatung","status":"publish","type":"page","link":"https:\/\/wordpress.nibis.de\/awobs\/berufsberatung\/","title":{"rendered":"Berufsberatung"},"content":{"rendered":"\n<figure class=\"wp-block-image size-large\"><img decoding=\"async\" src=\"https:\/\/wordpress.nibis.de\/awobs\/files\/2024\/08\/image001.jpg\" alt=\"\" \/><\/figure>\n\n\n\n<p style=\"text-align: left\">Alle Sch\u00fclerinnen und Sch\u00fcler absolvieren je nach Schulform bereits ab der 8. Klasse pro Halbjahr ein <strong>Praktikum<\/strong> in verschiedenen zeitlichen Umf\u00e4ngen in den Berufsbildenden Schulen Verden\/Dauelsen und\u00a0 in Betrieben bzw. Partnerfirmen.<\/p>\n<p style=\"text-align: left\">In den 8. Jahrg\u00e4ngen findet ein <strong>Kompetenzfeststellungsverfahren<\/strong> statt.<\/p>\n<p style=\"text-align: left\">Das Team von \u201eFinde deinen Beruf\u201c ber\u00e4t Sch\u00fclerinnen und Sch\u00fcler von der 8. bis zur 10. Klasse bei der Berufsorientierung, der Berufswahl oder der weiteren Schulwegplanung. Wir bieten Unterst\u00fctzung bei den Bewerbungen und auch bei pers\u00f6nlichen Problemlagen. Ziel ist es, mit allen Jugendlichen eine berufliche Perspektive nach Beendigung der Schulzeit zu entwickeln. In regelm\u00e4\u00dfig stattfindenden <strong>Sprechstunden<\/strong> <strong>direkt in der Schule<\/strong> bieten die Beraterinnen der drei beteiligten Organisationen individuelle Begleitung und Unterst\u00fctzung im \u00dcbergang von der Schule in den Beruf an. Zus\u00e4tzlich finden im Klassenverband ab der 8. Klasse Veranstaltungen zur Berufsorientierung statt.\u00a0 \u201eFinde deinen Beruf\u201c ist ein Kooperationsprojekt zwischen der Agentur f\u00fcr Arbeit, Kommunales Jobcenter und Pro-Aktiv-Center beim Landkreis Verden. <strong>Weitere Informationen<\/strong> zu \u201eFinde deinen Beruf\u201c befinden sich hier:\u00a0<br \/><span style=\"font-size: revert\">\u27a1 <\/span><a style=\"font-size: revert\" href=\"https:\/\/www.finde-deinen-beruf.com\/\">https:\/\/www.finde-deinen-beruf.com\/<\/a><\/p>\n<div style=\"width: 600px;\" class=\"wp-video\"><video class=\"wp-video-shortcode\" id=\"video-185-1\" width=\"600\" height=\"338\" preload=\"metadata\" controls=\"controls\"><source type=\"video\/mp4\" src=\"https:\/\/wordpress.nibis.de\/awobs\/files\/2025\/03\/FdB_lang1.mp4?_=1\" \/><a href=\"https:\/\/wordpress.nibis.de\/awobs\/files\/2025\/03\/FdB_lang1.mp4\">https:\/\/wordpress.nibis.de\/awobs\/files\/2025\/03\/FdB_lang1.mp4<\/a><\/video><\/div>\n\n\n\n<p>\u00a0<\/p>\n<p>\u00a0<\/p>\n\n\n\n\n\n<h2 class=\"wp-block-heading\"><strong>Wie geht es nach dem Abschluss weiter?<\/strong><\/h2>\n\n\n\n<p><img loading=\"lazy\" decoding=\"async\" src=\"https:\/\/wordpress.nibis.de\/awobs\/files\/2024\/02\/Mit-RS.png\" alt=\"\" width=\"840\" height=\"628\"><\/p>\n<p><img loading=\"lazy\" decoding=\"async\" src=\"https:\/\/wordpress.nibis.de\/awobs\/files\/2024\/02\/Mit-HS.png\" alt=\"\" width=\"840\" height=\"629\"><\/p>\n\n\n\n\n\n<div class=\"wp-block-group\"><div class=\"wp-block-group__inner-container is-layout-flow wp-block-group-is-layout-flow\"><\/div><\/div>\n\n\n\n<div class=\"wp-block-group\"><div class=\"wp-block-group__inner-container is-layout-flow wp-block-group-is-layout-flow\">\n<div class=\"wp-block-columns is-layout-flex wp-container-core-columns-is-layout-abceabcf wp-block-columns-is-layout-flex\">\n<div class=\"wp-block-column is-layout-flow wp-block-column-is-layout-flow\" style=\"--col-width:100%;flex-basis:100%\"><\/div>\n<\/div>\n<\/div><\/div>\n\n\n\n<p><\/p>\n\n\n\n<p><\/p>\n\n\n\n<h5 class=\"wp-block-heading\"><span style=\"font-size: 12pt\">&nbsp;<\/span><\/h5>\n\n\n\n\n\n<div class=\"wp-block-columns are-vertically-aligned-top is-layout-flex wp-container-core-columns-is-layout-abceabcf wp-block-columns-is-layout-flex\">\n<div class=\"wp-block-column is-vertically-aligned-top is-layout-flow wp-block-column-is-layout-flow\" style=\"--col-width:100%;flex-basis:100%\">\n<p style=\"font-weight: 400\"><strong>Berufswahl und Orientierung<\/strong><\/p>\n<p style=\"font-weight: 400\">\u27a1 <a href=\"https:\/\/planet-beruf.de\/schuelerinnen\">Planet Beruf<\/a>\u00a0<\/p>\n<p style=\"font-weight: 400\">\u27a1 <a href=\"https:\/\/www.arbeitsagentur.de\/bildung\/welche-ausbildung-welches-studium-passt\">Check-U &#8211; Das Erkundungstool f\u00fcr Ausbildung und Studium<\/a>\u00a0<\/p>\n<p style=\"font-weight: 400\">\u00a0<\/p>\n<p style=\"font-weight: 400\"><strong>Berufsinformationen<\/strong><\/p>\n<p style=\"font-weight: 400\">\u27a1 <a href=\"https:\/\/web.arbeitsagentur.de\/berufenet\/\">Berufe Net<\/a><\/p>\n<p style=\"font-weight: 400\">\u27a1 <a href=\"https:\/\/web.arbeitsagentur.de\/berufetv\/start\">Berufe TV<\/a><\/p>\n<p style=\"font-weight: 400\">\u27a1 <a href=\"http:\/\/rdl-verden.de\/\">Region des Lernens<\/a><\/p>\n<p>\u00a0<\/p>\n<p style=\"font-weight: 400\"><strong>Informationen rund um den Bewerbungsprozess<\/strong><\/p>\n<p style=\"font-weight: 400\">\u27a1 <a href=\"https:\/\/planet-beruf.de\/schuelerinnen\/wie-bewerbe-ich-mich\">Bewerbungstraining<\/a><\/p>\n<p>\u00a0<\/p>\n<p style=\"font-weight: 400\"><strong>Ausbildungsstellensuche<br \/><\/strong><\/p>\n<p>\u27a1 <a href=\"https:\/\/www.ausbildung-praktikum.de\/\">Ausbildung-Praktikum Verden<\/a><\/p>\n<p style=\"font-weight: 400\">\u27a1 <a href=\"https:\/\/www.arbeitsagentur.de\/jobsuche\/\">Jobb\u00f6rse der Arbeitsagentur<\/a><\/p>\n<p style=\"font-weight: 400\">\u27a1 <a href=\"https:\/\/startedurch.de\/\">Jobb\u00f6rse im Landkreis Verden<\/a><\/p>\n<p style=\"font-weight: 400\">\u27a1 <a href=\"https:\/\/www.arbeitsagentur.de\/bildung\/ausbildung\/azubiwelt\">AzubiWelt App<\/a><\/p>\n<p style=\"font-weight: 400\">\u00a0<\/p>\n<\/div>\n<\/div>\n","protected":false},"excerpt":{"rendered":"<p>Alle Sch\u00fclerinnen und Sch\u00fcler absolvieren je nach Schulform bereits ab der 8. Klasse pro Halbjahr ein Praktikum in verschiedenen zeitlichen Umf\u00e4ngen in den Berufsbildenden Schulen Verden\/Dauelsen und\u00a0 in Betrieben bzw. Partnerfirmen. In den 8. Jahrg\u00e4ngen findet ein Kompetenzfeststellungsverfahren statt. Das Team von \u201eFinde deinen Beruf\u201c ber\u00e4t Sch\u00fclerinnen und Sch\u00fcler von der 8. bis zur 10. [&hellip;]<\/p>\n","protected":false},"author":760,"featured_media":0,"parent":0,"menu_order":0,"comment_status":"closed","ping_status":"closed","template":"","meta":{"footnotes":""},"class_list":["post-185","page","type-page","status-publish","hentry"],"_links":{"self":[{"href":"https:\/\/wordpress.nibis.de\/awobs\/wp-json\/wp\/v2\/pages\/185","targetHints":{"allow":["GET"]}}],"collection":[{"href":"https:\/\/wordpress.nibis.de\/awobs\/wp-json\/wp\/v2\/pages"}],"about":[{"href":"https:\/\/wordpress.nibis.de\/awobs\/wp-json\/wp\/v2\/types\/page"}],"author":[{"embeddable":true,"href":"https:\/\/wordpress.nibis.de\/awobs\/wp-json\/wp\/v2\/users\/760"}],"replies":[{"embeddable":true,"href":"https:\/\/wordpress.nibis.de\/awobs\/wp-json\/wp\/v2\/comments?post=185"}],"version-history":[{"count":104,"href":"https:\/\/wordpress.nibis.de\/awobs\/wp-json\/wp\/v2\/pages\/185\/revisions"}],"predecessor-version":[{"id":5532,"href":"https:\/\/wordpress.nibis.de\/awobs\/wp-json\/wp\/v2\/pages\/185\/revisions\/5532"}],"wp:attachment":[{"href":"https:\/\/wordpress.nibis.de\/awobs\/wp-json\/wp\/v2\/media?parent=185"}],"curies":[{"name":"wp","href":"https:\/\/api.w.org\/{rel}","templated":true}]}}