{"id":1914,"date":"2017-05-09T10:09:05","date_gmt":"2017-05-09T08:09:05","guid":{"rendered":"http:\/\/wordpress.nibis.de\/awobs\/?page_id=1914"},"modified":"2017-08-03T14:36:55","modified_gmt":"2017-08-03T12:36:55","slug":"erziehungsmitteln-oder-ordnungsmassnahmen","status":"publish","type":"page","link":"https:\/\/wordpress.nibis.de\/awobs\/erziehungsmitteln-oder-ordnungsmassnahmen\/","title":{"rendered":"Erziehungsmittel oder Ordnungsma\u00dfnahmen"},"content":{"rendered":"<p><img loading=\"lazy\" decoding=\"async\" class=\"alignleft size-medium wp-image-1915\" src=\"http:\/\/wordpress.nibis.de\/awobs\/files\/2017\/05\/docimage_large-300x212.jpg\" alt=\"\" width=\"300\" height=\"212\" srcset=\"https:\/\/wordpress.nibis.de\/awobs\/files\/2017\/05\/docimage_large-300x212.jpg 300w, https:\/\/wordpress.nibis.de\/awobs\/files\/2017\/05\/docimage_large.jpg 768w\" sizes=\"auto, (max-width: 300px) 100vw, 300px\" \/>Mit Erziehungsmitteln oder Ordnungsma\u00dfnahmen reagiert eine Schule auf Pflichtverletzungen von Sch\u00fclerinnen und Sch\u00fclern. Die gesetzliche Grundlage daf\u00fcr bildet der \u00a7 61 des Nieders\u00e4chsischen Schulgesetzes.<\/p>\n<p>Bitte informieren Sie sich auf der Seite der <a href=\"https:\/\/www.landesschulbehoerde-niedersachsen.de\/themen\/schueler\/ordnungsmassnahmen\">Landesschulbeh\u00f6rde<\/a>.<\/p>\n","protected":false},"excerpt":{"rendered":"<p>Mit Erziehungsmitteln oder Ordnungsma\u00dfnahmen reagiert eine Schule auf Pflichtverletzungen von Sch\u00fclerinnen und Sch\u00fclern. Die gesetzliche Grundlage daf\u00fcr bildet der \u00a7 61 des Nieders\u00e4chsischen Schulgesetzes. Bitte informieren Sie sich auf der Seite der Landesschulbeh\u00f6rde.<\/p>\n","protected":false},"author":760,"featured_media":0,"parent":0,"menu_order":0,"comment_status":"closed","ping_status":"closed","template":"","meta":{"footnotes":""},"class_list":["post-1914","page","type-page","status-publish","hentry"],"_links":{"self":[{"href":"https:\/\/wordpress.nibis.de\/awobs\/wp-json\/wp\/v2\/pages\/1914","targetHints":{"allow":["GET"]}}],"collection":[{"href":"https:\/\/wordpress.nibis.de\/awobs\/wp-json\/wp\/v2\/pages"}],"about":[{"href":"https:\/\/wordpress.nibis.de\/awobs\/wp-json\/wp\/v2\/types\/page"}],"author":[{"embeddable":true,"href":"https:\/\/wordpress.nibis.de\/awobs\/wp-json\/wp\/v2\/users\/760"}],"replies":[{"embeddable":true,"href":"https:\/\/wordpress.nibis.de\/awobs\/wp-json\/wp\/v2\/comments?post=1914"}],"version-history":[{"count":4,"href":"https:\/\/wordpress.nibis.de\/awobs\/wp-json\/wp\/v2\/pages\/1914\/revisions"}],"predecessor-version":[{"id":1977,"href":"https:\/\/wordpress.nibis.de\/awobs\/wp-json\/wp\/v2\/pages\/1914\/revisions\/1977"}],"wp:attachment":[{"href":"https:\/\/wordpress.nibis.de\/awobs\/wp-json\/wp\/v2\/media?parent=1914"}],"curies":[{"name":"wp","href":"https:\/\/api.w.org\/{rel}","templated":true}]}}