{"id":213,"date":"2015-08-27T17:03:56","date_gmt":"2015-08-27T15:03:56","guid":{"rendered":"http:\/\/wordpress.nibis.de\/awobs\/?page_id=213"},"modified":"2020-06-05T09:53:09","modified_gmt":"2020-06-05T07:53:09","slug":"unterricht","status":"publish","type":"page","link":"https:\/\/wordpress.nibis.de\/awobs\/unterricht\/","title":{"rendered":"Unterricht"},"content":{"rendered":"<p><img loading=\"lazy\" decoding=\"async\" class=\" wp-image-192 alignleft\" src=\"http:\/\/wordpress.nibis.de\/awobs\/files\/2015\/08\/Unterrichtsmaterialien.jpg\" alt=\"Unterrichtsmaterialien\" width=\"141\" height=\"83\" srcset=\"https:\/\/wordpress.nibis.de\/awobs\/files\/2015\/08\/Unterrichtsmaterialien.jpg 800w, https:\/\/wordpress.nibis.de\/awobs\/files\/2015\/08\/Unterrichtsmaterialien-300x176.jpg 300w\" sizes=\"auto, (max-width: 141px) 100vw, 141px\" \/><\/p>\n<p>In der Aller-Weser Oberschule\u00a0 lernen die Sch\u00fclerinnen und Sch\u00fcler f\u00fcr das Leben. Im Unterricht vermitteln wir ihnen das n\u00f6tige Fachwissen, um sie optimal f\u00fcr ihre k\u00fcnftigen Aufgaben vorzubereiten. <strong>Lernen f\u00fcr Gegenwart und Zukunft<\/strong> lautet einer unserer Leits\u00e4tze. So unterrichten wir die Sch\u00fclerinnen und Sch\u00fcler mit Lernmethoden, die ein lebenslanges Lernen erm\u00f6glichen.<br \/>Unser Unterricht zeichnet sich durch den Einsatz und Wechsel unterschiedlicher Lehrmethoden aus, die zu einem besseren Lernerfolg der Sch\u00fcler f\u00fchren sollen und den Unterricht abwechslungsreicher gestalten. Diese Form des Lehrens zielt vor allem darauf ab, auf die unterschiedlichen Lerntypen der Sch\u00fcler einzugehen.<\/p>\n<p>Unsere <strong>Arbeitsgemeinschaften<\/strong> (AG) erm\u00f6glichen unseren Sch\u00fclern das Gelernte praktisch anzuwenden. Der Lehrer dient dabei als eine Art Ideengeber und regt die AG-Teilnehmer zur Selbstgestaltung der Arbeitsgemeinschaft an. Die\u00a0Sch\u00fcler bestimmen damit die Inhalte und Methoden der frei gew\u00e4hlten AG selbst.<\/p>\n<p>Der Unterricht findet in der Regel in allen Jahrgangsstufen in <strong>90-Minuten-Einheiten<\/strong> statt.<\/p>\n<p><strong>Unterrichtszeiten:<\/strong><\/p>\n<p><strong>1.Stunde<\/strong>\u00a0\u00a0 07:55 bis 08.40 Uhr<br \/><strong>2.Stunde\u00a0<\/strong>\u00a0 08:45 bis 09.30 Uhr<br \/>Pause<br \/><strong>3.Stunde<\/strong>\u00a0 09:50 bis 10.35 Uhr<br \/><strong>4.Stunde<\/strong>\u00a0\u00a0 10:40 bis 11.25 Uhr<br \/>Pause<br \/><strong>5.Stunde\u00a0<\/strong>\u00a0 11:40 bis 12.25 Uhr<br \/>Pause<br \/><strong>6.Stunde\u00a0<\/strong>\u00a0 12:30 bis 13.15 Uhr<br \/>Mittag<br \/><strong>7.Stunde<\/strong>\u00a0\u00a0 14:00 bis 14.45 Uhr<br \/><strong>8.Stunde<\/strong>\u00a0\u00a0 14:45 bis 15.30 Uhr<\/p>\n<h3>\u00a0<\/h3>\n<h3 class=\"entry-title\"><strong>Informationen zum Franz\u00f6sischunterricht ab Klasse 6<\/strong><\/h3>\n<div class=\"entry-content\">\n<div class=\"wp-block-media-text alignwide\">\n<figure class=\"wp-block-media-text__media\"><img loading=\"lazy\" decoding=\"async\" width=\"708\" height=\"600\" class=\"wp-image-3887\" src=\"https:\/\/wordpress.nibis.de\/awobs\/files\/2020\/06\/salut-708x600.jpg\" alt=\"\" srcset=\"https:\/\/wordpress.nibis.de\/awobs\/files\/2020\/06\/salut-708x600.jpg 708w, https:\/\/wordpress.nibis.de\/awobs\/files\/2020\/06\/salut-300x254.jpg 300w, https:\/\/wordpress.nibis.de\/awobs\/files\/2020\/06\/salut-768x651.jpg 768w, https:\/\/wordpress.nibis.de\/awobs\/files\/2020\/06\/salut.jpg 1024w\" sizes=\"auto, (max-width: 708px) 100vw, 708px\" \/><\/figure>\n<div class=\"wp-block-media-text__content\">\n<p class=\"has-normal-font-size\">Zweite Fremdsprache \u2013 ja oder nein? Vor dieser Entscheidung stehen die Sch\u00fclerinnen und Sch\u00fcler des f\u00fcnften Jahrgangs. Um sich \u00fcber den Franz\u00f6sischunterricht ab Klasse 6 an unserer Schule zu informieren, haben wir hier die wichtigsten Informationen zusammengestellt.<\/p>\n<p>Wenn Sie Ihr Kind f\u00fcr den Franz\u00f6sichunterricht anmelden m\u00f6chten, stellen wir Ihnen hier das Antragsformular bereit.<\/p>\n<p>\u00a0<\/p>\n<\/div>\n<\/div>\n<\/div>\n\n\n<div class=\"wp-block-file\"><a href=\"https:\/\/wordpress.nibis.de\/awobs\/files\/2020\/06\/Anmeldung_WPK-FR_-6.pdf\">Anmeldung_WPK FR_ 6<\/a><a href=\"https:\/\/wordpress.nibis.de\/awobs\/files\/2020\/06\/Anmeldung_WPK-FR_-6.pdf\" class=\"wp-block-file__button\" download>Herunterladen<\/a><\/div>\n\n\n\n<ul class=\"wp-block-list\"><li><em>Franz\u00f6sisch klingt toll und ist eine Sprache, die von \u00fcber 160 Millionen Menschen in mehr als 30 L\u00e4ndern auf der ganzen Welt gesprochen wird<\/em><\/li><li><em>Franz\u00f6sisch wird nicht nur in Frankreich, sondern auf allen Kontinenten gesprochen<\/em><\/li><li><em>Franz\u00f6sisch ist die Sprache unseres wichtigsten Nachbarn<\/em><\/li><li><em>Frankreich ist ein sch\u00f6nes Reiseland<\/em><\/li><li><em>Der Erwerb von Franz\u00f6sisch erm\u00f6glicht es einem, sich in einem franz\u00f6sischsprachigen Land (z.B. im Urlaub) zu verst\u00e4ndigen. <\/em><\/li><li><em>Eine neue Sprache zu lernen macht Spa\u00df<\/em><\/li><li><em>Franz\u00f6sisch geh\u00f6rt zu den romanischen Sprachen. Wer Kenntnisse in Franz\u00f6sisch erwirbt, dem f\u00e4llt es leichter eine andere romanische Sprache zu erlernen (z.B. Spanisch).<\/em><\/li><li><em>Franz\u00f6sisch wird auf internationaler Ebene gesprochen (u.a UNO, EU).<\/em><\/li><li><em>Franz\u00f6sisch spielt eine gro\u00dfe Rolle in der Gastronomie, Mode, Theater und Literatur.<\/em><\/li><li><em>Wer mehrere Fremdsprachen erlernt, hat h\u00f6here Chancen auf einen Ausbildungsplatz<\/em><\/li><\/ul>\n\n\n\n<p>In unserem Franz\u00f6sischunterricht (Wahlpflichtkurs) lernen unsere Sch\u00fcler die franz\u00f6sische Sprache in einfachen Alltagssituationen anzuwenden, sie lernen die Grundlagen der franz\u00f6sischen Grammatik kennen und nat\u00fcrlich viel Wissenswertes \u00fcber Frankreich und franz\u00f6sischsprachige L\u00e4nder. Gearbeitet wird bei uns mit den Lehrwerken&nbsp; &#8222;\u00c0 toi!&#8220; (neu eingef\u00fchrt ab Klasse 6), welches als Schulbuch des Jahres 2015 ausgezeichnet wurde. In diesen f\u00fcnf Jahren werden die Sch\u00fcler in den Fertigkeiten \u201eH\u00f6ren\u201c, \u201eSprechen\u201c&nbsp; und \u201eSchreiben\u201c geschult. Hierdurch soll erreicht werden, dass sie sich im franz\u00f6sischsprachigen Ausland verst\u00e4ndigen k\u00f6nnen, sowohl im privaten als auch im beruflichen Bereich.<\/p>\n\n\n\n<p>Franz\u00f6sisch kann ab der 6. Klasse als Wahlpflichtkurs gew\u00e4hlt werden und wird jede Woche vierst\u00fcndig erteilt. Das Unterrichtsfach gilt dabei neben den F\u00e4chern Englisch, Deutsch und Mathematik ebenfalls als Hauptfach.<\/p>\n\n\n\n<p>In Klasse 9\/10&nbsp;z\u00e4hlt Franz\u00f6sisch zum Profilfach \u201eSprache\u201c. Franz\u00f6sisch im Profilfach Sprachen kann als m\u00fcndliches Pr\u00fcfungsfach gew\u00e4hlt werden.\nF\u00fcr viele unserer Sch\u00fcler bedeutet die Teilnahme am Franz\u00f6sischunterricht auch eine gute Grundlage f\u00fcr den sp\u00e4teren Besuch eines Gymnasiums.<\/p>\n\n\n\n<p><strong>Wer ab dem 6. Schuljahr Franz\u00f6sisch lernt, erf\u00fcllt die Pflichtauflage der f\u00fcr das Abitur erforderlichen 2. Fremdsprache.<\/strong><strong>&nbsp;<\/strong><\/p>\n\n\n\n<p>Wichtig zu wissen ist auch, dass ein Wechsel an das Gymnasium im Sinne der Durchl\u00e4ssigkeit ab der 6. Klasse&nbsp;<strong>nur<\/strong>&nbsp;mit dem Fach Franz\u00f6sisch (mind. Note: befriedigend) m\u00f6glich ist. Ein sp\u00e4terer Einstieg in der Sek. I in das Fach Franz\u00f6sisch ist nicht m\u00f6glich.<\/p>\n\n\n\n<p>Du solltest Franz\u00f6sisch als zweite Fremdsprache erlernen, <strong>&nbsp;wenn du\u2026<\/strong>\n\n\u2022 neugierig bist\n\u2022 Freude am Sprechen, Schreiben, Lesen und H\u00f6ren hast\n\u2022 Ausdauer hast\n\u2022 die F\u00e4higkeit zum kontinuierlichen Arbeiten mitbringst und\n\u2022 in Englisch am besten mindestens die Note 3 erreicht hast. Dann wirst auch du nach einiger Zeit merken, dass Franz\u00f6sisch eine klangvolle und logische Sprache ist!\n\n<strong>Viel Spa\u00df dabei und \u00abbonne chance\u00bb!<\/strong><\/p>\n","protected":false},"excerpt":{"rendered":"<p>In der Aller-Weser Oberschule\u00a0 lernen die Sch\u00fclerinnen und Sch\u00fcler f\u00fcr das Leben. Im Unterricht vermitteln wir ihnen das n\u00f6tige Fachwissen, um sie optimal f\u00fcr ihre k\u00fcnftigen Aufgaben vorzubereiten. Lernen f\u00fcr Gegenwart und Zukunft lautet einer unserer Leits\u00e4tze. So unterrichten wir die Sch\u00fclerinnen und Sch\u00fcler mit Lernmethoden, die ein lebenslanges Lernen erm\u00f6glichen.Unser Unterricht zeichnet sich durch [&hellip;]<\/p>\n","protected":false},"author":760,"featured_media":0,"parent":0,"menu_order":0,"comment_status":"closed","ping_status":"closed","template":"","meta":{"footnotes":""},"class_list":["post-213","page","type-page","status-publish","hentry"],"_links":{"self":[{"href":"https:\/\/wordpress.nibis.de\/awobs\/wp-json\/wp\/v2\/pages\/213","targetHints":{"allow":["GET"]}}],"collection":[{"href":"https:\/\/wordpress.nibis.de\/awobs\/wp-json\/wp\/v2\/pages"}],"about":[{"href":"https:\/\/wordpress.nibis.de\/awobs\/wp-json\/wp\/v2\/types\/page"}],"author":[{"embeddable":true,"href":"https:\/\/wordpress.nibis.de\/awobs\/wp-json\/wp\/v2\/users\/760"}],"replies":[{"embeddable":true,"href":"https:\/\/wordpress.nibis.de\/awobs\/wp-json\/wp\/v2\/comments?post=213"}],"version-history":[{"count":11,"href":"https:\/\/wordpress.nibis.de\/awobs\/wp-json\/wp\/v2\/pages\/213\/revisions"}],"predecessor-version":[{"id":3919,"href":"https:\/\/wordpress.nibis.de\/awobs\/wp-json\/wp\/v2\/pages\/213\/revisions\/3919"}],"wp:attachment":[{"href":"https:\/\/wordpress.nibis.de\/awobs\/wp-json\/wp\/v2\/media?parent=213"}],"curies":[{"name":"wp","href":"https:\/\/api.w.org\/{rel}","templated":true}]}}

<p><img loading="lazy" decoding="async" class=" wp-image-192 alignleft" src="http://wordpress.nibis.de/awobs/files/2015/08/Unterrichtsmaterialien.jpg" alt="Unterrichtsmaterialien" width="141" height="83" srcset="https://wordpress.nibis.de/awobs/files/2015/08/Unterrichtsmaterialien.jpg 800w, https://wordpress.nibis.de/awobs/files/2015/08/Unterrichtsmaterialien-300x176.jpg 300w" sizes="auto, (max-width: 141px) 100vw, 141px" /></p>
<p>In der Aller-Weser Oberschule  lernen die Schülerinnen und Schüler für das Leben. Im Unterricht vermitteln wir ihnen das nötige Fachwissen, um sie optimal für ihre künftigen Aufgaben vorzubereiten. <strong>Lernen für Gegenwart und Zukunft</strong> lautet einer unserer Leitsätze. So unterrichten wir die Schülerinnen und Schüler mit Lernmethoden, die ein lebenslanges Lernen ermöglichen.<br />Unser Unterricht zeichnet sich durch den Einsatz und Wechsel unterschiedlicher Lehrmethoden aus, die zu einem besseren Lernerfolg der Schüler führen sollen und den Unterricht abwechslungsreicher gestalten. Diese Form des Lehrens zielt vor allem darauf ab, auf die unterschiedlichen Lerntypen der Schüler einzugehen.</p>
<p>Unsere <strong>Arbeitsgemeinschaften</strong> (AG) ermöglichen unseren Schülern das Gelernte praktisch anzuwenden. Der Lehrer dient dabei als eine Art Ideengeber und regt die AG-Teilnehmer zur Selbstgestaltung der Arbeitsgemeinschaft an. Die Schüler bestimmen damit die Inhalte und Methoden der frei gewählten AG selbst.</p>
<p>Der Unterricht findet in der Regel in allen Jahrgangsstufen in <strong>90-Minuten-Einheiten</strong> statt.</p>
<p><strong>Unterrichtszeiten:</strong></p>
<p><strong>1.Stunde</strong>   07:55 bis 08.40 Uhr<br /><strong>2.Stunde </strong>  08:45 bis 09.30 Uhr<br />Pause<br /><strong>3.Stunde</strong>  09:50 bis 10.35 Uhr<br /><strong>4.Stunde</strong>   10:40 bis 11.25 Uhr<br />Pause<br /><strong>5.Stunde </strong>  11:40 bis 12.25 Uhr<br />Pause<br /><strong>6.Stunde </strong>  12:30 bis 13.15 Uhr<br />Mittag<br /><strong>7.Stunde</strong>   14:00 bis 14.45 Uhr<br /><strong>8.Stunde</strong>   14:45 bis 15.30 Uhr</p>
<h3> </h3>
<h3 class="entry-title"><strong>Informationen zum Französischunterricht ab Klasse 6</strong></h3>
<div class="entry-content">
<div class="wp-block-media-text alignwide">
<figure class="wp-block-media-text__media"><img loading="lazy" decoding="async" width="708" height="600" class="wp-image-3887" src="https://wordpress.nibis.de/awobs/files/2020/06/salut-708x600.jpg" alt="" srcset="https://wordpress.nibis.de/awobs/files/2020/06/salut-708x600.jpg 708w, https://wordpress.nibis.de/awobs/files/2020/06/salut-300x254.jpg 300w, https://wordpress.nibis.de/awobs/files/2020/06/salut-768x651.jpg 768w, https://wordpress.nibis.de/awobs/files/2020/06/salut.jpg 1024w" sizes="auto, (max-width: 708px) 100vw, 708px" /></figure>
<div class="wp-block-media-text__content">
<p class="has-normal-font-size">Zweite Fremdsprache – ja oder nein? Vor dieser Entscheidung stehen die Schülerinnen und Schüler des fünften Jahrgangs. Um sich über den Französischunterricht ab Klasse 6 an unserer Schule zu informieren, haben wir hier die wichtigsten Informationen zusammengestellt.</p>
<p>Wenn Sie Ihr Kind für den Französichunterricht anmelden möchten, stellen wir Ihnen hier das Antragsformular bereit.</p>
<p> </p>
</div>
</div>
</div>


<div class="wp-block-file"><a href="https://wordpress.nibis.de/awobs/files/2020/06/Anmeldung_WPK-FR_-6.pdf">Anmeldung_WPK FR_ 6</a><a href="https://wordpress.nibis.de/awobs/files/2020/06/Anmeldung_WPK-FR_-6.pdf" class="wp-block-file__button" download>Herunterladen</a></div>



<ul class="wp-block-list"><li><em>Französisch klingt toll und ist eine Sprache, die von über 160 Millionen Menschen in mehr als 30 Ländern auf der ganzen Welt gesprochen wird</em></li><li><em>Französisch wird nicht nur in Frankreich, sondern auf allen Kontinenten gesprochen</em></li><li><em>Französisch ist die Sprache unseres wichtigsten Nachbarn</em></li><li><em>Frankreich ist ein schönes Reiseland</em></li><li><em>Der Erwerb von Französisch ermöglicht es einem, sich in einem französischsprachigen Land (z.B. im Urlaub) zu verständigen. </em></li><li><em>Eine neue Sprache zu lernen macht Spaß</em></li><li><em>Französisch gehört zu den romanischen Sprachen. Wer Kenntnisse in Französisch erwirbt, dem fällt es leichter eine andere romanische Sprache zu erlernen (z.B. Spanisch).</em></li><li><em>Französisch wird auf internationaler Ebene gesprochen (u.a UNO, EU).</em></li><li><em>Französisch spielt eine große Rolle in der Gastronomie, Mode, Theater und Literatur.</em></li><li><em>Wer mehrere Fremdsprachen erlernt, hat höhere Chancen auf einen Ausbildungsplatz</em></li></ul>



<p>In unserem Französischunterricht (Wahlpflichtkurs) lernen unsere Schüler die französische Sprache in einfachen Alltagssituationen anzuwenden, sie lernen die Grundlagen der französischen Grammatik kennen und natürlich viel Wissenswertes über Frankreich und französischsprachige Länder. Gearbeitet wird bei uns mit den Lehrwerken&nbsp; &#8222;À toi!&#8220; (neu eingeführt ab Klasse 6), welches als Schulbuch des Jahres 2015 ausgezeichnet wurde. In diesen fünf Jahren werden die Schüler in den Fertigkeiten „Hören“, „Sprechen“&nbsp; und „Schreiben“ geschult. Hierdurch soll erreicht werden, dass sie sich im französischsprachigen Ausland verständigen können, sowohl im privaten als auch im beruflichen Bereich.</p>



<p>Französisch kann ab der 6. Klasse als Wahlpflichtkurs gewählt werden und wird jede Woche vierstündig erteilt. Das Unterrichtsfach gilt dabei neben den Fächern Englisch, Deutsch und Mathematik ebenfalls als Hauptfach.</p>



<p>In Klasse 9/10&nbsp;zählt Französisch zum Profilfach „Sprache“. Französisch im Profilfach Sprachen kann als mündliches Prüfungsfach gewählt werden.
Für viele unserer Schüler bedeutet die Teilnahme am Französischunterricht auch eine gute Grundlage für den späteren Besuch eines Gymnasiums.</p>



<p><strong>Wer ab dem 6. Schuljahr Französisch lernt, erfüllt die Pflichtauflage der für das Abitur erforderlichen 2. Fremdsprache.</strong><strong>&nbsp;</strong></p>



<p>Wichtig zu wissen ist auch, dass ein Wechsel an das Gymnasium im Sinne der Durchlässigkeit ab der 6. Klasse&nbsp;<strong>nur</strong>&nbsp;mit dem Fach Französisch (mind. Note: befriedigend) möglich ist. Ein späterer Einstieg in der Sek. I in das Fach Französisch ist nicht möglich.</p>



<p>Du solltest Französisch als zweite Fremdsprache erlernen, <strong>&nbsp;wenn du…</strong>

• neugierig bist
• Freude am Sprechen, Schreiben, Lesen und Hören hast
• Ausdauer hast
• die Fähigkeit zum kontinuierlichen Arbeiten mitbringst und
• in Englisch am besten mindestens die Note 3 erreicht hast. Dann wirst auch du nach einiger Zeit merken, dass Französisch eine klangvolle und logische Sprache ist!

<strong>Viel Spaß dabei und «bonne chance»!</strong></p>

<p>In der Aller-Weser Oberschule  lernen die Schülerinnen und Schüler für das Leben. Im Unterricht vermitteln wir ihnen das nötige Fachwissen, um sie optimal für ihre künftigen Aufgaben vorzubereiten. Lernen für Gegenwart und Zukunft lautet einer unserer Leitsätze. So unterrichten wir die Schülerinnen und Schüler mit Lernmethoden, die ein lebenslanges Lernen ermöglichen.Unser Unterricht zeichnet sich durch [&hellip;]</p>
