{"id":215,"date":"2015-08-27T17:04:50","date_gmt":"2015-08-27T15:04:50","guid":{"rendered":"http:\/\/wordpress.nibis.de\/awobs\/?page_id=215"},"modified":"2025-05-21T09:04:53","modified_gmt":"2025-05-21T07:04:53","slug":"formulare","status":"publish","type":"page","link":"https:\/\/wordpress.nibis.de\/awobs\/formulare\/","title":{"rendered":"Anmeldung und Schulbuchausleihe"},"content":{"rendered":"\n<h2 class=\"has-text-align-center wp-block-heading\">Verfahren der Schulbuchausleihe f\u00fcr das Schuljahr 2025\/2026<\/h2>\n\n\n\n<p>Liebe Eltern,<br>hier erhalten Sie die  Informationen zum Verfahren der Schulbuchausleihe f\u00fcr das Schuljahr 2025\/2026.<\/p>\n\n\n\n<p>Wenn Sie an dem Ausleihverfahren teilnehmen wollen, k\u00f6nnen Sie ihr Kind \u00fcber den I-Serv-Account Ihres Kindes anmelden. Hierzu melden Sie sich mit dem Account Ihres Kindes an und gehen in der Navigation auf den Punkt Schulb\u00fccher. Dort werden Sie Schritt f\u00fcr Schritt durch die Anmeldung gef\u00fchrt.<strong> <\/strong>Bitte beachten Sie die Anmeldefristen. Der Anmeldezeitraum beginnt am <strong>28. April 2025<\/strong> und endet am<strong> 16. Mai 202<\/strong>5. Das Entgelt f\u00fcr die Ausleihe muss f\u00fcr das Schuljahr 2025\/26 sp\u00e4testens bis zum <strong>19. Mai 2025 <\/strong>\u00fcberwiesen<strong> <\/strong>werden. Wer diese Frist nicht einh\u00e4lt, entscheidet sich damit, alle Lernmittel rechtzeitig auf eigene Kosten zu beschaffen.<\/p>\n\n\n\n<p>Sollten Sie sich nicht mit dem Account Ihres Kindes anmelden k\u00f6nnen, haben Sie die M\u00f6glichkeit unter <strong><a href=\"http:\/\/schulzentrum-doerverden.de\/buecher\">http:\/\/schulzentrum-doerverden.de\/buecher<\/a><\/strong> an der Schulbuchausleihe teilzunehmen.<\/p>\n\n\n\n<p><br>F\u00fcr den 5. Jahrgang gibt es andere Formulare.  Die Formulare bekommen Sie mit den Anmeldeunterlagen \u00fcber die Grundschulen.<br> <strong>Alle Formulare liegen auch in der Schule zur Abholung bereit.<\/strong> <strong> <\/strong><\/p>\n\n\n\n<p><\/p>\n\n\n\n<p><\/p>\n\n\n\n<p><\/p>\n\n\n\n<div data-wp-interactive=\"core\/file\" class=\"wp-block-file\"><object data-wp-bind--hidden=\"!state.hasPdfPreview\" hidden class=\"wp-block-file__embed\" data=\"https:\/\/wordpress.nibis.de\/awobs\/files\/2025\/04\/Materialliste_Klasse-5.pdf\" type=\"application\/pdf\" style=\"width:100%;height:600px\" aria-label=\"Einbettung von Einbettung von Materialliste_Klasse-5..\"><\/object><a id=\"wp-block-file--media-b43774b8-9895-40d3-b03d-9d7c37586a4f\" href=\"https:\/\/wordpress.nibis.de\/awobs\/files\/2025\/04\/Materialliste_Klasse-5.pdf\">Materialliste_Klasse-5<\/a><a href=\"https:\/\/wordpress.nibis.de\/awobs\/files\/2025\/04\/Materialliste_Klasse-5.pdf\" class=\"wp-block-file__button\" download aria-describedby=\"wp-block-file--media-b43774b8-9895-40d3-b03d-9d7c37586a4f\">Herunterladen<\/a><\/div>\n\n\n\n<div data-wp-interactive=\"core\/file\" class=\"wp-block-file\"><object data-wp-bind--hidden=\"!state.hasPdfPreview\" hidden class=\"wp-block-file__embed\" data=\"https:\/\/wordpress.nibis.de\/awobs\/files\/2025\/04\/Materialliste_Klasse-6.pdf\" type=\"application\/pdf\" style=\"width:100%;height:600px\" aria-label=\"Einbettung von Einbettung von Materialliste_Klasse-6..\"><\/object><a id=\"wp-block-file--media-df512b11-691a-4281-9515-8e71f0511509\" href=\"https:\/\/wordpress.nibis.de\/awobs\/files\/2025\/04\/Materialliste_Klasse-6.pdf\">Materialliste_Klasse-6<\/a><a href=\"https:\/\/wordpress.nibis.de\/awobs\/files\/2025\/04\/Materialliste_Klasse-6.pdf\" class=\"wp-block-file__button\" download aria-describedby=\"wp-block-file--media-df512b11-691a-4281-9515-8e71f0511509\">Herunterladen<\/a><\/div>\n\n\n\n<p><\/p>\n\n\n\n<div data-wp-interactive=\"core\/file\" class=\"wp-block-file\"><object data-wp-bind--hidden=\"!state.hasPdfPreview\" hidden class=\"wp-block-file__embed\" data=\"https:\/\/wordpress.nibis.de\/awobs\/files\/2025\/04\/Materialliste_Klasse-7-8.pdf\" type=\"application\/pdf\" style=\"width:100%;height:600px\" aria-label=\"Einbettung von Einbettung von Materialliste_Klasse-7-8..\"><\/object><a id=\"wp-block-file--media-16ff0f03-1e29-412e-a53f-26dd34e8327e\" href=\"https:\/\/wordpress.nibis.de\/awobs\/files\/2025\/04\/Materialliste_Klasse-7-8.pdf\">Materialliste_Klasse-7-8<\/a><a href=\"https:\/\/wordpress.nibis.de\/awobs\/files\/2025\/04\/Materialliste_Klasse-7-8.pdf\" class=\"wp-block-file__button\" download aria-describedby=\"wp-block-file--media-16ff0f03-1e29-412e-a53f-26dd34e8327e\">Herunterladen<\/a><\/div>\n\n\n\n<div data-wp-interactive=\"core\/file\" class=\"wp-block-file\"><object data-wp-bind--hidden=\"!state.hasPdfPreview\" hidden class=\"wp-block-file__embed\" data=\"https:\/\/wordpress.nibis.de\/awobs\/files\/2025\/04\/Materialliste_Klasse-9-10.pdf\" type=\"application\/pdf\" style=\"width:100%;height:600px\" aria-label=\"Einbettung von Einbettung von Materialliste_Klasse-9-10..\"><\/object><a id=\"wp-block-file--media-b31919ad-6739-4d1f-8256-f16cf095751b\" href=\"https:\/\/wordpress.nibis.de\/awobs\/files\/2025\/04\/Materialliste_Klasse-9-10.pdf\">Materialliste_Klasse-9-10<\/a><a href=\"https:\/\/wordpress.nibis.de\/awobs\/files\/2025\/04\/Materialliste_Klasse-9-10.pdf\" class=\"wp-block-file__button\" download aria-describedby=\"wp-block-file--media-b31919ad-6739-4d1f-8256-f16cf095751b\">Herunterladen<\/a><\/div>\n\n\n\n<div data-wp-interactive=\"core\/file\" class=\"wp-block-file\"><object data-wp-bind--hidden=\"!state.hasPdfPreview\" hidden class=\"wp-block-file__embed\" data=\"https:\/\/wordpress.nibis.de\/awobs\/files\/2025\/04\/Jahrgang-5-Schuljahr-25_26.pdf\" type=\"application\/pdf\" style=\"width:100%;height:600px\" aria-label=\"Einbettung von Einbettung von B\u00fccherliste Jahrgang 5..\"><\/object><a id=\"wp-block-file--media-69be090a-44ff-4cd1-a62d-23ca18d4d958\" href=\"https:\/\/wordpress.nibis.de\/awobs\/files\/2025\/04\/Jahrgang-5-Schuljahr-25_26.pdf\">B\u00fccherliste Jahrgang 5<\/a><a href=\"https:\/\/wordpress.nibis.de\/awobs\/files\/2025\/04\/Jahrgang-5-Schuljahr-25_26.pdf\" class=\"wp-block-file__button\" download aria-describedby=\"wp-block-file--media-69be090a-44ff-4cd1-a62d-23ca18d4d958\">Herunterladen<\/a><\/div>\n\n\n\n<div data-wp-interactive=\"core\/file\" class=\"wp-block-file\"><object data-wp-bind--hidden=\"!state.hasPdfPreview\" hidden class=\"wp-block-file__embed\" data=\"https:\/\/wordpress.nibis.de\/awobs\/files\/2025\/04\/Jahrgang-6-Schuljahr-25_26.pdf\" type=\"application\/pdf\" style=\"width:100%;height:600px\" aria-label=\"Einbettung von Einbettung von B\u00fccherliste Jahrgang 6..\"><\/object><a id=\"wp-block-file--media-8de3c8f7-3fde-48eb-b395-790a274ca011\" href=\"https:\/\/wordpress.nibis.de\/awobs\/files\/2025\/04\/Jahrgang-6-Schuljahr-25_26.pdf\">B\u00fccherliste Jahrgang 6<\/a><a href=\"https:\/\/wordpress.nibis.de\/awobs\/files\/2025\/04\/Jahrgang-6-Schuljahr-25_26.pdf\" class=\"wp-block-file__button\" download aria-describedby=\"wp-block-file--media-8de3c8f7-3fde-48eb-b395-790a274ca011\">Herunterladen<\/a><\/div>\n\n\n\n<div data-wp-interactive=\"core\/file\" class=\"wp-block-file\"><object data-wp-bind--hidden=\"!state.hasPdfPreview\" hidden class=\"wp-block-file__embed\" data=\"https:\/\/wordpress.nibis.de\/awobs\/files\/2025\/04\/Jahrgang-7-Schuljahr-25_26.pdf\" type=\"application\/pdf\" style=\"width:100%;height:600px\" aria-label=\"Einbettung von Einbettung von B\u00fccherliste Jahrgang 7..\"><\/object><a id=\"wp-block-file--media-51b73b54-9a28-4185-9c85-59db898c5e36\" href=\"https:\/\/wordpress.nibis.de\/awobs\/files\/2025\/04\/Jahrgang-7-Schuljahr-25_26.pdf\">B\u00fccherliste Jahrgang 7<\/a><a href=\"https:\/\/wordpress.nibis.de\/awobs\/files\/2025\/04\/Jahrgang-7-Schuljahr-25_26.pdf\" class=\"wp-block-file__button\" download aria-describedby=\"wp-block-file--media-51b73b54-9a28-4185-9c85-59db898c5e36\">Herunterladen<\/a><\/div>\n\n\n\n<div data-wp-interactive=\"core\/file\" class=\"wp-block-file\"><object data-wp-bind--hidden=\"!state.hasPdfPreview\" hidden class=\"wp-block-file__embed\" data=\"https:\/\/wordpress.nibis.de\/awobs\/files\/2025\/04\/Jahrgang-8-Schuljahr-25_26.pdf\" type=\"application\/pdf\" style=\"width:100%;height:600px\" aria-label=\"Einbettung von Einbettung von B\u00fccherliste Jahrgang 8..\"><\/object><a id=\"wp-block-file--media-9fe25020-9394-441d-bf1c-dc88ad2abd4b\" href=\"https:\/\/wordpress.nibis.de\/awobs\/files\/2025\/04\/Jahrgang-8-Schuljahr-25_26.pdf\">B\u00fccherliste Jahrgang 8<\/a><a href=\"https:\/\/wordpress.nibis.de\/awobs\/files\/2025\/04\/Jahrgang-8-Schuljahr-25_26.pdf\" class=\"wp-block-file__button\" download aria-describedby=\"wp-block-file--media-9fe25020-9394-441d-bf1c-dc88ad2abd4b\">Herunterladen<\/a><\/div>\n\n\n\n<div data-wp-interactive=\"core\/file\" class=\"wp-block-file\"><object data-wp-bind--hidden=\"!state.hasPdfPreview\" hidden class=\"wp-block-file__embed\" data=\"https:\/\/wordpress.nibis.de\/awobs\/files\/2025\/04\/Jahrgang-9-Schuljahr-25_26.pdf\" type=\"application\/pdf\" style=\"width:100%;height:600px\" aria-label=\"Einbettung von Einbettung von B\u00fccherliste Jahrgang 9..\"><\/object><a id=\"wp-block-file--media-1773b089-c136-4cdd-aefd-45b8cec9e8b2\" href=\"https:\/\/wordpress.nibis.de\/awobs\/files\/2025\/04\/Jahrgang-9-Schuljahr-25_26.pdf\">B\u00fccherliste Jahrgang 9<\/a><a href=\"https:\/\/wordpress.nibis.de\/awobs\/files\/2025\/04\/Jahrgang-9-Schuljahr-25_26.pdf\" class=\"wp-block-file__button\" download aria-describedby=\"wp-block-file--media-1773b089-c136-4cdd-aefd-45b8cec9e8b2\">Herunterladen<\/a><\/div>\n\n\n\n<div data-wp-interactive=\"core\/file\" class=\"wp-block-file\"><object data-wp-bind--hidden=\"!state.hasPdfPreview\" hidden class=\"wp-block-file__embed\" data=\"https:\/\/wordpress.nibis.de\/awobs\/files\/2025\/04\/Jahrgang-10-Schuljahr-25_26.pdf\" type=\"application\/pdf\" style=\"width:100%;height:600px\" aria-label=\"Einbettung von Einbettung von B\u00fccherliste Jahrgang 10..\"><\/object><a id=\"wp-block-file--media-bafe5552-6d82-4f92-af07-ef9e25c7d055\" href=\"https:\/\/wordpress.nibis.de\/awobs\/files\/2025\/04\/Jahrgang-10-Schuljahr-25_26.pdf\">B\u00fccherliste Jahrgang 10<\/a><a href=\"https:\/\/wordpress.nibis.de\/awobs\/files\/2025\/04\/Jahrgang-10-Schuljahr-25_26.pdf\" class=\"wp-block-file__button\" download aria-describedby=\"wp-block-file--media-bafe5552-6d82-4f92-af07-ef9e25c7d055\">Herunterladen<\/a><\/div>\n\n\n\n<div data-wp-interactive=\"core\/file\" class=\"wp-block-file\"><object data-wp-bind--hidden=\"!state.hasPdfPreview\" hidden class=\"wp-block-file__embed\" data=\"https:\/\/wordpress.nibis.de\/awobs\/files\/2024\/04\/Buecherliste-10Kl.-2425-220240411090837.pdf\" type=\"application\/pdf\" style=\"width:100%;height:600px\" aria-label=\"Einbettung von Einbettung von B\u00fccherliste Jahrgang 10 Teil 2..\"><\/object><a id=\"wp-block-file--media-013105fd-834d-41bc-ab1c-38aba2035d53\" href=\"https:\/\/wordpress.nibis.de\/awobs\/files\/2024\/04\/Buecherliste-10Kl.-2425-220240411090837.pdf\">B\u00fccherliste Jahrgang 10 Teil 2<\/a><a href=\"https:\/\/wordpress.nibis.de\/awobs\/files\/2024\/04\/Buecherliste-10Kl.-2425-220240411090837.pdf\" class=\"wp-block-file__button\" download aria-describedby=\"wp-block-file--media-013105fd-834d-41bc-ab1c-38aba2035d53\">Herunterladen<\/a><\/div>\n\n\n\n<p><\/p>\n\n\n\n<p>\u00a0\u00a0<\/p>\n\n\n\n<h2 class=\"has-text-align-center wp-block-heading\">Anmeldung f\u00fcr das Schuljahr 2025\/2026<\/h2>\n\n\n\n<p>Wenn Sie Ihr Kind an unserer Schule anmelden m\u00f6chten, ben\u00f6tigen wir diverse Angaben und Einverst\u00e4ndniserkl\u00e4rungen. Alle notwendigen Formulare daf\u00fcr finden Sie hier:<\/p>\n\n\n\n<div data-wp-interactive=\"core\/file\" class=\"wp-block-file\"><object data-wp-bind--hidden=\"!state.hasPdfPreview\" hidden class=\"wp-block-file__embed\" data=\"https:\/\/wordpress.nibis.de\/awobs\/files\/2025\/05\/Elternbrief_Schulanmeldung_2025202502281239171.pdf\" type=\"application\/pdf\" style=\"width:100%;height:600px\" aria-label=\"Einbettung von Einbettung von Elternbrief_Schulanmeldung_2025202502281239171..\"><\/object><a id=\"wp-block-file--media-869780b6-34c8-447b-b056-a5bf9a23d85d\" href=\"https:\/\/wordpress.nibis.de\/awobs\/files\/2025\/05\/Elternbrief_Schulanmeldung_2025202502281239171.pdf\">Elternbrief_Schulanmeldung_2025202502281239171<\/a><a href=\"https:\/\/wordpress.nibis.de\/awobs\/files\/2025\/05\/Elternbrief_Schulanmeldung_2025202502281239171.pdf\" class=\"wp-block-file__button\" download aria-describedby=\"wp-block-file--media-869780b6-34c8-447b-b056-a5bf9a23d85d\">Herunterladen<\/a><\/div>\n\n\n\n<p><\/p>\n\n\n\n<p><\/p>\n\n\n\n<div data-wp-interactive=\"core\/file\" class=\"wp-block-file\"><object data-wp-bind--hidden=\"!state.hasPdfPreview\" hidden class=\"wp-block-file__embed\" data=\"https:\/\/wordpress.nibis.de\/awobs\/files\/2025\/05\/Mitschuelerwunsch_2025202502281240221.pdf\" type=\"application\/pdf\" style=\"width:100%;height:600px\" aria-label=\"Einbettung von Einbettung von Mitschuelerwunsch_2025202502281240221..\"><\/object><a id=\"wp-block-file--media-b1b396ad-0f02-4205-838b-fed6ca0639e1\" href=\"https:\/\/wordpress.nibis.de\/awobs\/files\/2025\/05\/Mitschuelerwunsch_2025202502281240221.pdf\">Mitschuelerwunsch_2025202502281240221<\/a><a href=\"https:\/\/wordpress.nibis.de\/awobs\/files\/2025\/05\/Mitschuelerwunsch_2025202502281240221.pdf\" class=\"wp-block-file__button\" download aria-describedby=\"wp-block-file--media-b1b396ad-0f02-4205-838b-fed6ca0639e1\">Herunterladen<\/a><\/div>\n\n\n\n<p><\/p>\n\n\n\n<div data-wp-interactive=\"core\/file\" class=\"wp-block-file\"><object data-wp-bind--hidden=\"!state.hasPdfPreview\" hidden class=\"wp-block-file__embed\" data=\"https:\/\/wordpress.nibis.de\/awobs\/files\/2024\/04\/Anmeldung-202420240422120158.pdf\" type=\"application\/pdf\" style=\"width:100%;height:600px\" aria-label=\"Einbettung von Einbettung von Anmeldeunterlagen 2024\/25 ..\"><\/object><a id=\"wp-block-file--media-13cd1daa-39e5-4df9-83f0-73f46f164bef\" href=\"https:\/\/wordpress.nibis.de\/awobs\/files\/2024\/04\/Anmeldung-202420240422120158.pdf\">Anmeldeunterlagen 2024\/25 <\/a><a href=\"https:\/\/wordpress.nibis.de\/awobs\/files\/2024\/04\/Anmeldung-202420240422120158.pdf\" class=\"wp-block-file__button\" download aria-describedby=\"wp-block-file--media-13cd1daa-39e5-4df9-83f0-73f46f164bef\">Herunterladen<\/a><\/div>\n\n\n\n<h2 class=\"wp-block-heading\">Informationen:<\/h2>\n\n\n\n<div data-wp-interactive=\"core\/file\" class=\"wp-block-file\"><object data-wp-bind--hidden=\"!state.hasPdfPreview\" hidden class=\"wp-block-file__embed\" data=\"https:\/\/wordpress.nibis.de\/awobs\/files\/2023\/03\/Schulregeln-2023.pdf\" type=\"application\/pdf\" style=\"width:100%;height:600px\" aria-label=\"Einbettung von Einbettung von Schulregeln-2023..\"><\/object><a id=\"wp-block-file--media-19d540ed-17a7-448a-b346-25a538a10871\" href=\"https:\/\/wordpress.nibis.de\/awobs\/files\/2023\/03\/Schulregeln-2023.pdf\">Schulregeln-2023<\/a><a href=\"https:\/\/wordpress.nibis.de\/awobs\/files\/2023\/03\/Schulregeln-2023.pdf\" class=\"wp-block-file__button\" download aria-describedby=\"wp-block-file--media-19d540ed-17a7-448a-b346-25a538a10871\">Herunterladen<\/a><\/div>\n\n\n\n<div data-wp-interactive=\"core\/file\" class=\"wp-block-file\"><object data-wp-bind--hidden=\"!state.hasPdfPreview\" hidden class=\"wp-block-file__embed\" data=\"https:\/\/wordpress.nibis.de\/awobs\/files\/2023\/03\/Schulordnung.pdf\" type=\"application\/pdf\" style=\"width:100%;height:600px\" aria-label=\"Einbettung von Einbettung von Schulordnung..\"><\/object><a id=\"wp-block-file--media-527e0195-69dc-4e67-b032-c0131a6adc6d\" href=\"https:\/\/wordpress.nibis.de\/awobs\/files\/2023\/03\/Schulordnung.pdf\">Schulordnung<\/a><a href=\"https:\/\/wordpress.nibis.de\/awobs\/files\/2023\/03\/Schulordnung.pdf\" class=\"wp-block-file__button\" download aria-describedby=\"wp-block-file--media-527e0195-69dc-4e67-b032-c0131a6adc6d\">Herunterladen<\/a><\/div>\n\n\n\n<div data-wp-interactive=\"core\/file\" class=\"wp-block-file\"><object data-wp-bind--hidden=\"!state.hasPdfPreview\" hidden class=\"wp-block-file__embed\" data=\"https:\/\/wordpress.nibis.de\/awobs\/files\/2023\/03\/Waffenverbot-2022.pdf\" type=\"application\/pdf\" style=\"width:100%;height:600px\" aria-label=\"Einbettung von Einbettung von Waffenverbot-2022..\"><\/object><a id=\"wp-block-file--media-7c9bd208-6341-4c9a-859b-04dd70465734\" href=\"https:\/\/wordpress.nibis.de\/awobs\/files\/2023\/03\/Waffenverbot-2022.pdf\">Waffenverbot-2022<\/a><a href=\"https:\/\/wordpress.nibis.de\/awobs\/files\/2023\/03\/Waffenverbot-2022.pdf\" class=\"wp-block-file__button\" download aria-describedby=\"wp-block-file--media-7c9bd208-6341-4c9a-859b-04dd70465734\">Herunterladen<\/a><\/div>\n\n\n\n<div class=\"wp-block-file\"><a id=\"wp-block-file--media-e7cd1e72-0fc6-4425-ab5c-31c10a7c49f1\" href=\"https:\/\/wordpress.nibis.de\/awobs\/files\/2015\/08\/Infektionsschutzbelehrung_Kopfl\u00e4usebefall.pdf\">Infektionsschutzbelehrung\/Kopfl\u00e4usebefall an Schulen<\/a><a href=\"https:\/\/wordpress.nibis.de\/awobs\/files\/2015\/08\/Infektionsschutzbelehrung_Kopfl\u00e4usebefall.pdf\" class=\"wp-block-file__button\" download aria-describedby=\"wp-block-file--media-e7cd1e72-0fc6-4425-ab5c-31c10a7c49f1\">Herunterladen<\/a><\/div>\n\n\n\n<div class=\"wp-block-file\"><a id=\"wp-block-file--media-16c86342-6dd7-45ee-8f94-3b79b83ec562\" href=\"https:\/\/wordpress.nibis.de\/awobs\/files\/2015\/08\/Sport-und-Turnhallennutzungsordnung.pdf\">Sport- und Turnhallennutzungsordnung<\/a><a href=\"https:\/\/wordpress.nibis.de\/awobs\/files\/2015\/08\/Sport-und-Turnhallennutzungsordnung.pdf\" class=\"wp-block-file__button\" download aria-describedby=\"wp-block-file--media-16c86342-6dd7-45ee-8f94-3b79b83ec562\">Herunterladen<\/a><\/div>\n\n\n\n<div class=\"wp-block-file\"><a id=\"wp-block-file--media-a70f8bdc-aec3-4334-801a-1ca4d89ab033\" href=\"https:\/\/wordpress.nibis.de\/awobs\/files\/2015\/08\/Benutzerordnung_IServ.pdf\">Benutzerordnung f\u00fcr die Kommunikationsplattform IServ<\/a><a href=\"https:\/\/wordpress.nibis.de\/awobs\/files\/2015\/08\/Benutzerordnung_IServ.pdf\" class=\"wp-block-file__button\" download aria-describedby=\"wp-block-file--media-a70f8bdc-aec3-4334-801a-1ca4d89ab033\">Herunterladen<\/a><\/div>\n\n\n\n<div class=\"wp-block-file\"><a id=\"wp-block-file--media-7a003091-cf7c-4b57-8a71-fcaab38c48af\" href=\"https:\/\/wordpress.nibis.de\/awobs\/files\/2021\/05\/WebUntis.pdf\">Informationen zum Stundenplanprogramm WebUntis<\/a><a href=\"https:\/\/wordpress.nibis.de\/awobs\/files\/2021\/05\/WebUntis.pdf\" class=\"wp-block-file__button\" download aria-describedby=\"wp-block-file--media-7a003091-cf7c-4b57-8a71-fcaab38c48af\">Herunterladen<\/a><\/div>\n\n\n\n<div class=\"wp-block-file\"><a id=\"wp-block-file--media-af46da24-3562-4772-9347-9460ee0c691c\" href=\"https:\/\/wordpress.nibis.de\/awobs\/files\/2021\/05\/Info-Schreiben.pdf\">Mittagessen in der Mensa<\/a><a href=\"https:\/\/wordpress.nibis.de\/awobs\/files\/2021\/05\/Info-Schreiben.pdf\" class=\"wp-block-file__button\" download aria-describedby=\"wp-block-file--media-af46da24-3562-4772-9347-9460ee0c691c\">Herunterladen<\/a><\/div>\n\n\n\n<div class=\"wp-block-file\"><a id=\"wp-block-file--media-ee95fdfb-67c2-4460-9a81-87250fff979e\" href=\"https:\/\/wordpress.nibis.de\/awobs\/files\/2015\/08\/Entschuldigung-der-Sch\u00fcler.pdf\">Entschuldigungsvordruck im Krankheitsfall<\/a><a href=\"https:\/\/wordpress.nibis.de\/awobs\/files\/2015\/08\/Entschuldigung-der-Sch\u00fcler.pdf\" class=\"wp-block-file__button\" download aria-describedby=\"wp-block-file--media-ee95fdfb-67c2-4460-9a81-87250fff979e\">Herunterladen<\/a><\/div>\n\n\n\n<p><\/p>\n\n\n\n<h2 class=\"wp-block-heading\">Berufsorientierung<\/h2>\n\n\n\n<div class=\"wp-block-file\"><a id=\"wp-block-file--media-a8ce13ab-848f-4476-8c7a-286e3b68ca4c\" href=\"https:\/\/wordpress.nibis.de\/awobs\/files\/2015\/08\/Zukunftstag_Freistellung_vom_Unterricht.pdf\">Zukunftstag_Freistellung_vom_Unterricht<\/a><a href=\"https:\/\/wordpress.nibis.de\/awobs\/files\/2015\/08\/Zukunftstag_Freistellung_vom_Unterricht.pdf\" class=\"wp-block-file__button\" download aria-describedby=\"wp-block-file--media-a8ce13ab-848f-4476-8c7a-286e3b68ca4c\">Herunterladen<\/a><\/div>\n\n\n\n<div class=\"wp-block-file\"><a id=\"wp-block-file--media-8cade54a-3e50-4830-ab2a-8b5813c54410\" href=\"https:\/\/wordpress.nibis.de\/awobs\/files\/2015\/08\/Zukunftstag_Teilnahmebescheinigung.pdf\">Zukunftstag_Teilnahmebescheinigung<\/a><a href=\"https:\/\/wordpress.nibis.de\/awobs\/files\/2015\/08\/Zukunftstag_Teilnahmebescheinigung.pdf\" class=\"wp-block-file__button\" download aria-describedby=\"wp-block-file--media-8cade54a-3e50-4830-ab2a-8b5813c54410\">Herunterladen<\/a><\/div>\n\n\n\n<p><\/p>\n\n\n\n<h2 class=\"wp-block-heading\">Informationen zur Einschulung von Fl\u00fcchtlingen<\/h2>\n\n\n\n<div class=\"wp-block-file\"><a id=\"wp-block-file--media-7bcc276c-6258-46d6-a807-97a9bee2b412\" href=\"https:\/\/wordpress.nibis.de\/awobs\/files\/2015\/08\/Informationsblatt-f\u00fcr-die-Einschulung-von-Fl\u00fcchtlingen-in-den-D\u00f6rverdener-Schulen.pdf\">Einschulung von Fl\u00fcchtlingen in den D\u00f6rverdener Schulen<\/a><a href=\"https:\/\/wordpress.nibis.de\/awobs\/files\/2015\/08\/Informationsblatt-f\u00fcr-die-Einschulung-von-Fl\u00fcchtlingen-in-den-D\u00f6rverdener-Schulen.pdf\" class=\"wp-block-file__button\" download aria-describedby=\"wp-block-file--media-7bcc276c-6258-46d6-a807-97a9bee2b412\">Herunterladen<\/a><\/div>\n\n\n\n<p><\/p>\n\n\n\n<h2 class=\"wp-block-heading\">Datenschutz<\/h2>\n\n\n\n<p>Information zum Datenschutz in Schule finden Sie hier: \u00a7 31 NSchG<\/p>\n\n\n\n<h4 class=\"wp-block-heading\"><a href=\"http:\/\/www.nds-voris.de\/jportal\/?quelle=jlink&amp;query=SchulG+ND+%C2%A7+31&amp;psml=bsvorisprod.psml&amp;max=true\" target=\"_blank\" rel=\"noreferrer noopener\">Verarbeitung personenbezogener Daten<\/a><\/h4>\n\n\n\n<p> <\/p>\n\n\n\n<h2 class=\"wp-block-heading\"><\/h2>\n\n\n\n<p><\/p>\n","protected":false},"excerpt":{"rendered":"<p>Verfahren der Schulbuchausleihe f\u00fcr das Schuljahr 2025\/2026 Liebe Eltern,hier erhalten Sie die Informationen zum Verfahren der Schulbuchausleihe f\u00fcr das Schuljahr 2025\/2026. Wenn Sie an dem Ausleihverfahren teilnehmen wollen, k\u00f6nnen Sie ihr Kind \u00fcber den I-Serv-Account Ihres Kindes anmelden. Hierzu melden Sie sich mit dem Account Ihres Kindes an und gehen in der Navigation auf den [&hellip;]<\/p>\n","protected":false},"author":760,"featured_media":0,"parent":0,"menu_order":0,"comment_status":"closed","ping_status":"closed","template":"","meta":{"footnotes":""},"class_list":["post-215","page","type-page","status-publish","hentry"],"_links":{"self":[{"href":"https:\/\/wordpress.nibis.de\/awobs\/wp-json\/wp\/v2\/pages\/215","targetHints":{"allow":["GET"]}}],"collection":[{"href":"https:\/\/wordpress.nibis.de\/awobs\/wp-json\/wp\/v2\/pages"}],"about":[{"href":"https:\/\/wordpress.nibis.de\/awobs\/wp-json\/wp\/v2\/types\/page"}],"author":[{"embeddable":true,"href":"https:\/\/wordpress.nibis.de\/awobs\/wp-json\/wp\/v2\/users\/760"}],"replies":[{"embeddable":true,"href":"https:\/\/wordpress.nibis.de\/awobs\/wp-json\/wp\/v2\/comments?post=215"}],"version-history":[{"count":204,"href":"https:\/\/wordpress.nibis.de\/awobs\/wp-json\/wp\/v2\/pages\/215\/revisions"}],"predecessor-version":[{"id":6327,"href":"https:\/\/wordpress.nibis.de\/awobs\/wp-json\/wp\/v2\/pages\/215\/revisions\/6327"}],"wp:attachment":[{"href":"https:\/\/wordpress.nibis.de\/awobs\/wp-json\/wp\/v2\/media?parent=215"}],"curies":[{"name":"wp","href":"https:\/\/api.w.org\/{rel}","templated":true}]}}