{"id":189,"date":"2023-07-14T09:49:16","date_gmt":"2023-07-14T07:49:16","guid":{"rendered":"https:\/\/wordpress.nibis.de\/barrierefreiheit\/?page_id=189"},"modified":"2023-08-18T10:54:57","modified_gmt":"2023-08-18T08:54:57","slug":"erklaerung-zur-barrierefreiheit","status":"publish","type":"page","link":"https:\/\/wordpress.nibis.de\/barrierefreiheit\/erklaerung-zur-barrierefreiheit\/","title":{"rendered":"Die Erkl\u00e4rung zur Barrierefreiheit"},"content":{"rendered":"\n<p>Die EU-Richtlinie 2102 \u00fcber den barrierefreien Zugang zu den Websites und mobilen Anwendungen betrifft alle \u00f6ffentlichen Stellen.<\/p>\n\n\n\n<h2 class=\"wp-block-heading\">Was geh\u00f6rt in die Erkl\u00e4rung?<\/h2>\n\n\n\n<p>Auf dieser Seite geben Sie die rechtlichen Grundlagen und eine Kontaktadresse an sowie eine Einsch\u00e4tzung \u00fcber die Barrierefreiheit Ihrer Seite oder Anwendung. Vgl. https:\/\/www.bitvtest.de\/bitv_test\/das_testverfahren_im_detail\/vertiefend\/die_erklaerung_zur_barrierefreiheit.html<\/p>\n\n\n\n<p>Planen Sie bei allen gr\u00f6\u00dferen \u00c4nderungen an Ihrer Website und maximal einmal im Jahr Zeit f\u00fcr eine erneute Sebstbewertung ein und aktualisieren Sie Ihre Erkl\u00e4rung zur Barrierefreiheit.<\/p>\n\n\n\n<h2 class=\"wp-block-heading\">Wie k\u00f6nnen Sie die Barrierefreiheit pr\u00fcfen?<\/h2>\n\n\n\n<p>Sie k\u00f6nnen Ihre Seite mit verschiedenen Tools auf Barrierefreiheit pr\u00fcfen:<\/p>\n\n\n\n<ul class=\"wp-block-list\"><li>Tools des Browsers wie z.B.:<ul><li>Firefox: Unter Anwendungsmen\u00fc &#8211; Weitere Werkzeuge &#8211; Werkzeuge f\u00fcr die Web-Entwicklung finden Sie u.a. die Testm\u00f6glichkeit &#8222;Barrierefreiheit&#8220;<\/li><li>Chrome: Unter Men\u00fc &#8211; Weitere Tools &#8211; Entwicklertools finden Sie u.a. die Testm\u00f6glichkeit &#8222;Accessibility&#8220; .<\/li><\/ul><\/li><li>Bestimmte Webseitentools finden Sie  z.B. auf der Seite:<ul><li>des Bundes <a href=\"https:\/\/www.barrierefreiheit-dienstekonsolidierung.bund.de\/Webs\/PB\/DE\/anforderungen-an-die-it\/pruefen\/produktorientierter-test\/produktorientierter-test-node.html\">Digitale Barrierefreiheit hilft allen (zur Seite)<\/a><\/li><li><a rel=\"noreferrer noopener\" href=\"https:\/\/www.bitvtest.de\/bitv_test.html\" target=\"_blank\">BIK BITV-Test (zur Seite)<\/a><\/li><\/ul><\/li><\/ul>\n\n\n\n<p>Die Ergebnisse Ihres Tests \u00fcbernehmen Sie anschlie\u00dfend in ihre Erkl\u00e4rung. Das bedeutet: Je k\u00fcrzer eine Erkl\u00e4rung zur Barrierefreiheit ist, desto besser ist es um die Barrierefreiheit einer Seite bestellt. Oder anders gesagt: Sie m\u00fcssen nur Probleme aufnehmen, f\u00fcr die Sie noch keine vollst\u00e4ndige L\u00f6sung gefunden haben. Hier finden Sie Beispiele verlinkt und eine \u00dcbersicht \u00fcber die n\u00f6tigen Angaben:<\/p>\n\n\n\n<ul class=\"wp-block-list\"><li>Was geh\u00f6rt in die Erkl\u00e4rung zur Barrierefreiheit? Einen \u00dcberblick bietet <a rel=\"noreferrer noopener\" href=\"https:\/\/www.bitvtest.de\/bitv_test\/das_testverfahren_im_detail\/vertiefend\/die_erklaerung_zur_barrierefreiheit.html\" target=\"_blank\">BIK BITV-Test hier<\/a>.<\/li><li><a href=\"https:\/\/www.ml.niedersachsen.de\/startseite\/service\/bibliothek\/barrierefreiheit_lukida\/erklarung-zur-barrierefreiheit-192494.html\">Erkl\u00e4rung zur Barrierefreiheit des Nieders\u00e4chsischen Kultusministeriums<\/a><\/li><li><a href=\"https:\/\/bildungsportal-niedersachsen.de\/barrierefreiheit\">Erkl\u00e4rung zur Barrierefreiheit des Nieders\u00e4chsischen Bildungsportals<\/a><\/li><li><a href=\"https:\/\/www.arbeitsagentur.de\/leichte-sprache\/erklaerung-zur-barriere-freiheit-in-leichter-sprache\">Erkl\u00e4rung zur Barrierefreiheit in Leichter Sprache der Arbeitsagentur<\/a><\/li><\/ul>\n","protected":false},"excerpt":{"rendered":"<p>Die EU-Richtlinie 2102 \u00fcber den barrierefreien Zugang zu den Websites und mobilen Anwendungen betrifft alle \u00f6ffentlichen Stellen. Was geh\u00f6rt in die Erkl\u00e4rung? Auf dieser Seite geben Sie die rechtlichen Grundlagen und eine Kontaktadresse an sowie eine Einsch\u00e4tzung \u00fcber die Barrierefreiheit Ihrer Seite oder Anwendung. Vgl. https:\/\/www.bitvtest.de\/bitv_test\/das_testverfahren_im_detail\/vertiefend\/die_erklaerung_zur_barrierefreiheit.html Planen Sie bei allen gr\u00f6\u00dferen \u00c4nderungen an Ihrer Website&hellip; <a class=\"continue\" href=\"https:\/\/wordpress.nibis.de\/barrierefreiheit\/erklaerung-zur-barrierefreiheit\/\">mehr<span> Die Erkl\u00e4rung zur Barrierefreiheit<\/span><\/a><\/p>\n","protected":false},"author":190,"featured_media":0,"parent":0,"menu_order":0,"comment_status":"closed","ping_status":"closed","template":"","meta":{"footnotes":""},"class_list":["post-189","page","type-page","status-publish","hentry"],"_links":{"self":[{"href":"https:\/\/wordpress.nibis.de\/barrierefreiheit\/wp-json\/wp\/v2\/pages\/189","targetHints":{"allow":["GET"]}}],"collection":[{"href":"https:\/\/wordpress.nibis.de\/barrierefreiheit\/wp-json\/wp\/v2\/pages"}],"about":[{"href":"https:\/\/wordpress.nibis.de\/barrierefreiheit\/wp-json\/wp\/v2\/types\/page"}],"author":[{"embeddable":true,"href":"https:\/\/wordpress.nibis.de\/barrierefreiheit\/wp-json\/wp\/v2\/users\/190"}],"replies":[{"embeddable":true,"href":"https:\/\/wordpress.nibis.de\/barrierefreiheit\/wp-json\/wp\/v2\/comments?post=189"}],"version-history":[{"count":5,"href":"https:\/\/wordpress.nibis.de\/barrierefreiheit\/wp-json\/wp\/v2\/pages\/189\/revisions"}],"predecessor-version":[{"id":390,"href":"https:\/\/wordpress.nibis.de\/barrierefreiheit\/wp-json\/wp\/v2\/pages\/189\/revisions\/390"}],"wp:attachment":[{"href":"https:\/\/wordpress.nibis.de\/barrierefreiheit\/wp-json\/wp\/v2\/media?parent=189"}],"curies":[{"name":"wp","href":"https:\/\/api.w.org\/{rel}","templated":true}]}}