{"id":321,"date":"2023-08-01T13:45:51","date_gmt":"2023-08-01T11:45:51","guid":{"rendered":"https:\/\/wordpress.nibis.de\/barrierefreiheit\/?page_id=321"},"modified":"2023-08-01T13:45:52","modified_gmt":"2023-08-01T11:45:52","slug":"download-angebote-erstellen","status":"publish","type":"page","link":"https:\/\/wordpress.nibis.de\/barrierefreiheit\/download-angebote-erstellen\/","title":{"rendered":"Download-Angebote erstellen"},"content":{"rendered":"\n<p>Brosch\u00fcren, Flyer und l\u00e4ngere Erkl\u00e4rungen oder auch Formulare werden oft in PDF-Downloads oder andere Dateiformate ausgelagert. Auch hier ist es wichtig, dass Dokumente entsprechend barrierefrei gestaltet werden. Das beginnt bei Farbschemata, die auch f\u00fcr Menschen mit einer Rot-Gr\u00fcn-Schw\u00e4che lesbar sein muss und geht hin bis zu einer vollst\u00e4ndigen Lesbarkeit mit einem Screenreader. <\/p>\n\n\n\n<p>Wie f\u00fcr Ihre Online-Seite  gilt auch f\u00fcr Ihre eingebundenen Dokumente, dass die \u00dcberschriften eine Hierarchie ben\u00f6tigen. Sofern Ihre Institution eine Vorlage im Corporate Design anbietet, werden entsprechende \u00dcberschriftenvorlagen vorgesehen sein. die Sie entsprechend nutzen sollten.<\/p>\n\n\n\n<p>Welche Formatierungen k\u00f6nnen Probleme machen? Hier nur einige Beispiele:<\/p>\n\n\n\n<ul class=\"wp-block-list\"><li>unsichtbarer Text, der vom Screenreader nicht als unsichtbar angesehen wird,<\/li><li>beschriftete Grafiken, die zum Verst\u00e4ndnis eine bestimmte Vorlesereihenfolge brauchen,<\/li><li>Schaubilder an sich.<\/li><\/ul>\n\n\n\n<p>Daher ist es hilfreich, alle Dokumente auch mit einem Screenreader zu testen. Oder besser noch: Wenn Sie ein Dokument erstellen, nutzen Sie das Hilfstool ihrer Software, um Sie beim barrierefreien Schreiben zu unterst\u00fctzen. Viele dieser B\u00fcrosoftwareprodukte weisen Sie darauf hin, wenn Sie die Seiten nicht entsprechend mit \u00dcberschriften struktuieren oder die Bildbeschreibungen vergessen.<\/p>\n","protected":false},"excerpt":{"rendered":"<p>Brosch\u00fcren, Flyer und l\u00e4ngere Erkl\u00e4rungen oder auch Formulare werden oft in PDF-Downloads oder andere Dateiformate ausgelagert. Auch hier ist es wichtig, dass Dokumente entsprechend barrierefrei gestaltet werden. Das beginnt bei Farbschemata, die auch f\u00fcr Menschen mit einer Rot-Gr\u00fcn-Schw\u00e4che lesbar sein muss und geht hin bis zu einer vollst\u00e4ndigen Lesbarkeit mit einem Screenreader. Wie f\u00fcr Ihre&hellip; <a class=\"continue\" href=\"https:\/\/wordpress.nibis.de\/barrierefreiheit\/download-angebote-erstellen\/\">mehr<span> Download-Angebote erstellen<\/span><\/a><\/p>\n","protected":false},"author":190,"featured_media":0,"parent":0,"menu_order":0,"comment_status":"closed","ping_status":"closed","template":"","meta":{"footnotes":""},"class_list":["post-321","page","type-page","status-publish","hentry"],"_links":{"self":[{"href":"https:\/\/wordpress.nibis.de\/barrierefreiheit\/wp-json\/wp\/v2\/pages\/321","targetHints":{"allow":["GET"]}}],"collection":[{"href":"https:\/\/wordpress.nibis.de\/barrierefreiheit\/wp-json\/wp\/v2\/pages"}],"about":[{"href":"https:\/\/wordpress.nibis.de\/barrierefreiheit\/wp-json\/wp\/v2\/types\/page"}],"author":[{"embeddable":true,"href":"https:\/\/wordpress.nibis.de\/barrierefreiheit\/wp-json\/wp\/v2\/users\/190"}],"replies":[{"embeddable":true,"href":"https:\/\/wordpress.nibis.de\/barrierefreiheit\/wp-json\/wp\/v2\/comments?post=321"}],"version-history":[{"count":1,"href":"https:\/\/wordpress.nibis.de\/barrierefreiheit\/wp-json\/wp\/v2\/pages\/321\/revisions"}],"predecessor-version":[{"id":323,"href":"https:\/\/wordpress.nibis.de\/barrierefreiheit\/wp-json\/wp\/v2\/pages\/321\/revisions\/323"}],"wp:attachment":[{"href":"https:\/\/wordpress.nibis.de\/barrierefreiheit\/wp-json\/wp\/v2\/media?parent=321"}],"curies":[{"name":"wp","href":"https:\/\/api.w.org\/{rel}","templated":true}]}}