{"id":409,"date":"2023-08-21T18:01:10","date_gmt":"2023-08-21T16:01:10","guid":{"rendered":"https:\/\/wordpress.nibis.de\/barrierefreiheit\/?page_id=409"},"modified":"2023-09-06T12:09:36","modified_gmt":"2023-09-06T10:09:36","slug":"erklaerung-zur-barrierefreiheit-2","status":"publish","type":"page","link":"https:\/\/wordpress.nibis.de\/barrierefreiheit\/erklaerung-zur-barrierefreiheit-2\/","title":{"rendered":"Erkl\u00e4rung zur Barrierefreiheit"},"content":{"rendered":"\n<p>(Stand: 21.08.2023)<\/p>\n\n\n\n<p>Informationen \u00fcber die Zug\u00e4nglichkeit dieser Webseiten gem\u00e4\u00df \u00a7 9b NBGG sowie \u00fcber diesbez\u00fcgliche Kontaktm\u00f6glichkeiten.<\/p>\n\n\n\n<p>Das WordPress-Angebot des Nieders\u00e4chsischen Landesinstituts f\u00fcr schulische Qualit\u00e4tsentwicklung unter der Adresse https:\/\/wordpress.nibis.de ist mit den Vorgaben der harmonisierten europ\u00e4ischen Norm EN 301 549 V2.1.2 (08-2018) gr\u00f6\u00dftenteils vereinbar.<\/p>\n\n\n\n<p>Das Theme sind so eingestellt, dass es eine m\u00f6glichst hohe technische Barrierefreiheit gew\u00e4hrleist. In diesem WordPress des NLQ verwendet sind u.a. folgende Plugins, die die Barrierefreiheit unterst\u00fctzen:<\/p>\n\n\n\n<ul class=\"wp-block-list\"><li>Das Lexikon zur Leichten Sprache \u201eHurrakify\u201c<\/li><li>Das Plugin f\u00fcr die Feinsteuerung von Barrierefreiheitseinstellungen \u201eWP Accessibility\u201c<\/li><\/ul>\n\n\n\n<h2 class=\"wp-block-heading\">Nicht barrierefreie Inhalte<\/h2>\n\n\n\n<ul class=\"wp-block-list\"><li>Diese Angebot f\u00fcr Redakteurinnen und Redakeure aus Schule und Bildung in Niedersachsen wird nicht in Geb\u00e4rdensprache pr\u00e4sentiert.<\/li><li>Dieses Design passt sich nicht vollst\u00e4ndig an alle Mobilger\u00e4te an. Im Hochkantmodus auf sehr kleinen Ger\u00e4ten ist das Seitenmen\u00fc nicht erreichbar.<\/li><\/ul>\n\n\n\n<h2 class=\"wp-block-heading\">Erstellung dieser Erkl\u00e4rung zur Barrierefreiheit<\/h2>\n\n\n\n<p>Diese Erkl\u00e4rung wurde am 21.08.2023 erstellt. Die Einsch\u00e4tzung basiert auf einer Selbstbewertung.&nbsp;<\/p>\n\n\n\n<h2 class=\"wp-block-heading\">Feedback<\/h2>\n\n\n\n<p>M\u00e4ngel in Bezug auf die Einhaltung der Barrierefreiheitsanforderungen k\u00f6nnen \u00fcber das entsprechende Kontaktformular unten auf der Seite oder \u00fcber die Kontaktm\u00f6glichkeiten im Impressum mitgeteilt werden.<\/p>\n\n\n\n<h2 class=\"wp-block-heading\">Schlichtungsverfahren<\/h2>\n\n\n\n<p>Bei nicht zufriedenstellenden Antworten aus oben genannter Kontaktm\u00f6glichkeit k\u00f6nnen Sie bei der Schlichtungsstelle, eingerichtet bei der Landesbeauftragten f\u00fcr Menschen mit Behinderungen in Niedersachsen, einen Antrag auf Einleitung eines Schlichtungsverfahrens nach dem Nieders\u00e4chsischen Behindertengleichstellungsgesetz (NBGG) stellen.<\/p>\n\n\n\n<p>Die Schlichtungsstelle nach \u00a7 9 d NBGG hat die Aufgabe, Streitigkeiten zwischen Menschen mit Behinderungen und \u00f6ffentlichen Stellen des Landes Niedersachsen, zum Thema Barrierefreiheit in der IT, beizulegen. Das Schlichtungsverfahren ist kostenlos. Es muss kein Rechtsbeistand eingeschaltet werden.<\/p>\n\n\n\n<p>Direkt kontaktieren k\u00f6nnen Sie die Schlichtungsstelle unter:<\/p>\n\n\n\n<p>Telefon:&nbsp;<a href=\"tel:05111204010\">0511 120-4010<\/a><\/p>\n\n\n\n<p>E-Mail:&nbsp;<a href=\"&#109;&#x61;i&#108;&#x74;&#111;&#x3a;s&#99;&#x68;l&#x69;&#x63;&#104;&#x74;u&#110;&#x67;s&#x73;&#x74;&#101;&#x6c;l&#101;&#x40;&#109;&#x73;&#46;&#110;&#x69;e&#100;&#x65;&#114;&#x73;a&#99;&#x68;s&#x65;&#x6e;&#46;&#x64;e\">sc&#104;&#108;&#x69;&#x63;&#x68;&#x74;un&#103;&#115;&#x73;&#x74;&#x65;&#x6c;le&#64;&#109;&#115;&#x2e;&#x6e;&#x69;&#x65;de&#114;&#115;&#x61;&#x63;&#x68;&#x73;en&#46;&#100;&#x65;<\/a><\/p>\n\n\n\n<p>Die erste Bereitstellung dieser Seite durch den Fachbereich 52 des NLQ war im Sommer 2023.<\/p>\n","protected":false},"excerpt":{"rendered":"<p>(Stand: 21.08.2023) Informationen \u00fcber die Zug\u00e4nglichkeit dieser Webseiten gem\u00e4\u00df \u00a7 9b NBGG sowie \u00fcber diesbez\u00fcgliche Kontaktm\u00f6glichkeiten. Das WordPress-Angebot des Nieders\u00e4chsischen Landesinstituts f\u00fcr schulische Qualit\u00e4tsentwicklung unter der Adresse https:\/\/wordpress.nibis.de ist mit den Vorgaben der harmonisierten europ\u00e4ischen Norm EN 301 549 V2.1.2 (08-2018) gr\u00f6\u00dftenteils vereinbar. Das Theme sind so eingestellt, dass es eine m\u00f6glichst hohe technische Barrierefreiheit&hellip; <a class=\"continue\" href=\"https:\/\/wordpress.nibis.de\/barrierefreiheit\/erklaerung-zur-barrierefreiheit-2\/\">mehr<span> Erkl\u00e4rung zur Barrierefreiheit<\/span><\/a><\/p>\n","protected":false},"author":190,"featured_media":0,"parent":0,"menu_order":0,"comment_status":"closed","ping_status":"closed","template":"","meta":{"footnotes":""},"class_list":["post-409","page","type-page","status-publish","hentry"],"_links":{"self":[{"href":"https:\/\/wordpress.nibis.de\/barrierefreiheit\/wp-json\/wp\/v2\/pages\/409","targetHints":{"allow":["GET"]}}],"collection":[{"href":"https:\/\/wordpress.nibis.de\/barrierefreiheit\/wp-json\/wp\/v2\/pages"}],"about":[{"href":"https:\/\/wordpress.nibis.de\/barrierefreiheit\/wp-json\/wp\/v2\/types\/page"}],"author":[{"embeddable":true,"href":"https:\/\/wordpress.nibis.de\/barrierefreiheit\/wp-json\/wp\/v2\/users\/190"}],"replies":[{"embeddable":true,"href":"https:\/\/wordpress.nibis.de\/barrierefreiheit\/wp-json\/wp\/v2\/comments?post=409"}],"version-history":[{"count":3,"href":"https:\/\/wordpress.nibis.de\/barrierefreiheit\/wp-json\/wp\/v2\/pages\/409\/revisions"}],"predecessor-version":[{"id":457,"href":"https:\/\/wordpress.nibis.de\/barrierefreiheit\/wp-json\/wp\/v2\/pages\/409\/revisions\/457"}],"wp:attachment":[{"href":"https:\/\/wordpress.nibis.de\/barrierefreiheit\/wp-json\/wp\/v2\/media?parent=409"}],"curies":[{"name":"wp","href":"https:\/\/api.w.org\/{rel}","templated":true}]}}