{"id":13,"date":"2018-12-06T09:29:38","date_gmt":"2018-12-06T08:29:38","guid":{"rendered":"https:\/\/wordpress.nibis.de\/bbsplan\/?page_id=13"},"modified":"2026-03-11T09:18:53","modified_gmt":"2026-03-11T08:18:53","slug":"entwicklerteam","status":"publish","type":"page","link":"https:\/\/wordpress.nibis.de\/bbsplan\/entwicklerteam\/","title":{"rendered":"Entwickler-Team"},"content":{"rendered":"<div id=\"mainContent\">\n<h3>Schulfachliche Programmkoordination<\/h3>\n<p>Referat 42, Nds. Kultusministerium, referat42&lt;at&gt;mk.niedersachsen.de<\/p>\n<h3>Technische Programmkoordination<\/h3>\n<p>Bj\u00f6rn Kalies, Referat 42, Nds. Kultusministerium, bjoern.kalies&lt;at&gt;mk.niedersachsen.de<\/p>\n<h3>Programmentwicklung BBS Planung (inkl. Beh\u00f6rdenversion)<\/h3>\n<p>Heiko Viereck<\/p>\n<p>Unterst\u00fctzung durch: Michael Falkenhain<\/p>\n<h3>Programmentwicklung BBS Zeugnis<\/h3>\n<p>Uwe Hunzelmann, BBS Einbeck<\/p>\n<p>Unterst\u00fctzung durch:\u00a0Maik Winkelmann<\/p>\n<h3>Programmentwicklung QM-Auswertungen<\/h3>\n<p>Dr. Martin Opitz, BBS Multimedia Hannover<\/p>\n<h3>Hilfesystem und Unterst\u00fctzungssoftware<\/h3>\n<p>Jan Wenzel, BBS 1 Osterode<\/p>\n<h3><\/h3>\n<p><!-- InstanceEndEditable --> <!-- end #mainContent --><\/p>\n<\/div>\n<p><!-- Dieses clear-Element sollte direkt auf das #mainContent-div folgen, um das #container-div anzuweisen, alle untergeordneten Floats aufzunehmen. --><\/p>\n<p><!-- end #container --><\/p>\n","protected":false},"excerpt":{"rendered":"<p>Schulfachliche Programmkoordination Referat 42, Nds. Kultusministerium, referat42&lt;at&gt;mk.niedersachsen.de Technische Programmkoordination Bj\u00f6rn Kalies, Referat 42, Nds. Kultusministerium, bjoern.kalies&lt;at&gt;mk.niedersachsen.de Programmentwicklung BBS Planung (inkl. Beh\u00f6rdenversion) Heiko Viereck Unterst\u00fctzung durch: Michael Falkenhain Programmentwicklung BBS Zeugnis Uwe Hunzelmann, BBS Einbeck Unterst\u00fctzung durch:\u00a0Maik Winkelmann Programmentwicklung QM-Auswertungen Dr. Martin Opitz, BBS Multimedia Hannover Hilfesystem und Unterst\u00fctzungssoftware Jan Wenzel, BBS 1 Osterode<\/p>\n","protected":false},"author":9192865,"featured_media":0,"parent":0,"menu_order":0,"comment_status":"closed","ping_status":"closed","template":"","meta":{"footnotes":""},"class_list":["post-13","page","type-page","status-publish","hentry"],"_links":{"self":[{"href":"https:\/\/wordpress.nibis.de\/bbsplan\/wp-json\/wp\/v2\/pages\/13","targetHints":{"allow":["GET"]}}],"collection":[{"href":"https:\/\/wordpress.nibis.de\/bbsplan\/wp-json\/wp\/v2\/pages"}],"about":[{"href":"https:\/\/wordpress.nibis.de\/bbsplan\/wp-json\/wp\/v2\/types\/page"}],"author":[{"embeddable":true,"href":"https:\/\/wordpress.nibis.de\/bbsplan\/wp-json\/wp\/v2\/users\/9192865"}],"replies":[{"embeddable":true,"href":"https:\/\/wordpress.nibis.de\/bbsplan\/wp-json\/wp\/v2\/comments?post=13"}],"version-history":[{"count":7,"href":"https:\/\/wordpress.nibis.de\/bbsplan\/wp-json\/wp\/v2\/pages\/13\/revisions"}],"predecessor-version":[{"id":646,"href":"https:\/\/wordpress.nibis.de\/bbsplan\/wp-json\/wp\/v2\/pages\/13\/revisions\/646"}],"wp:attachment":[{"href":"https:\/\/wordpress.nibis.de\/bbsplan\/wp-json\/wp\/v2\/media?parent=13"}],"curies":[{"name":"wp","href":"https:\/\/api.w.org\/{rel}","templated":true}]}}