{"id":8,"date":"2018-12-06T09:29:37","date_gmt":"2018-12-06T08:29:37","guid":{"rendered":"https:\/\/wordpress.nibis.de\/bbsplan\/?page_id=8"},"modified":"2019-03-18T15:32:26","modified_gmt":"2019-03-18T14:32:26","slug":"installationshinweise","status":"publish","type":"page","link":"https:\/\/wordpress.nibis.de\/bbsplan\/installationshinweise\/","title":{"rendered":"Installationshinweise"},"content":{"rendered":"<p>Zum Ende des aktuellen Schuljahres oder zu Beginn des neuen Schuljahres wird Ihnen die neue Programmversion von BBS Planung als Download im <a href=\"https:\/\/stabil.niedersachsen.de\/\" target=\"_blank\" rel=\"noopener noreferrer\">Schul-Portal Niedersachsen<\/a> zur Verf\u00fcgung gestellt.<\/p>\n<h3>Voraussetzungen zur Installation<\/h3>\n<p>BBS Planung ist lauff\u00e4hig auf der Grundlage des Programms Microsoft\u00a0 Access 2007 und h\u00f6her unter den Betriebssystemen Windows 7 und h\u00f6her.<\/p>\n<p>Die erste Version von BBS Planung des neuen Schuljahres ist immer in einem neuen Verzeichnis \u2013 getrennt vom alten Verzeichnis \u2013 zu installieren.<\/p>\n<h3>Programmmodule<\/h3>\n<p>Die Programmgruppe um BBS Planung umfasst folgende Module:<\/p>\n<ul>\n<li>BBS Planung (mit den QM-Auswertungen)<\/li>\n<li>BBS Zeugnis<\/li>\n<li>BBS Zeugnis-Client<\/li>\n<\/ul>\n<p>Die Serverdatenbank \u201es_daten.mdb\u201c ist die Voraussetzung f\u00fcr eine vollst\u00e4ndige Installation von BBS Planung. In der Serverdatenbank \u201es_daten.mdb\u201c werden alle wesentlichen Daten abgelegt, auf die die einzelnen Datenbankmodule der Programmgruppe BBS Planung zugreifen.<\/p>\n<h3>Installationsdateien<\/h3>\n<p>Installation zu Beginn des neuen Schuljahres:<\/p>\n<ol>\n<li>Zum Schuljahresbeginn ist in der Regel immer eine komplette Installation von BBS Planung inkl. der neuen Serverdatenbank \u201es_daten.mdb\u201c durchzuf\u00fchren.<\/li>\n<li>Eine Mischinstallation aus Datenbanken der Vorjahresversion und der neuen Version f\u00fchrt zu Fehlern.<\/li>\n<li>Laden Sie sich die neue \u201eKomplett-Version\u201c aus dem <a href=\"https:\/\/stabil.niedersachsen.de\/\">S<\/a><a href=\"https:\/\/stabil.niedersachsen.de\/\">chul-Portal Niedersachsen<\/a><\/li>\n<li>Starten Sie den Explorer und entpacken das selbstextrahierende Archiv der \u201eKomplett-Version\u201c.<\/li>\n<li>Wurde BBS Planung im Vorjahr eingesetzt, sollte die letzte Datensicherung aus der Vorjahresversion in die neue BBS Planungsversion \u00fcber \u201eHauptmen\u00fc | Verwaltung | Dienstprogramme | Datensicherung der Versionen \u2026 einlesen\u201c eingespielt werden. Damit werden s\u00e4mtliche Grundeinstellungen \u00fcbernommen. Ein \u201em\u00fchevolles und zeitaufw\u00e4ndiges\u201c Neukonfigurieren der Grundeinstellungen wird vermieden.<\/li>\n<li>Wenn m\u00f6glich, wird auch eine Updateversion von der alten auf eine neue Version angeboten, dies ist allerdings nicht jedes Jahr m\u00f6glich.<\/li>\n<li>Legen Sie f\u00fcr die neue Programmversion einen Ordner an (Vorschlag: C:\\ACCESS\\PLANXX).<\/li>\n<li>Kopieren Sie s\u00e4mtliche Dateien des entpackten Archivs in den f\u00fcr die neue Programmversion vorgesehenen Ordner.<\/li>\n<li>F\u00fchren Sie den enthaltenen Linkgenerator aus und erzeugen Sie damit eine Verkn\u00fcpfung zum Programmstart von BBS Planung oder BBS Zeugnis.<\/li>\n<\/ol>\n<h3>Programmeinstellung f\u00fcr Access 2007 und h\u00f6her<\/h3>\n<ol>\n<li>Starten Sie Access<\/li>\n<li>W\u00e4hlen Sie \u201eOffice-Schaltfl\u00e4che (bzw. bei den neueren Versionen das Men\u00fc \u201eDatei\u201c (Backstage-Bereich)| Access-Optionen | Vertrauenscenter | Einstellungen f\u00fcr das Vertrauensstellungscenter | Vertrauensw\u00fcrdig Speicherorte | Neuer Speicherort hinzuf\u00fcgen\u201c.<\/li>\n<li>Geben Sie als neuen Speicherort den Installationspfad von BBS Planung\u00a0 z.B.\u00a0 \u201eC:\\ACCESS\\PlanXX\u201c ein . Markieren Sie auch die Checkbox \u201eUnterordner dieses Speicherorts sind ebenfals vertrauensw\u00fcrdig\u201c.<\/li>\n<li>Bet\u00e4tigen Sie die Schaltfl\u00e4che \u201eOK\u201c des Dialogfeldes \u201eVertrauensstellungscenter\u201c.<\/li>\n<\/ol>\n<h3>Probleme bei Parallelinstallationen mehrerer Versionen von Microsoft Office<\/h3>\n<ol>\n<li>Sind mehrere Versionen von Microsoft Office (z.B. Office Office 2010 und Office 2016 oder neuer) auf einem Rechner installiert,\u00a0kann es zu Problemen kommen.<\/li>\n<li>Wird eine neuere\u00a0Officeversion (z.B. aus Office 2003\/2007) installiert und anschlie\u00dfend wieder deinstalliert und danach die \u00e4ltere\u00a0Officeversion (z.B. aus\u00a0Office 2002) installiert, treten fast ausnahmslos Fehler in BBS Planung auf. Auch wenn die neuere Version deinstalliert wurde, verbleiben Programmreste im System und behindern die Funktionsf\u00e4higkeit der \u00e4lteren Version. F\u00fcr diesen Fall bietet Microsoft Tools an (siehe MS Downloadbereich), die die Reste der neueren Versionen entfernen (z.B. Eraser2k f\u00fcr Office 2000 und msicuu2.exe f\u00fcr Office 2002). Diese Entfernungsaktion ist immer vor der Installation einer \u00e4lteren Officeversion durchzuf\u00fchren. Sie kann auch beim Umstieg auf eine neue Officeversion hilfreich sein.<\/li>\n<\/ol>\n<p>Bei weiteren Fragen nutzen Sie bitte die kontextsensitive Hilfedatei in BBS Planung (Taste \u201eF2\u201c) oder wenden Sie sich an die f\u00fcr Sie zust\u00e4ndige Moderatorin oder den zust\u00e4ndigen Moderator.<\/p>\n<p><!-- InstanceEndEditable --> <!-- end #mainContent --><!-- Dieses clear-Element sollte direkt auf das #mainContent-div folgen, um das #container-div anzuweisen, alle untergeordneten Floats aufzunehmen. --><\/p>\n","protected":false},"excerpt":{"rendered":"<p>Zum Ende des aktuellen Schuljahres oder zu Beginn des neuen Schuljahres wird Ihnen die neue Programmversion von BBS Planung als Download im Schul-Portal Niedersachsen zur Verf\u00fcgung gestellt. Voraussetzungen zur Installation BBS Planung ist lauff\u00e4hig auf der Grundlage des Programms Microsoft\u00a0 Access 2007 und h\u00f6her unter den Betriebssystemen Windows 7 und h\u00f6her. Die erste Version von [&hellip;]<\/p>\n","protected":false},"author":9192865,"featured_media":0,"parent":0,"menu_order":0,"comment_status":"closed","ping_status":"closed","template":"","meta":{"footnotes":""},"class_list":["post-8","page","type-page","status-publish","hentry"],"_links":{"self":[{"href":"https:\/\/wordpress.nibis.de\/bbsplan\/wp-json\/wp\/v2\/pages\/8","targetHints":{"allow":["GET"]}}],"collection":[{"href":"https:\/\/wordpress.nibis.de\/bbsplan\/wp-json\/wp\/v2\/pages"}],"about":[{"href":"https:\/\/wordpress.nibis.de\/bbsplan\/wp-json\/wp\/v2\/types\/page"}],"author":[{"embeddable":true,"href":"https:\/\/wordpress.nibis.de\/bbsplan\/wp-json\/wp\/v2\/users\/9192865"}],"replies":[{"embeddable":true,"href":"https:\/\/wordpress.nibis.de\/bbsplan\/wp-json\/wp\/v2\/comments?post=8"}],"version-history":[{"count":8,"href":"https:\/\/wordpress.nibis.de\/bbsplan\/wp-json\/wp\/v2\/pages\/8\/revisions"}],"predecessor-version":[{"id":218,"href":"https:\/\/wordpress.nibis.de\/bbsplan\/wp-json\/wp\/v2\/pages\/8\/revisions\/218"}],"wp:attachment":[{"href":"https:\/\/wordpress.nibis.de\/bbsplan\/wp-json\/wp\/v2\/media?parent=8"}],"curies":[{"name":"wp","href":"https:\/\/api.w.org\/{rel}","templated":true}]}}