{"id":97,"date":"2018-12-06T10:27:09","date_gmt":"2018-12-06T09:27:09","guid":{"rendered":"https:\/\/wordpress.nibis.de\/bbsplan\/?page_id=97"},"modified":"2020-08-11T15:30:17","modified_gmt":"2020-08-11T13:30:17","slug":"bbs-planung","status":"publish","type":"page","link":"https:\/\/wordpress.nibis.de\/bbsplan\/bbs-planung\/","title":{"rendered":"BBS-Planung"},"content":{"rendered":"<h3>Programmfunktionen und Programmphilosophie<\/h3>\n<p>Mit BBS Planung stellt das Nds. Kultusministerium den berufsbildenden Schulen (\u00f6ffentliche und Schulen in freier Tr\u00e4gerschaft) ein Schulverwaltungsprogramm kostenlos zur Verf\u00fcgung ist, das geeignet ist, den Ablauf eines Schuljahres<\/p>\n<ul type=\"circle\">\n<li>vom Bewerberverfahren<\/li>\n<li>\u00fcber den Schuljahreswechsel (Versetzung und Kennzeichnung von Abg\u00e4ngern),<\/li>\n<li>die Aufnahme von Sch\u00fclern<\/li>\n<li>und die Einrichtung von Klassen, Gruppen und Kursen<\/li>\n<li>unter Einhaltung des Schulbudgets<\/li>\n<li>anhand der Faktorenverzeichnisse des Nds. Kultusminsteriums,<\/li>\n<li>die Verwaltung der Lehrkr\u00e4ftestammdaten,<\/li>\n<li>der Abgabe von Vorab- und Jahresstatistik<\/li>\n<li>bis zur schulinternen Steuerung anhand von Kennzahlen f\u00fcr das Qualit\u00e4tsmanagement<\/li>\n<\/ul>\n<p>abzubilden.<\/p>\n<p>BBS Planung erm\u00f6glicht den Datenaustausch mit BBS Zeugnis, enth\u00e4lt ausf\u00fchrliche Funktionen des Listendrucks bzw. Berichtswesens und stellt einen umfangreichen Auswertungsbereich zur Verf\u00fcgung. BBS Planung ist als Access-Anwendung f\u00fcr schulinterne Erweiterungen offen und erm\u00f6glicht auch den direkten Zugriff auf den Datenbestand. Die Einbindung von BBS Planung als Access-Anwendung in das Microsoft Office erm\u00f6glicht den einfachen Austausch von Daten mit Microsoft Excel oder Microsoft Word.<\/p>\n<p>BBS Planung steht seit dem Schuljahr 1998\/1999 zur Verf\u00fcgung. Es wurde &#8222;von Kollegen f\u00fcr Kollegen&#8220; entwickelt und im Laufe der Jahre um eine Vielzahl von Funktionen erweitert. Ab dem Schuljahr 2015\/2016 wird BBS Planung vom Programmautorenteam, bestehend aus Herrn Winkelmann (BBS Planung), Herrn Hunzelmann (BBS Zeugnis), Herrn Dr. Opitz (QM Modul), Herrn Wenzel (kontextsensitive Hilfedatei\/Lernvideoteam) und Herrn Beier (BBS Stundenplan) weiterentwickelt und gepflegt. Die Programmentwicklung umfasst die Implementierung neuer Funktionen, die Anpassung an neue und ge\u00e4nderte Vorgaben des Nieders\u00e4chsischen Kultusministeriums, wie zum Beispiel den Regelungen der Arbeitszeitverordnung f\u00fcr Lehrkr\u00e4fte (ArbZVO Schule), die Behebung von Fehlersituationen und die Integration von BBS Planung in aktuelle Betriebssysteme und Office-Versionen.<\/p>\n<p><strong>Was-Wann? Hinweise zu den Arbeiten mit BBS Planung und BBS Zeugnis<\/strong><\/p>\n<p>Die angegebenen Daten und zugeordneten Aufgaben sind als Vorschlag f\u00fcr einen &#8211; in der eigenen Schule abgestimmten &#8211; Prozess zu sehen. Sie m\u00fcssen selbstverst\u00e4ndlich den jeweiligen Schuljahresdaten und eigenen Abl\u00e4ufen und Zust\u00e4ndigkeiten in der Schule angepasst werden. Um diese Anpassungen einfach vornehmen zu k\u00f6nnen, wird die Liste nicht nur als PDF, sondern auch als MS Word-Datei angeboten.<\/p>\n<p><a href=\"https:\/\/wordpress.nibis.de\/bbsplan\/files\/2020\/08\/BBS-Planung_Hinweisliste_2_0.pdf\">BBS-Planung_Hinweisliste_2_0 (pdf)<\/a><\/p>\n<p><a href=\"https:\/\/wordpress.nibis.de\/bbsplan\/files\/2020\/08\/BBS-Planung_Hinweisliste_2_0.docx\">BBS-Planung_Hinweisliste_2_0 (doc)<\/a><\/p>\n","protected":false},"excerpt":{"rendered":"<p>Programmfunktionen und Programmphilosophie Mit BBS Planung stellt das Nds. Kultusministerium den berufsbildenden Schulen (\u00f6ffentliche und Schulen in freier Tr\u00e4gerschaft) ein Schulverwaltungsprogramm kostenlos zur Verf\u00fcgung ist, das geeignet ist, den Ablauf eines Schuljahres vom Bewerberverfahren \u00fcber den Schuljahreswechsel (Versetzung und Kennzeichnung von Abg\u00e4ngern), die Aufnahme von Sch\u00fclern und die Einrichtung von Klassen, Gruppen und Kursen unter [&hellip;]<\/p>\n","protected":false},"author":9192865,"featured_media":0,"parent":0,"menu_order":0,"comment_status":"closed","ping_status":"closed","template":"","meta":{"footnotes":""},"class_list":["post-97","page","type-page","status-publish","hentry"],"_links":{"self":[{"href":"https:\/\/wordpress.nibis.de\/bbsplan\/wp-json\/wp\/v2\/pages\/97","targetHints":{"allow":["GET"]}}],"collection":[{"href":"https:\/\/wordpress.nibis.de\/bbsplan\/wp-json\/wp\/v2\/pages"}],"about":[{"href":"https:\/\/wordpress.nibis.de\/bbsplan\/wp-json\/wp\/v2\/types\/page"}],"author":[{"embeddable":true,"href":"https:\/\/wordpress.nibis.de\/bbsplan\/wp-json\/wp\/v2\/users\/9192865"}],"replies":[{"embeddable":true,"href":"https:\/\/wordpress.nibis.de\/bbsplan\/wp-json\/wp\/v2\/comments?post=97"}],"version-history":[{"count":6,"href":"https:\/\/wordpress.nibis.de\/bbsplan\/wp-json\/wp\/v2\/pages\/97\/revisions"}],"predecessor-version":[{"id":466,"href":"https:\/\/wordpress.nibis.de\/bbsplan\/wp-json\/wp\/v2\/pages\/97\/revisions\/466"}],"wp:attachment":[{"href":"https:\/\/wordpress.nibis.de\/bbsplan\/wp-json\/wp\/v2\/media?parent=97"}],"curies":[{"name":"wp","href":"https:\/\/api.w.org\/{rel}","templated":true}]}}