{"id":136,"date":"2025-08-05T11:04:43","date_gmt":"2025-08-05T09:04:43","guid":{"rendered":"https:\/\/wordpress.nibis.de\/bes\/?page_id=136"},"modified":"2025-08-05T11:04:43","modified_gmt":"2025-08-05T09:04:43","slug":"rahmenbedingungen-der-beratung","status":"publish","type":"page","link":"https:\/\/wordpress.nibis.de\/bes\/beratung\/rahmenbedingungen-der-beratung\/","title":{"rendered":"Rahmenbedingungen der Beratung"},"content":{"rendered":"\n<p>Um die vorgesehenen Beratungsgespr\u00e4che verbindlich zu gestalten, hat es sich als hilfreich erwiesen, einen Beratungstag mit individuellen Gespr\u00e4chsterminen vorzusehen. An diesem Tag wird kein Unterricht erteilt. In der Vorbereitung der Beratungsgespr\u00e4che ist Folgendes zu ber\u00fccksichtigen:<\/p>\n\n\n\n<ul class=\"wp-block-list\"><li>Abstimmungsgespr\u00e4che mit den in der Klasse eingesetzten Lehrkr\u00e4ften f\u00fchren,<\/li><li>separates Beratungszimmer reservieren, um eine gute Gespr\u00e4chsatmosph\u00e4re zu erm\u00f6glichen,<\/li><li>schriftliche Einladungen mit Terminangaben an die Erziehungsberechtigten versenden,<\/li><li>R\u00fcckmeldung vorsehen, auf der die Erziehungsberechtigten Terminw\u00fcnsche \u00e4u\u00dfern k\u00f6nnen, dabei Abendtermine zulassen,<\/li><li>Mitarbeiterinnen und Mitarbeiter der Jugendberufsagenturen\/Arbeitsagentur o. \u00e4. bei Bedarf in die Beratungsgespr\u00e4che einbinden, um geeignete individuelle Anschlussperspektiven aufzuzeigen und<\/li><li>durchg\u00e4ngige und transparente Dokumentation.<\/li><\/ul>\n","protected":false},"excerpt":{"rendered":"<p>Um die vorgesehenen Beratungsgespr\u00e4che verbindlich zu gestalten, hat es sich als hilfreich erwiesen, einen Beratungstag mit individuellen Gespr\u00e4chsterminen vorzusehen. An diesem Tag wird kein Unterricht erteilt. In der Vorbereitung der Beratungsgespr\u00e4che ist Folgendes zu ber\u00fccksichtigen: Abstimmungsgespr\u00e4che mit den in der Klasse eingesetzten Lehrkr\u00e4ften f\u00fchren, separates Beratungszimmer reservieren, um eine gute Gespr\u00e4chsatmosph\u00e4re zu erm\u00f6glichen, schriftliche Einladungen &hellip; <a href=\"https:\/\/wordpress.nibis.de\/bes\/beratung\/rahmenbedingungen-der-beratung\/\" class=\"more-link\"><span class=\"screen-reader-text\">Rahmenbedingungen der Beratung<\/span> weiterlesen <span class=\"meta-nav\">&rarr;<\/span><\/a><\/p>\n","protected":false},"author":9194621,"featured_media":0,"parent":19,"menu_order":1,"comment_status":"closed","ping_status":"closed","template":"","meta":{"footnotes":""},"class_list":["post-136","page","type-page","status-publish","hentry"],"_links":{"self":[{"href":"https:\/\/wordpress.nibis.de\/bes\/wp-json\/wp\/v2\/pages\/136","targetHints":{"allow":["GET"]}}],"collection":[{"href":"https:\/\/wordpress.nibis.de\/bes\/wp-json\/wp\/v2\/pages"}],"about":[{"href":"https:\/\/wordpress.nibis.de\/bes\/wp-json\/wp\/v2\/types\/page"}],"author":[{"embeddable":true,"href":"https:\/\/wordpress.nibis.de\/bes\/wp-json\/wp\/v2\/users\/9194621"}],"replies":[{"embeddable":true,"href":"https:\/\/wordpress.nibis.de\/bes\/wp-json\/wp\/v2\/comments?post=136"}],"version-history":[{"count":1,"href":"https:\/\/wordpress.nibis.de\/bes\/wp-json\/wp\/v2\/pages\/136\/revisions"}],"predecessor-version":[{"id":137,"href":"https:\/\/wordpress.nibis.de\/bes\/wp-json\/wp\/v2\/pages\/136\/revisions\/137"}],"up":[{"embeddable":true,"href":"https:\/\/wordpress.nibis.de\/bes\/wp-json\/wp\/v2\/pages\/19"}],"wp:attachment":[{"href":"https:\/\/wordpress.nibis.de\/bes\/wp-json\/wp\/v2\/media?parent=136"}],"curies":[{"name":"wp","href":"https:\/\/api.w.org\/{rel}","templated":true}]}}