{"id":147,"date":"2025-08-05T11:28:06","date_gmt":"2025-08-05T09:28:06","guid":{"rendered":"https:\/\/wordpress.nibis.de\/bes\/?page_id=147"},"modified":"2025-08-05T11:28:06","modified_gmt":"2025-08-05T09:28:06","slug":"klasse-1","status":"publish","type":"page","link":"https:\/\/wordpress.nibis.de\/bes\/beratung\/beratungsgespraeche\/klasse-1\/","title":{"rendered":"Klasse 1"},"content":{"rendered":"\n<h2 class=\"wp-block-heading\">Beratungskonzept<\/h2>\n\n\n\n<p>Im Anschluss an die Eingangsberatung (erstes Beratungsgespr\u00e4ch) finden im Verlauf des Schuljahres drei weitere Beratungsgespr\u00e4che statt.<\/p>\n\n\n\n<h2 class=\"wp-block-heading\">Zweites Beratungsgespr\u00e4ch<\/h2>\n\n\n\n<p>Das zweite Beratungsgespr\u00e4ch soll zwei bis drei Monate nach dem Eintritt in die Klasse 1 erfolgen. Hilfreich ist hierbei eine Dokumentation des Leistungsstandes, beispielsweise durch das Kompetenzfeststellungsverfahren &#8222;Potenzial und Perspektive (2P)&#8220;, und der pers\u00f6nlichen Entwicklung der Jugendlichen. Auf dieser Grundlage k\u00f6nnen wiederum in einem Einzelgespr\u00e4ch \u2013 nach M\u00f6glichkeit gemeinsam mit den Sorgeberechtigten \u2013 die gesetzten Ziele \u00fcberpr\u00fcft und fortgeschrieben werden. Es sollten den Jugendlichen bereits jetzt Perspektiven f\u00fcr die berufliche Zukunft aufgezeigt werden.<\/p>\n\n\n\n<h2 class=\"wp-block-heading\">Drittes Beratungsgespr\u00e4ch<\/h2>\n\n\n\n<p>Das dritte Beratungsgespr\u00e4ch \u2013 wiederum als Einzelberatung \u2013 kann bei oder kurz nach der Ausgabe des Halbjahreszeugnisses erfolgen, um den Jugendlichen ihren pers\u00f6nlichen Leistungsstand zu erl\u00e4utern und daraus gemeinsam mit ihnen Perspektiven zu entwickeln. Sp\u00e4testens zu diesem Zeitpunkt muss der Sch\u00fclerin bzw. dem Sch\u00fcler die Perspektive auf den Besuch der Klasse 2 verdeutlicht werden. Dazu kann es notwendig sein, auch au\u00dferschulische Unterst\u00fctzungsangebote aufzuzeigen.<\/p>\n\n\n\n<p>Es kann aber auch n\u00f6tig sein, Grenzen der Ausbildungsf\u00e4higkeit aufzuzeigen und zu begr\u00fcnden. Sofern Angebote der Reha-Abteilung der Agentur f\u00fcr Arbeit sinnvoll erscheinen, sollen m\u00f6gliche Ma\u00dfnahmen thematisiert und ggf. eingeleitet werden. Wenn Ma\u00dfnahmen der Agentur f\u00fcr Arbeit erm\u00f6glicht werden sollen, ist dieser fr\u00fche Zeitpunkt notwendig, damit die entsprechenden \u00dcberpr\u00fcfungen und Antr\u00e4ge rechtzeitig vor Beginn des neuen Schuljahres geleistet werden k\u00f6nnen.<\/p>\n\n\n\n<h2 class=\"wp-block-heading\">\u00dcbergangsberatung<\/h2>\n\n\n\n<p>Die \u00dcbergangsberatung (viertes Beratungsgespr\u00e4ch) soll etwa im Zeitraum M\u00e4rz\/April und auf jeden Fall erst nach dem Praktikum stattfinden. Sp\u00e4testens an dieser Stelle m\u00fcssen Ma\u00dfnahmen der Agentur f\u00fcr Arbeit vorgestellt oder der Wechsel in die Klasse 2 geplant werden. Es ist sinnvoll, dass Sorgeberechtigte an der \u00dcbergangsberatung teilnehmen, denn sp\u00e4testens hier sollten auch sie \u00fcber Optionen zum \u00dcbergang in Klasse 2 informiert werden. Wenn ein \u00dcbergang in Klasse 2 nicht empfohlen werden kann, ist es wichtig, Sorgeberechtigte ggf. schriftlich \u00fcber die Gr\u00fcnde zu informieren und andere Optionen aufzuzeigen.<\/p>\n\n\n\n<p>Weitere Beratungsm\u00f6glichkeiten bieten sich im Rahmen von Elternabenden und Elternsprechtagen an. Es empfiehlt sich, die Ergebnisse der Beratungsgespr\u00e4che jeweils zu dokumentieren und zu evaluieren.<\/p>\n","protected":false},"excerpt":{"rendered":"<p>Beratungskonzept Im Anschluss an die Eingangsberatung (erstes Beratungsgespr\u00e4ch) finden im Verlauf des Schuljahres drei weitere Beratungsgespr\u00e4che statt. Zweites Beratungsgespr\u00e4ch Das zweite Beratungsgespr\u00e4ch soll zwei bis drei Monate nach dem Eintritt in die Klasse 1 erfolgen. Hilfreich ist hierbei eine Dokumentation des Leistungsstandes, beispielsweise durch das Kompetenzfeststellungsverfahren &#8222;Potenzial und Perspektive (2P)&#8220;, und der pers\u00f6nlichen Entwicklung der &hellip; <a href=\"https:\/\/wordpress.nibis.de\/bes\/beratung\/beratungsgespraeche\/klasse-1\/\" class=\"more-link\"><span class=\"screen-reader-text\">Klasse 1<\/span> weiterlesen <span class=\"meta-nav\">&rarr;<\/span><\/a><\/p>\n","protected":false},"author":9194621,"featured_media":0,"parent":145,"menu_order":1,"comment_status":"closed","ping_status":"closed","template":"","meta":{"footnotes":""},"class_list":["post-147","page","type-page","status-publish","hentry"],"_links":{"self":[{"href":"https:\/\/wordpress.nibis.de\/bes\/wp-json\/wp\/v2\/pages\/147","targetHints":{"allow":["GET"]}}],"collection":[{"href":"https:\/\/wordpress.nibis.de\/bes\/wp-json\/wp\/v2\/pages"}],"about":[{"href":"https:\/\/wordpress.nibis.de\/bes\/wp-json\/wp\/v2\/types\/page"}],"author":[{"embeddable":true,"href":"https:\/\/wordpress.nibis.de\/bes\/wp-json\/wp\/v2\/users\/9194621"}],"replies":[{"embeddable":true,"href":"https:\/\/wordpress.nibis.de\/bes\/wp-json\/wp\/v2\/comments?post=147"}],"version-history":[{"count":1,"href":"https:\/\/wordpress.nibis.de\/bes\/wp-json\/wp\/v2\/pages\/147\/revisions"}],"predecessor-version":[{"id":148,"href":"https:\/\/wordpress.nibis.de\/bes\/wp-json\/wp\/v2\/pages\/147\/revisions\/148"}],"up":[{"embeddable":true,"href":"https:\/\/wordpress.nibis.de\/bes\/wp-json\/wp\/v2\/pages\/145"}],"wp:attachment":[{"href":"https:\/\/wordpress.nibis.de\/bes\/wp-json\/wp\/v2\/media?parent=147"}],"curies":[{"name":"wp","href":"https:\/\/api.w.org\/{rel}","templated":true}]}}