{"id":157,"date":"2025-08-05T11:56:10","date_gmt":"2025-08-05T09:56:10","guid":{"rendered":"https:\/\/wordpress.nibis.de\/bes\/?page_id=157"},"modified":"2025-08-05T12:18:47","modified_gmt":"2025-08-05T10:18:47","slug":"kompass%c2%b3","status":"publish","type":"page","link":"https:\/\/wordpress.nibis.de\/bes\/beratung\/kompetenzfeststellung\/kompass%c2%b3\/","title":{"rendered":"komPASS\u00b3"},"content":{"rendered":"\n<p>Das Verfahren \u201ekomPASS\u00b3 \u2013 3 &#8211; t\u00e4giger Kompetenzcheck f\u00fcr zugewanderte junge Menschen\u201c ist ausgew\u00e4hlt worden, um die Talente, F\u00e4higkeiten und Interessen der Sch\u00fclerinnen und Sch\u00fcler festzustellen und zu dokumentieren.<\/p>\n\n\n\n<p>F\u00fcr alle Berufsschulen in Niedersachsen, die an dem Schulversuch SPRINT teilgenommen haben, bestand das Angebot einer Schulung in dem Kompetenzfeststellungsverfahren komPASS\u00b3. Am Ende der Schulung erhielten die Berufsschulen einen \u201ekomPASS3-Rucksack\u201c, der alle notwendigen Tools inkl. Tablets, \u00dcbungsmaterialien, Handlungsanweisungen und Zugang zur Auswertungsplattform beinhaltet.<\/p>\n\n\n\n<h2 class=\"wp-block-heading\">Ziel des Verfahrens und Zielgruppe<\/h2>\n\n\n\n<p>Im Rahmen von komPASS\u00b3 formuliert der junge Mensch Ziele, die im weiteren Schulverlauf gemeinsam mit den Lehrerkr\u00e4ften und beteiligten Akteuren geplant und umgesetzt werden k\u00f6nnen. komPASS\u00b3 hilft den Sch\u00fclerinnen und Sch\u00fcler dabei, Fragen zu ihrem aktuellen Stand und zu ihren zuk\u00fcnftigen beruflichen Perspektiven in Deutschland zu beantworten wie:<\/p>\n\n\n\n<ul class=\"wp-block-list\"><li>Was kann ich?<\/li><li>Wo stehe ich?<\/li><li>Wo will ich hin?<\/li><li>Welche Ressourcen habe ich bereits daf\u00fcr?<\/li><li>Welche F\u00e4higkeiten muss ich noch erlernen?<\/li><\/ul>\n\n\n\n<p>KomPASS\u00b3 ist speziell f\u00fcr die Zielgruppe der gar nicht oder wenig Deutsch Sprechenden konzipiert, d. h. alle Elemente des Verfahrens sind so weit wie m\u00f6glich nonverbal, bildhaft oder interaktiv verstehbar. Damit wird unabh\u00e4ngig von sprachlichen Niveaus eine gleichberechtigte Teilnahme aller am Verfahren erm\u00f6glicht (Managing Diversity).<\/p>\n\n\n\n<p>Ein weiteres besonderes Element der Kompetenzfeststellung ist die konsequente Ausrichtung auf die F\u00e4higkeiten und Ressourcen der Jugendlichen. komPASS\u00b3 soll sie motivieren und ihnen das Vertrauen geben, dass ihre (beruflichen) Ziele auch realisierbar sind. Daf\u00fcr ist vor allem die letzte Phase im Kompetenzcheck vorgesehen, bei der die Sch\u00fclerinnen und Sch\u00fcler aufgrund der bei komPASS erfahrenen Ressourcen ihr n\u00e4chstes Ziel festlegen, den ersten Schritt dahin und ihre Helfer auf dem Weg benennen. Hier bezieht sich komPASS\u00b3 auf die Schritte des l\u00f6sungsorientierten Programms f\u00fcr die Arbeit mit Jugendlichen \u201eIch schaffs! \u2013 Cool ans Ziel\u201c von Christiane Bauer und Thomas Hegemann. Das Portfolio \u201ekomPASS-Logbuch\u201c, das die SuS zum Abschluss erhalten, enth\u00e4lt neben dem F\u00e4higkeitenprofil und den selbstgesetzten Zielen weitere Seiten, die unter Mithilfe der Lehrerinnen und Lehrer im Sinne des \u201eIch schaffs!-Programms\u201c im Laufe der weiteren Schulzeit gef\u00fcllt werden sollen. Damit ist komPASS\u00b3 prozessorientiert konzipiert, d. h. es soll ausdr\u00fccklich mit den Ergebnissen der Kompetenzfeststellung im Hinblick auf die Zielvorstellungen der Teilnehmenden weitergearbeitet werden, damit berufliche Anschlussperspektiven am Ende des Schuljahres konkret werden.<\/p>\n\n\n\n<h2 class=\"wp-block-heading\">Methoden des Verfahrens<\/h2>\n\n\n\n<p>Um sowohl die Subjektorientierung des Verfahrens zu gew\u00e4hrleisten, aber auch wegen der objektiven Fremdeinsch\u00e4tzung, setzt sich komPASS\u00b3 aus den drei unterschiedlichen Verfahren einer Kompetenzfeststellung zusammen:<\/p>\n\n\n\n<ul class=\"wp-block-list\"><li>Standardisierte Testverfahren,<\/li><li>handlungsorientierte Verfahren,<\/li><li>pers\u00f6nliche Bilanzen (Ermittlung der pers\u00f6nlichen St\u00e4rken und Interessen, Portfolioverfahren<\/li><\/ul>\n\n\n\n<p>In Anlehnung an die Kriterien einer Eignungsanalyse, wie sie die Bundesagentur f\u00fcr Arbeit vorgibt, werden bei komPASS\u00b3 die Auspr\u00e4gung sowohl kognitiver Merkmale und sozialer Eigenschaften als auch Formen der Arbeitsausf\u00fchrung und psychometrische Parameter wie Handgeschick und Feinmotorik festgestellt. Man bezieht sich dabei konkret auf die Merkmale f\u00fcr Ausbildungsreife, die im Kriterienkatalog zur Ausbildungsreife der Bundesagentur f\u00fcr Arbeit ver\u00f6ffentlicht sind, sowie auf das Positionspapier der IHK \u201eWas erwartet die Wirtschaft von den Schulabg\u00e4ngern?\u201c.<\/p>\n\n\n\n<p>Die Auspr\u00e4gungen folgender f\u00fcr die Ausbildungsreife im Sinne der Berufsbildungsexperten entscheidender Merkmale werden bei komPASS\u00b3 ermittelt (F\u00e4higkeitenprofil mit f\u00fcnf Stufen von sehr gering bis sehr stark ausgepr\u00e4gt, z. B. :<\/p>\n\n\n\n<h4 class=\"wp-block-heading\">Kognitive F\u00e4higkeiten<\/h4>\n\n\n\n<ul class=\"wp-block-list\"><li>10 &#8211; Konzentrationsf\u00e4higkeit<\/li><li>14 &#8211; Lernen \/ Merken<\/li><li>18 &#8211; Probleml\u00f6sef\u00e4higkeit<\/li><li>29 &#8211; Vorstellungsverm\u00f6gen<\/li><\/ul>\n\n\n\n<h4 class=\"wp-block-heading\"><strong>Merkmale der Arbeitsdurchf\u00fchrung<\/strong><\/h4>\n\n\n\n<ul class=\"wp-block-list\"><li>1 &#8211; Antrieb<\/li><li>5 &#8211; Ausdauer<\/li><li>16 &#8211; Frustrationstoleranz<\/li><li>23 &#8211; Selbstst\u00e4ndigkeit<\/li><li>24 &#8211; Sorgfalt<\/li><\/ul>\n\n\n\n<h4 class=\"wp-block-heading\"><strong>Soziale Merkmale<\/strong><\/h4>\n\n\n\n<ul class=\"wp-block-list\"><li>6 &#8211; Durchsetzungsf\u00e4higkeit<\/li><li>9 &#8211; Kontaktf\u00e4higkeit<\/li><li>26 &#8211; Teamarbeit<\/li><\/ul>\n\n\n\n<h2 class=\"wp-block-heading\">Beispielhafter Ablauf f\u00fcr ein 3-t\u00e4giges Verfahren<\/h2>\n\n\n\n<p>Bei diesem Verfahren werden Lehrkr\u00e4fte und Schulsozialp\u00e4dagogen geschult, die dann die (ihnen idealerweise nicht bekannten!) Sch\u00fclerinnen und Sch\u00fcler durch komPASS\u00b3 f\u00fchren, beobachten und auch die Auswertung mit ihnen gemeinsam gestalten.<\/p>\n\n\n\n<h4 class=\"wp-block-heading\"><strong>Tag 1<\/strong><\/h4>\n\n\n\n<ul class=\"wp-block-list\"><li>Ankommen, sich kennenlernen (Einsatz von EmotionCards)<\/li><li>Vorstellen des Kompetenz-Checks und des Ablaufs, Einsatz des \u201eTower of Power\u201c<\/li><li>Berufsinteressentest an Tablets<\/li><li>1. Praktische Arbeitsprobe (einen Lichtbogen bauen)<\/li><li>1. Interaktionsaufgabe (Optimierungsaufgabe StackMan)<\/li><li>Feedbackrunde<\/li><\/ul>\n\n\n\n<h4 class=\"wp-block-heading\"><strong>Tag 2<\/strong><\/h4>\n\n\n\n<ul class=\"wp-block-list\"><li>Ankommen (\u00dcbung mit Zauberstab)<\/li><li>Konzentrationstest an Tablets<\/li><li>Intelligenztest an Tablets<\/li><li>2. Praktische Arbeitsprobe (Konstruieren mit dem Somaw\u00fcrfel)<\/li><li>2. Interaktionsaufgabe (Br\u00fccke bauen)<\/li><li>3. Praktische Arbeitsprobe, Interagieren: \u00dcbungen aus dem Bereich Pflege<\/li><li>4. Praktische Arbeitsprobe, Kommunizieren: Kunden- und Gastkontakt im Bereich Gastronomie<\/li><\/ul>\n\n\n\n<h4 class=\"wp-block-heading\"><strong>Tag 3<\/strong><\/h4>\n\n\n\n<ul class=\"wp-block-list\"><li>Visionen f\u00fcr die eigene Zukunft entwickeln: Erstellen einer Collage<\/li><li>Arbeit in Kleingruppen: Besprechung der Collage, Besprechung der Profile mit Hilfe<br>von Magnetkarten, Festlegen von ersten Schritten, Aush\u00e4ndigen der Profile und des komPASS-Logbuchs, Feedback, Verabschiedung<\/li><\/ul>\n\n\n\n<h4 class=\"wp-block-heading\"><strong>Tag 4<\/strong>&nbsp;(optional)<\/h4>\n\n\n\n<p>Rechentest (der auch von den unterrichtenden Klassenlehrkr\u00e4ften durch- gef\u00fchrt werden kann).<\/p>\n\n\n\n<hr class=\"wp-block-separator is-style-wide\" \/>\n\n\n\n<h4 class=\"wp-block-heading\">Weiterf\u00fchrende Links<\/h4>\n\n\n\n<p><a href=\"https:\/\/www.werkstattschule.de\/kompass3\/\" target=\"_blank\" rel=\"noreferrer noopener\">Link zur Werk-statt-schule<\/a><\/p>\n\n\n\n<p><a href=\"https:\/\/kompass3.nibis.de\/#\/login\" target=\"_blank\" rel=\"noreferrer noopener\">Link zum Login bei komPASS\u00b3<\/a><\/p>\n","protected":false},"excerpt":{"rendered":"<p>Das Verfahren \u201ekomPASS\u00b3 \u2013 3 &#8211; t\u00e4giger Kompetenzcheck f\u00fcr zugewanderte junge Menschen\u201c ist ausgew\u00e4hlt worden, um die Talente, F\u00e4higkeiten und Interessen der Sch\u00fclerinnen und Sch\u00fcler festzustellen und zu dokumentieren. F\u00fcr alle Berufsschulen in Niedersachsen, die an dem Schulversuch SPRINT teilgenommen haben, bestand das Angebot einer Schulung in dem Kompetenzfeststellungsverfahren komPASS\u00b3. Am Ende der Schulung erhielten &hellip; <a href=\"https:\/\/wordpress.nibis.de\/bes\/beratung\/kompetenzfeststellung\/kompass%c2%b3\/\" class=\"more-link\"><span class=\"screen-reader-text\">komPASS\u00b3<\/span> weiterlesen <span class=\"meta-nav\">&rarr;<\/span><\/a><\/p>\n","protected":false},"author":9194621,"featured_media":0,"parent":155,"menu_order":1,"comment_status":"closed","ping_status":"closed","template":"","meta":{"footnotes":""},"class_list":["post-157","page","type-page","status-publish","hentry"],"_links":{"self":[{"href":"https:\/\/wordpress.nibis.de\/bes\/wp-json\/wp\/v2\/pages\/157","targetHints":{"allow":["GET"]}}],"collection":[{"href":"https:\/\/wordpress.nibis.de\/bes\/wp-json\/wp\/v2\/pages"}],"about":[{"href":"https:\/\/wordpress.nibis.de\/bes\/wp-json\/wp\/v2\/types\/page"}],"author":[{"embeddable":true,"href":"https:\/\/wordpress.nibis.de\/bes\/wp-json\/wp\/v2\/users\/9194621"}],"replies":[{"embeddable":true,"href":"https:\/\/wordpress.nibis.de\/bes\/wp-json\/wp\/v2\/comments?post=157"}],"version-history":[{"count":3,"href":"https:\/\/wordpress.nibis.de\/bes\/wp-json\/wp\/v2\/pages\/157\/revisions"}],"predecessor-version":[{"id":176,"href":"https:\/\/wordpress.nibis.de\/bes\/wp-json\/wp\/v2\/pages\/157\/revisions\/176"}],"up":[{"embeddable":true,"href":"https:\/\/wordpress.nibis.de\/bes\/wp-json\/wp\/v2\/pages\/155"}],"wp:attachment":[{"href":"https:\/\/wordpress.nibis.de\/bes\/wp-json\/wp\/v2\/media?parent=157"}],"curies":[{"name":"wp","href":"https:\/\/api.w.org\/{rel}","templated":true}]}}