{"id":19,"date":"2025-05-28T11:20:41","date_gmt":"2025-05-28T09:20:41","guid":{"rendered":"https:\/\/wordpress.nibis.de\/bes\/?page_id=19"},"modified":"2025-08-03T23:34:03","modified_gmt":"2025-08-03T21:34:03","slug":"beratung","status":"publish","type":"page","link":"https:\/\/wordpress.nibis.de\/bes\/beratung\/","title":{"rendered":"Beratung"},"content":{"rendered":"\n<p>In der Berufseinstiegsschule steht die individuelle Beratung im Fokus. Neben der verbindlichen und individuellen Eingangsberatung werden im Laufe des Schuljahres weitere Beratungsgespr\u00e4che vom multiprofessionellen Team in regelm\u00e4\u00dfigen Abst\u00e4nden durchgef\u00fchrt, um den Sch\u00fclerinnen und Sch\u00fcler mit ihren individuellen Bedarfen gerecht zu werden.<\/p>\n","protected":false},"excerpt":{"rendered":"<p>In der Berufseinstiegsschule steht die individuelle Beratung im Fokus. Neben der verbindlichen und individuellen Eingangsberatung werden im Laufe des Schuljahres weitere Beratungsgespr\u00e4che vom multiprofessionellen Team in regelm\u00e4\u00dfigen Abst\u00e4nden durchgef\u00fchrt, um den Sch\u00fclerinnen und Sch\u00fcler mit ihren individuellen Bedarfen gerecht zu werden.<\/p>\n","protected":false},"author":9194621,"featured_media":0,"parent":0,"menu_order":0,"comment_status":"closed","ping_status":"closed","template":"","meta":{"footnotes":""},"class_list":["post-19","page","type-page","status-publish","hentry"],"_links":{"self":[{"href":"https:\/\/wordpress.nibis.de\/bes\/wp-json\/wp\/v2\/pages\/19","targetHints":{"allow":["GET"]}}],"collection":[{"href":"https:\/\/wordpress.nibis.de\/bes\/wp-json\/wp\/v2\/pages"}],"about":[{"href":"https:\/\/wordpress.nibis.de\/bes\/wp-json\/wp\/v2\/types\/page"}],"author":[{"embeddable":true,"href":"https:\/\/wordpress.nibis.de\/bes\/wp-json\/wp\/v2\/users\/9194621"}],"replies":[{"embeddable":true,"href":"https:\/\/wordpress.nibis.de\/bes\/wp-json\/wp\/v2\/comments?post=19"}],"version-history":[{"count":2,"href":"https:\/\/wordpress.nibis.de\/bes\/wp-json\/wp\/v2\/pages\/19\/revisions"}],"predecessor-version":[{"id":119,"href":"https:\/\/wordpress.nibis.de\/bes\/wp-json\/wp\/v2\/pages\/19\/revisions\/119"}],"wp:attachment":[{"href":"https:\/\/wordpress.nibis.de\/bes\/wp-json\/wp\/v2\/media?parent=19"}],"curies":[{"name":"wp","href":"https:\/\/api.w.org\/{rel}","templated":true}]}}