{"id":21,"date":"2025-05-28T11:20:41","date_gmt":"2025-05-28T09:20:41","guid":{"rendered":"https:\/\/wordpress.nibis.de\/bes\/?page_id=21"},"modified":"2025-08-05T15:32:06","modified_gmt":"2025-08-05T13:32:06","slug":"klasse-2","status":"publish","type":"page","link":"https:\/\/wordpress.nibis.de\/bes\/klasse-2\/","title":{"rendered":"Klasse 2"},"content":{"rendered":"\n<p>Die Berufseinstiegsschule Klasse 2 ist nicht allein eine neue Schulform, die zur Passgenauigkeit des Angebotsprofils im Berufsbildungsbereich beitr\u00e4gt, sondern sie ist auch eine sehr innovative Schulform. Unter Ber\u00fccksichtigung eines beruflichen Ansatzes werden vorrangig die Basiskompetenzen in den F\u00e4chern Deutsch, Mathematik und Englisch sowie soziale Kompetenzen gest\u00e4rkt, um hierdurch die Ausbildungsf\u00e4higkeit der Sch\u00fclerinnen und Sch\u00fcler zu sichern.<\/p>\n\n\n\n<p>Der berufsbezogene Unterricht erfolgt im Rahmen von Qualifizierungsbausteinen. Die Sch\u00fclerinnen und Sch\u00fcler erhalten so einen professionellen Einblick in Teilbereiche der praktischen Ausbildung. Damit werden sie bef\u00e4higt, im Anschluss eine duale Ausbildung oder eine Berufsfachschule erfolgreich zu absolvieren.<\/p>\n\n\n\n<p>Der Unterricht in der Berufseinstiegsschule Klasse 2 erfolgt auf der Basis verbindlicher Rahmenrichtlinien, die dem Niveau der Klasse 9 der Hauptschule entsprechen. Das gemeinsame Ziel f\u00fcr alle Sch\u00fclerinnen und Sch\u00fcler ist, den Hauptschulabschluss zu erwerben oder zu verbessern.<\/p>\n","protected":false},"excerpt":{"rendered":"<p>Die Berufseinstiegsschule Klasse 2 ist nicht allein eine neue Schulform, die zur Passgenauigkeit des Angebotsprofils im Berufsbildungsbereich beitr\u00e4gt, sondern sie ist auch eine sehr innovative Schulform. Unter Ber\u00fccksichtigung eines beruflichen Ansatzes werden vorrangig die Basiskompetenzen in den F\u00e4chern Deutsch, Mathematik und Englisch sowie soziale Kompetenzen gest\u00e4rkt, um hierdurch die Ausbildungsf\u00e4higkeit der Sch\u00fclerinnen und Sch\u00fcler zu &hellip; <a href=\"https:\/\/wordpress.nibis.de\/bes\/klasse-2\/\" class=\"more-link\"><span class=\"screen-reader-text\">Klasse 2<\/span> weiterlesen <span class=\"meta-nav\">&rarr;<\/span><\/a><\/p>\n","protected":false},"author":9194621,"featured_media":0,"parent":0,"menu_order":0,"comment_status":"closed","ping_status":"closed","template":"","meta":{"footnotes":""},"class_list":["post-21","page","type-page","status-publish","hentry"],"_links":{"self":[{"href":"https:\/\/wordpress.nibis.de\/bes\/wp-json\/wp\/v2\/pages\/21","targetHints":{"allow":["GET"]}}],"collection":[{"href":"https:\/\/wordpress.nibis.de\/bes\/wp-json\/wp\/v2\/pages"}],"about":[{"href":"https:\/\/wordpress.nibis.de\/bes\/wp-json\/wp\/v2\/types\/page"}],"author":[{"embeddable":true,"href":"https:\/\/wordpress.nibis.de\/bes\/wp-json\/wp\/v2\/users\/9194621"}],"replies":[{"embeddable":true,"href":"https:\/\/wordpress.nibis.de\/bes\/wp-json\/wp\/v2\/comments?post=21"}],"version-history":[{"count":2,"href":"https:\/\/wordpress.nibis.de\/bes\/wp-json\/wp\/v2\/pages\/21\/revisions"}],"predecessor-version":[{"id":265,"href":"https:\/\/wordpress.nibis.de\/bes\/wp-json\/wp\/v2\/pages\/21\/revisions\/265"}],"wp:attachment":[{"href":"https:\/\/wordpress.nibis.de\/bes\/wp-json\/wp\/v2\/media?parent=21"}],"curies":[{"name":"wp","href":"https:\/\/api.w.org\/{rel}","templated":true}]}}