{"id":225,"date":"2025-08-05T13:15:13","date_gmt":"2025-08-05T11:15:13","guid":{"rendered":"https:\/\/wordpress.nibis.de\/bes\/?page_id=225"},"modified":"2025-08-05T13:15:13","modified_gmt":"2025-08-05T11:15:13","slug":"optionale-lernangebote","status":"publish","type":"page","link":"https:\/\/wordpress.nibis.de\/bes\/klasse-1\/grundsaetze-des-unterrichts\/optionale-lernangebote\/","title":{"rendered":"Optionale Lernangebote"},"content":{"rendered":"\n<p>Optionale Lernangebote sind mit 4 Wochenstunden Bestandteil der Stundentafel in der Berufseinstiegsschule Klasse 1. Sie sollen neben den Interessen und Neigungen der Sch\u00fclerinnen und Sch\u00fcler vor allem die Kreativit\u00e4t und das Sozialverhalten f\u00f6rdern und dar\u00fcber hinaus Anregungen f\u00fcr eine sinnvolle Freizeitgestaltung der Jugendlichen liefern.<\/p>\n\n\n\n<h2 class=\"wp-block-heading\">Inhalte<\/h2>\n\n\n\n<p>Die Sch\u00fclerinnen und Sch\u00fcler sollten aus mehreren Themen mehrmals im Schuljahr ausw\u00e4hlen k\u00f6nnen. Die Inhalte der optionalen Lernangebote sollen f\u00fcr die Jugendlichen attraktiv sein, sich an ihrer Lebenswirklichkeit orientieren und f\u00fcr eine \u00fcber die Schulzeit hinausweisende Freizeitgestaltung motivieren.<\/p>\n\n\n\n<p>Es ist bei dem Angebot darauf zu achten, dass keine optionalen Lernangebote angeboten werden, die die Jugendlichen in ihrer Freizeit aus finanziellen oder anderen Gr\u00fcnden nicht aus\u00fcben k\u00f6nnen.<\/p>\n\n\n\n<p>Nach M\u00f6glichkeit sind sowohl Theorielehrkr\u00e4fte als auch Praxislehrkr\u00e4fte, die bereits in den Klassen unterrichten, in optionalen Lernangeboten einzusetzen. Sie erhalten auf diesem Weg oft Einblick in die au\u00dferschulischen Interessen und das soziale Umfeld der Jugendlichen.<\/p>\n\n\n\n<h2 class=\"wp-block-heading\">Bewertung<\/h2>\n\n\n\n<p>Optionale Lernangebote d\u00fcrfen in der Klasse 1 der Berufseinstiegsschule nicht bewertet werden. Die Teilnahme bzw. Nichteilnahme ist im Zeugnis zu dokumentieren.<\/p>\n\n\n\n<p>Wenn an einem Standort nicht die volle Stundentafel vorgehalten werden kann, so sollten die optionalen Lernangebote nicht ersatzlos gestrichen, sondern anteilig wie andere F\u00e4cher gek\u00fcrzt werden.<\/p>\n\n\n\n<h2 class=\"wp-block-heading\">Organisation von optionalen Lernangeboten<\/h2>\n\n\n\n<p>F\u00fcr die Organisation von optionalen Lernangeboten kann es sinnvoll sein, eine Unterrichtsleiste von 4 Wochenstunden in den Stundenplan der Berufseinstiegsschule Klasse 1 einzuarbeiten, um zu gew\u00e4hrleisten, dass Themen klassen\u00fcbergreifend gew\u00e4hlt werden k\u00f6nnen und gleichzeitig R\u00e4ume und Lehrkr\u00e4fte zur Verf\u00fcgung stehen. Eventuell anfallende Kosten k\u00f6nnen aus p\u00e4dagogischen Erw\u00e4gungen teilweise von den Sch\u00fclerinnen und Sch\u00fclern selbst \u00fcbernommen (z. B. Eintrittsgelder) bzw. aus dem Haushalt der Berufseinstiegsschule bezuschusst werden.<\/p>\n","protected":false},"excerpt":{"rendered":"<p>Optionale Lernangebote sind mit 4 Wochenstunden Bestandteil der Stundentafel in der Berufseinstiegsschule Klasse 1. Sie sollen neben den Interessen und Neigungen der Sch\u00fclerinnen und Sch\u00fcler vor allem die Kreativit\u00e4t und das Sozialverhalten f\u00f6rdern und dar\u00fcber hinaus Anregungen f\u00fcr eine sinnvolle Freizeitgestaltung der Jugendlichen liefern. Inhalte Die Sch\u00fclerinnen und Sch\u00fcler sollten aus mehreren Themen mehrmals im &hellip; <a href=\"https:\/\/wordpress.nibis.de\/bes\/klasse-1\/grundsaetze-des-unterrichts\/optionale-lernangebote\/\" class=\"more-link\"><span class=\"screen-reader-text\">Optionale Lernangebote<\/span> weiterlesen <span class=\"meta-nav\">&rarr;<\/span><\/a><\/p>\n","protected":false},"author":9194621,"featured_media":0,"parent":182,"menu_order":1,"comment_status":"closed","ping_status":"closed","template":"","meta":{"footnotes":""},"class_list":["post-225","page","type-page","status-publish","hentry"],"_links":{"self":[{"href":"https:\/\/wordpress.nibis.de\/bes\/wp-json\/wp\/v2\/pages\/225","targetHints":{"allow":["GET"]}}],"collection":[{"href":"https:\/\/wordpress.nibis.de\/bes\/wp-json\/wp\/v2\/pages"}],"about":[{"href":"https:\/\/wordpress.nibis.de\/bes\/wp-json\/wp\/v2\/types\/page"}],"author":[{"embeddable":true,"href":"https:\/\/wordpress.nibis.de\/bes\/wp-json\/wp\/v2\/users\/9194621"}],"replies":[{"embeddable":true,"href":"https:\/\/wordpress.nibis.de\/bes\/wp-json\/wp\/v2\/comments?post=225"}],"version-history":[{"count":1,"href":"https:\/\/wordpress.nibis.de\/bes\/wp-json\/wp\/v2\/pages\/225\/revisions"}],"predecessor-version":[{"id":226,"href":"https:\/\/wordpress.nibis.de\/bes\/wp-json\/wp\/v2\/pages\/225\/revisions\/226"}],"up":[{"embeddable":true,"href":"https:\/\/wordpress.nibis.de\/bes\/wp-json\/wp\/v2\/pages\/182"}],"wp:attachment":[{"href":"https:\/\/wordpress.nibis.de\/bes\/wp-json\/wp\/v2\/media?parent=225"}],"curies":[{"name":"wp","href":"https:\/\/api.w.org\/{rel}","templated":true}]}}