{"id":286,"date":"2025-08-05T16:18:43","date_gmt":"2025-08-05T14:18:43","guid":{"rendered":"https:\/\/wordpress.nibis.de\/bes\/?page_id=286"},"modified":"2025-08-05T16:18:43","modified_gmt":"2025-08-05T14:18:43","slug":"hauptschulabschluss","status":"publish","type":"page","link":"https:\/\/wordpress.nibis.de\/bes\/klasse-2\/hauptschulabschluss\/","title":{"rendered":"Hauptschulabschluss"},"content":{"rendered":"\n<p>Der Erwerb des Hauptschulabschlusses ist in \u00a7 25 BbS-VO sowie Anlage 2, \u00a7 3 geregelt. Nach Anlage 2, \u00a7 4 kann ein bereits erworbener Hauptschulabschluss auch verbessert werden.<\/p>\n\n\n\n<p>Um einen Hauptschulabschluss in Verbindung mit einem EQ-Vertrag (wie unten beschrieben) zu erwerben, ist die erfolgreiche Teilnahme am berufs\u00fcbergreifenden Unterricht entsprechend der Stundentafel der Klasse 2 Voraussetzung. Im Zeugnis erscheint ein entsprechender Vermerk, dass der Hauptschulabschluss im Zusammenhang mit dem Zertifikat \u00fcber den erfolgreichen Abschluss einer gef\u00f6rderten EQ-Ma\u00dfnahme g\u00fcltig ist.<\/p>\n","protected":false},"excerpt":{"rendered":"<p>Der Erwerb des Hauptschulabschlusses ist in \u00a7 25 BbS-VO sowie Anlage 2, \u00a7 3 geregelt. Nach Anlage 2, \u00a7 4 kann ein bereits erworbener Hauptschulabschluss auch verbessert werden. Um einen Hauptschulabschluss in Verbindung mit einem EQ-Vertrag (wie unten beschrieben) zu erwerben, ist die erfolgreiche Teilnahme am berufs\u00fcbergreifenden Unterricht entsprechend der Stundentafel der Klasse 2 Voraussetzung. &hellip; <a href=\"https:\/\/wordpress.nibis.de\/bes\/klasse-2\/hauptschulabschluss\/\" class=\"more-link\"><span class=\"screen-reader-text\">Hauptschulabschluss<\/span> weiterlesen <span class=\"meta-nav\">&rarr;<\/span><\/a><\/p>\n","protected":false},"author":9194621,"featured_media":0,"parent":21,"menu_order":1,"comment_status":"closed","ping_status":"closed","template":"","meta":{"footnotes":""},"class_list":["post-286","page","type-page","status-publish","hentry"],"_links":{"self":[{"href":"https:\/\/wordpress.nibis.de\/bes\/wp-json\/wp\/v2\/pages\/286","targetHints":{"allow":["GET"]}}],"collection":[{"href":"https:\/\/wordpress.nibis.de\/bes\/wp-json\/wp\/v2\/pages"}],"about":[{"href":"https:\/\/wordpress.nibis.de\/bes\/wp-json\/wp\/v2\/types\/page"}],"author":[{"embeddable":true,"href":"https:\/\/wordpress.nibis.de\/bes\/wp-json\/wp\/v2\/users\/9194621"}],"replies":[{"embeddable":true,"href":"https:\/\/wordpress.nibis.de\/bes\/wp-json\/wp\/v2\/comments?post=286"}],"version-history":[{"count":1,"href":"https:\/\/wordpress.nibis.de\/bes\/wp-json\/wp\/v2\/pages\/286\/revisions"}],"predecessor-version":[{"id":287,"href":"https:\/\/wordpress.nibis.de\/bes\/wp-json\/wp\/v2\/pages\/286\/revisions\/287"}],"up":[{"embeddable":true,"href":"https:\/\/wordpress.nibis.de\/bes\/wp-json\/wp\/v2\/pages\/21"}],"wp:attachment":[{"href":"https:\/\/wordpress.nibis.de\/bes\/wp-json\/wp\/v2\/media?parent=286"}],"curies":[{"name":"wp","href":"https:\/\/api.w.org\/{rel}","templated":true}]}}