{"id":325,"date":"2025-08-06T08:48:17","date_gmt":"2025-08-06T06:48:17","guid":{"rendered":"https:\/\/wordpress.nibis.de\/bes\/?page_id=325"},"modified":"2025-08-06T08:48:17","modified_gmt":"2025-08-06T06:48:17","slug":"grundsaetze-des-unterrichts","status":"publish","type":"page","link":"https:\/\/wordpress.nibis.de\/bes\/sprachfoerderung\/grundsaetze-des-unterrichts\/","title":{"rendered":"Grunds\u00e4tze des Unterrichts"},"content":{"rendered":"\n<p>Das Ziel der Klassen Sprache und Integration bzw. Sprache\/Integration ist, die Sch\u00fclerinnen und Sch\u00fcler in ihrem Spracherwerb so weit zu unterst\u00fctzen, dass sie an einem weiteren Angebot der beruflichen Bildung teilhaben k\u00f6nnen.<\/p>\n\n\n\n<p>Im Rahmen des Innovationsvorhabens &#8222;Integration neu zugewanderter Jugendlicher durch Sprachbildung, Ausbildungsvorbereitung und betriebliche Erfahrung&#8220; (IdA-Projekt) wurden sprachf\u00f6rderliche Materialien in Niedersachsen entwickelt. Diese &#8222;IdA-Materialien&#8220; stehen allen Lehrkr\u00e4ften in Niedersachsen zur Verf\u00fcgung.<\/p>\n","protected":false},"excerpt":{"rendered":"<p>Das Ziel der Klassen Sprache und Integration bzw. Sprache\/Integration ist, die Sch\u00fclerinnen und Sch\u00fcler in ihrem Spracherwerb so weit zu unterst\u00fctzen, dass sie an einem weiteren Angebot der beruflichen Bildung teilhaben k\u00f6nnen. Im Rahmen des Innovationsvorhabens &#8222;Integration neu zugewanderter Jugendlicher durch Sprachbildung, Ausbildungsvorbereitung und betriebliche Erfahrung&#8220; (IdA-Projekt) wurden sprachf\u00f6rderliche Materialien in Niedersachsen entwickelt. Diese &#8222;IdA-Materialien&#8220; &hellip; <a href=\"https:\/\/wordpress.nibis.de\/bes\/sprachfoerderung\/grundsaetze-des-unterrichts\/\" class=\"more-link\"><span class=\"screen-reader-text\">Grunds\u00e4tze des Unterrichts<\/span> weiterlesen <span class=\"meta-nav\">&rarr;<\/span><\/a><\/p>\n","protected":false},"author":9194621,"featured_media":0,"parent":22,"menu_order":1,"comment_status":"closed","ping_status":"closed","template":"","meta":{"footnotes":""},"class_list":["post-325","page","type-page","status-publish","hentry"],"_links":{"self":[{"href":"https:\/\/wordpress.nibis.de\/bes\/wp-json\/wp\/v2\/pages\/325","targetHints":{"allow":["GET"]}}],"collection":[{"href":"https:\/\/wordpress.nibis.de\/bes\/wp-json\/wp\/v2\/pages"}],"about":[{"href":"https:\/\/wordpress.nibis.de\/bes\/wp-json\/wp\/v2\/types\/page"}],"author":[{"embeddable":true,"href":"https:\/\/wordpress.nibis.de\/bes\/wp-json\/wp\/v2\/users\/9194621"}],"replies":[{"embeddable":true,"href":"https:\/\/wordpress.nibis.de\/bes\/wp-json\/wp\/v2\/comments?post=325"}],"version-history":[{"count":1,"href":"https:\/\/wordpress.nibis.de\/bes\/wp-json\/wp\/v2\/pages\/325\/revisions"}],"predecessor-version":[{"id":326,"href":"https:\/\/wordpress.nibis.de\/bes\/wp-json\/wp\/v2\/pages\/325\/revisions\/326"}],"up":[{"embeddable":true,"href":"https:\/\/wordpress.nibis.de\/bes\/wp-json\/wp\/v2\/pages\/22"}],"wp:attachment":[{"href":"https:\/\/wordpress.nibis.de\/bes\/wp-json\/wp\/v2\/media?parent=325"}],"curies":[{"name":"wp","href":"https:\/\/api.w.org\/{rel}","templated":true}]}}