{"id":331,"date":"2025-08-06T08:50:06","date_gmt":"2025-08-06T06:50:06","guid":{"rendered":"https:\/\/wordpress.nibis.de\/bes\/?page_id=331"},"modified":"2025-08-06T08:50:06","modified_gmt":"2025-08-06T06:50:06","slug":"positive-lernatmosphaere","status":"publish","type":"page","link":"https:\/\/wordpress.nibis.de\/bes\/sprachfoerderung\/grundsaetze-des-unterrichts\/positive-lernatmosphaere\/","title":{"rendered":"Positive Lernatmosph\u00e4re"},"content":{"rendered":"\n<p>Eine positive Lernatmosph\u00e4re hat in allen Bereichen der Berufseinstiegsschule eine besonders hohe Bedeutung. Die Sch\u00fclerinnen und Sch\u00fcler der Sprach- und Integrationsklassen, bzw. Sprache\/Integrationsklassen ben\u00f6tigen ein angstfreies Lernklima, in dem sie sich willkommen f\u00fchlen. Gerade wenn die Sch\u00fclerinnen und Sch\u00fcler neu eingereist sind und\/oder ihre Sprachkenntnisse sehr gering sind, ist der Schulbesuch mit vielen Bef\u00fcrchtungen verbunden (vgl. auch \u201eVorbemerkungen\u201c). Die Sch\u00fclerinnen und Sch\u00fcler festigen und \u00fcben im \u201efreien Sprechen\u201c ihre Sprachkenntnisse. Dies setzt Vertrauen voraus, Fehler machen zu d\u00fcrfen.<\/p>\n\n\n\n<p>Um Sicherheit zu schaffen, sind Rituale hilfreich. An ritualisierten Abl\u00e4ufen k\u00f6nnen sich auch Sch\u00fclerinnen und Sch\u00fcler beteiligen, die noch sehr geringe Sprachkompetenzen besitzen. Auch die Herkunftssprache der Sch\u00fclerinnen und Sch\u00fcler in den Unterricht einzubeziehen, vermittelt Achtung und Wertsch\u00e4tzung und sorgt somit f\u00fcr eine gute Lernatmosph\u00e4re.<br>Die Gestaltung des Klassenraums sollte ebenfalls bedacht werden, da sie ebenfalls eine gro\u00dfe Rolle (vgl. Klasse 1) spielt.<\/p>\n","protected":false},"excerpt":{"rendered":"<p>Eine positive Lernatmosph\u00e4re hat in allen Bereichen der Berufseinstiegsschule eine besonders hohe Bedeutung. Die Sch\u00fclerinnen und Sch\u00fcler der Sprach- und Integrationsklassen, bzw. Sprache\/Integrationsklassen ben\u00f6tigen ein angstfreies Lernklima, in dem sie sich willkommen f\u00fchlen. Gerade wenn die Sch\u00fclerinnen und Sch\u00fcler neu eingereist sind und\/oder ihre Sprachkenntnisse sehr gering sind, ist der Schulbesuch mit vielen Bef\u00fcrchtungen verbunden &hellip; <a href=\"https:\/\/wordpress.nibis.de\/bes\/sprachfoerderung\/grundsaetze-des-unterrichts\/positive-lernatmosphaere\/\" class=\"more-link\"><span class=\"screen-reader-text\">Positive Lernatmosph\u00e4re<\/span> weiterlesen <span class=\"meta-nav\">&rarr;<\/span><\/a><\/p>\n","protected":false},"author":9194621,"featured_media":0,"parent":325,"menu_order":1,"comment_status":"closed","ping_status":"closed","template":"","meta":{"footnotes":""},"class_list":["post-331","page","type-page","status-publish","hentry"],"_links":{"self":[{"href":"https:\/\/wordpress.nibis.de\/bes\/wp-json\/wp\/v2\/pages\/331","targetHints":{"allow":["GET"]}}],"collection":[{"href":"https:\/\/wordpress.nibis.de\/bes\/wp-json\/wp\/v2\/pages"}],"about":[{"href":"https:\/\/wordpress.nibis.de\/bes\/wp-json\/wp\/v2\/types\/page"}],"author":[{"embeddable":true,"href":"https:\/\/wordpress.nibis.de\/bes\/wp-json\/wp\/v2\/users\/9194621"}],"replies":[{"embeddable":true,"href":"https:\/\/wordpress.nibis.de\/bes\/wp-json\/wp\/v2\/comments?post=331"}],"version-history":[{"count":1,"href":"https:\/\/wordpress.nibis.de\/bes\/wp-json\/wp\/v2\/pages\/331\/revisions"}],"predecessor-version":[{"id":332,"href":"https:\/\/wordpress.nibis.de\/bes\/wp-json\/wp\/v2\/pages\/331\/revisions\/332"}],"up":[{"embeddable":true,"href":"https:\/\/wordpress.nibis.de\/bes\/wp-json\/wp\/v2\/pages\/325"}],"wp:attachment":[{"href":"https:\/\/wordpress.nibis.de\/bes\/wp-json\/wp\/v2\/media?parent=331"}],"curies":[{"name":"wp","href":"https:\/\/api.w.org\/{rel}","templated":true}]}}