{"id":348,"date":"2025-08-06T09:38:55","date_gmt":"2025-08-06T07:38:55","guid":{"rendered":"https:\/\/wordpress.nibis.de\/bes\/?page_id=348"},"modified":"2025-08-06T09:38:55","modified_gmt":"2025-08-06T07:38:55","slug":"sprache-und-integration-vollzeit","status":"publish","type":"page","link":"https:\/\/wordpress.nibis.de\/bes\/sprachfoerderung\/zeugnisse\/sprache-und-integration-vollzeit\/","title":{"rendered":"Sprache und Integration Vollzeit"},"content":{"rendered":"\n<div class=\"wp-block-columns is-layout-flex wp-container-core-columns-is-layout-abceabcf wp-block-columns-is-layout-flex\">\n<div class=\"wp-block-column is-layout-flow wp-block-column-is-layout-flow\" style=\"--col-width:75%;flex-basis:75%\">\n<p>\u201eAm Ende des Bildungsganges erhalten die Sch\u00fclerinnen und Sch\u00fcler ein Zeugnis, welches die in den Unterrichtsmodulen erworbenen Kompetenzen der Sch\u00fclerin oder des Sch\u00fclers auff\u00fchrt. Zus\u00e4tzlich werden das Arbeits- und Sozialverhalten sowie entschuldigte und unentschuldigte Unterrichtsvers\u00e4umnisse aufgef\u00fchrt.\u201c<sup>[1]<\/sup><\/p>\n<\/div>\n\n\n\n<div class=\"wp-block-column has-background is-layout-flow wp-block-column-is-layout-flow\" style=\"--col-width:25%;background-color:#eaeaea;flex-basis:25%\">\n<h4 class=\"wp-block-heading\">Materialien<\/h4>\n\n\n\n<div class=\"wp-block-file\"><a id=\"wp-block-file--media-b4183f8b-b92e-4700-8691-a69d19436ca3\" href=\"https:\/\/wordpress.nibis.de\/bes\/files\/2025\/08\/Zeugnis_Sprache_Integartion_Vollzeit.pdf\" target=\"_blank\" rel=\"noreferrer noopener\">Zeugnis<\/a><\/div>\n\n\n\n<div class=\"wp-block-file\"><a id=\"wp-block-file--media-5220d083-ea28-455d-995b-a11f0319a016\" href=\"https:\/\/wordpress.nibis.de\/bes\/files\/2025\/08\/Zeugnis_Sprache_Integartion_Vollzeit_Beispiel.pdf\" target=\"_blank\" rel=\"noreferrer noopener\">ausgef\u00fclltes Beispielzeugnis<\/a><\/div>\n\n\n\n<div class=\"wp-block-file\"><a id=\"wp-block-file--media-67aad92e-5af0-4809-95e4-bf8d3c3fe388\" href=\"https:\/\/wordpress.nibis.de\/bes\/files\/2025\/08\/Beobachtungsbogen_Sprachstandsentwicklung.pdf\" target=\"_blank\" rel=\"noreferrer noopener\">Beobachtungsbogen Sprachstandsentwicklung<\/a><\/div>\n<\/div>\n<\/div>\n\n\n\n<hr class=\"wp-block-separator is-style-wide\" \/>\n\n\n\n<p>[1] vgl. 4.4.2.3 EB-BbS<\/p>\n","protected":false},"excerpt":{"rendered":"<p>\u201eAm Ende des Bildungsganges erhalten die Sch\u00fclerinnen und Sch\u00fcler ein Zeugnis, welches die in den Unterrichtsmodulen erworbenen Kompetenzen der Sch\u00fclerin oder des Sch\u00fclers auff\u00fchrt. Zus\u00e4tzlich werden das Arbeits- und Sozialverhalten sowie entschuldigte und unentschuldigte Unterrichtsvers\u00e4umnisse aufgef\u00fchrt.\u201c[1] Materialien [1] vgl. 4.4.2.3 EB-BbS<\/p>\n","protected":false},"author":9194621,"featured_media":0,"parent":346,"menu_order":1,"comment_status":"closed","ping_status":"closed","template":"","meta":{"footnotes":""},"class_list":["post-348","page","type-page","status-publish","hentry"],"_links":{"self":[{"href":"https:\/\/wordpress.nibis.de\/bes\/wp-json\/wp\/v2\/pages\/348","targetHints":{"allow":["GET"]}}],"collection":[{"href":"https:\/\/wordpress.nibis.de\/bes\/wp-json\/wp\/v2\/pages"}],"about":[{"href":"https:\/\/wordpress.nibis.de\/bes\/wp-json\/wp\/v2\/types\/page"}],"author":[{"embeddable":true,"href":"https:\/\/wordpress.nibis.de\/bes\/wp-json\/wp\/v2\/users\/9194621"}],"replies":[{"embeddable":true,"href":"https:\/\/wordpress.nibis.de\/bes\/wp-json\/wp\/v2\/comments?post=348"}],"version-history":[{"count":1,"href":"https:\/\/wordpress.nibis.de\/bes\/wp-json\/wp\/v2\/pages\/348\/revisions"}],"predecessor-version":[{"id":349,"href":"https:\/\/wordpress.nibis.de\/bes\/wp-json\/wp\/v2\/pages\/348\/revisions\/349"}],"up":[{"embeddable":true,"href":"https:\/\/wordpress.nibis.de\/bes\/wp-json\/wp\/v2\/pages\/346"}],"wp:attachment":[{"href":"https:\/\/wordpress.nibis.de\/bes\/wp-json\/wp\/v2\/media?parent=348"}],"curies":[{"name":"wp","href":"https:\/\/api.w.org\/{rel}","templated":true}]}}