{"id":376,"date":"2025-08-06T10:55:52","date_gmt":"2025-08-06T08:55:52","guid":{"rendered":"https:\/\/wordpress.nibis.de\/bes\/?page_id=376"},"modified":"2025-08-06T10:55:52","modified_gmt":"2025-08-06T08:55:52","slug":"inklusive-berufsbildende-schule","status":"publish","type":"page","link":"https:\/\/wordpress.nibis.de\/bes\/inklusion\/inklusive-berufsbildende-schule\/","title":{"rendered":"Inklusive berufsbildende Schule"},"content":{"rendered":"\n<p>Mit dem Schuljahr 2018\/2019 ist die vorgegebene inklusive Schule in den berufsbildenden Schulen verbindlich eingef\u00fchrt (vgl. \u00a7 4 NSchG: Inklusive Schule).<\/p>\n\n\n\n<p>Die \u00f6ffentlichen Schulen erm\u00f6glichen allen Sch\u00fclerinnen und Sch\u00fclern einen barrierefreien und gleichberechtigten Zugang und sind damit inklusive Schulen. Welche Schulform die Sch\u00fclerinnen und Sch\u00fcler besuchen, entscheiden die Erziehungsberechtigten (\u00a7 59 Absatz 1 Satz 1).<\/p>\n\n\n\n<p>Inklusive Beschulung bedeutet jedoch nicht, dass die Vorgaben f\u00fcr die einzelnen Ausbildungsangebote aufgehoben sind. Durch den Bezug auf den \u00a7 59 NSchG wird dies deutlich. Damit ist klar geregelt, dass alle Sch\u00fclerinnen und Sch\u00fcler, unabh\u00e4ngig ob sie einen sonderp\u00e4dagogischen Unterst\u00fctzungsbedarf attestiert haben oder nicht, eine Ausbildung nur aufnehmen k\u00f6nnen, wenn die entsprechenden Eingangsvoraussetzungen vorliegen. Bei der Umsetzung von Inklusion geht es um Chancengleichheit und nicht um Bevorzugung.<\/p>\n\n\n\n<p>Die Berufseinstiegschule Klasse 1 ist die einzige Schulform der berufsbildenden Schulen, f\u00fcr die keine Eingangsvoraussetzungen, au\u00dfer der Schulpflicht und dem besonderen individuellen F\u00f6rderbedarf, erforderlich sind. Die inklusive Beschulung in der Klasse 1 erfordert einen zieldifferenten Unterricht.<\/p>\n","protected":false},"excerpt":{"rendered":"<p>Mit dem Schuljahr 2018\/2019 ist die vorgegebene inklusive Schule in den berufsbildenden Schulen verbindlich eingef\u00fchrt (vgl. \u00a7 4 NSchG: Inklusive Schule). Die \u00f6ffentlichen Schulen erm\u00f6glichen allen Sch\u00fclerinnen und Sch\u00fclern einen barrierefreien und gleichberechtigten Zugang und sind damit inklusive Schulen. Welche Schulform die Sch\u00fclerinnen und Sch\u00fcler besuchen, entscheiden die Erziehungsberechtigten (\u00a7 59 Absatz 1 Satz 1). &hellip; <a href=\"https:\/\/wordpress.nibis.de\/bes\/inklusion\/inklusive-berufsbildende-schule\/\" class=\"more-link\"><span class=\"screen-reader-text\">Inklusive berufsbildende Schule<\/span> weiterlesen <span class=\"meta-nav\">&rarr;<\/span><\/a><\/p>\n","protected":false},"author":9194621,"featured_media":0,"parent":23,"menu_order":1,"comment_status":"closed","ping_status":"closed","template":"","meta":{"footnotes":""},"class_list":["post-376","page","type-page","status-publish","hentry"],"_links":{"self":[{"href":"https:\/\/wordpress.nibis.de\/bes\/wp-json\/wp\/v2\/pages\/376","targetHints":{"allow":["GET"]}}],"collection":[{"href":"https:\/\/wordpress.nibis.de\/bes\/wp-json\/wp\/v2\/pages"}],"about":[{"href":"https:\/\/wordpress.nibis.de\/bes\/wp-json\/wp\/v2\/types\/page"}],"author":[{"embeddable":true,"href":"https:\/\/wordpress.nibis.de\/bes\/wp-json\/wp\/v2\/users\/9194621"}],"replies":[{"embeddable":true,"href":"https:\/\/wordpress.nibis.de\/bes\/wp-json\/wp\/v2\/comments?post=376"}],"version-history":[{"count":1,"href":"https:\/\/wordpress.nibis.de\/bes\/wp-json\/wp\/v2\/pages\/376\/revisions"}],"predecessor-version":[{"id":377,"href":"https:\/\/wordpress.nibis.de\/bes\/wp-json\/wp\/v2\/pages\/376\/revisions\/377"}],"up":[{"embeddable":true,"href":"https:\/\/wordpress.nibis.de\/bes\/wp-json\/wp\/v2\/pages\/23"}],"wp:attachment":[{"href":"https:\/\/wordpress.nibis.de\/bes\/wp-json\/wp\/v2\/media?parent=376"}],"curies":[{"name":"wp","href":"https:\/\/api.w.org\/{rel}","templated":true}]}}