{"id":388,"date":"2025-08-06T11:34:56","date_gmt":"2025-08-06T09:34:56","guid":{"rendered":"https:\/\/wordpress.nibis.de\/bes\/?page_id=388"},"modified":"2025-08-06T11:34:56","modified_gmt":"2025-08-06T09:34:56","slug":"stundentafel","status":"publish","type":"page","link":"https:\/\/wordpress.nibis.de\/bes\/inklusion\/stundentafel\/","title":{"rendered":"Stundentafel"},"content":{"rendered":"\n<p>Sch\u00fclerinnen und Sch\u00fcler mit Bedarf an sonderp\u00e4dagogischer Unterst\u00fctzung im F\u00f6rderschwerpunkt geistige Entwicklung besuchen zur Erf\u00fcllung der Schulpflicht die Berufseinstiegsschule Klasse 1. Bei einer weiterf\u00fchrenden Beschulung in der Klasse Sprache\/Integration Teilzeit &#8211; Schwerpunkt Inklusion &#8211; findet die entsprechende Stundentafel Anwendung.<\/p>\n\n\n\n<h2 class=\"wp-block-heading\">Stundentafel Klasse Sprache \/ Integration Teilzeit &#8211; Schwerpunkt Inklusion &#8211;<\/h2>\n\n\n\n<figure class=\"wp-block-table\"><table><tbody><tr><td>Klasse Sprache \/ Integration Teilzeit<\/td><td><\/td><\/tr><tr><td><strong>Lernbereiche<\/strong><\/td><td><strong>Wochenstunden<\/strong><\/td><\/tr><tr><td><strong>Berufs\u00fcbergreifender Lernbereich<\/strong><br>mit den Unterrichtsmodulen<br>&#8211; Kommunikation in der Lebens- und Arbeitswelt<br>&#8211; F\u00f6rderung Grundlagenwissen<\/td><td>9<\/td><\/tr><tr><td><strong>Berufsbezogener Lernbereich<\/strong><br>mit dem Unterrichtsmodul<br>&#8211; Praktische Einf\u00fchrung in das Berufs- und Arbeitsleben<br>(Fachpraxis: EQ findet im Betrieb statt)<\/td><td>3<\/td><\/tr><tr><td><strong>Unterrichtsstunden der Klasse<\/strong><br>pro Woche (mit Betreuungsstunden)*<\/td><td>12 (15)*<\/td><\/tr><\/tbody><\/table><\/figure>\n\n\n\n<p>*Die zus\u00e4tzlichen drei Betreuungsstunden k\u00f6nnen u. a. f\u00fcr die p\u00e4dagogische und inhaltliche Begleitung des betrieblichen Praktikums oder der betrieblichen EQ-Ma\u00dfnahme verwendet werden.<\/p>\n","protected":false},"excerpt":{"rendered":"<p>Sch\u00fclerinnen und Sch\u00fcler mit Bedarf an sonderp\u00e4dagogischer Unterst\u00fctzung im F\u00f6rderschwerpunkt geistige Entwicklung besuchen zur Erf\u00fcllung der Schulpflicht die Berufseinstiegsschule Klasse 1. Bei einer weiterf\u00fchrenden Beschulung in der Klasse Sprache\/Integration Teilzeit &#8211; Schwerpunkt Inklusion &#8211; findet die entsprechende Stundentafel Anwendung. Stundentafel Klasse Sprache \/ Integration Teilzeit &#8211; Schwerpunkt Inklusion &#8211; Klasse Sprache \/ Integration Teilzeit Lernbereiche &hellip; <a href=\"https:\/\/wordpress.nibis.de\/bes\/inklusion\/stundentafel\/\" class=\"more-link\"><span class=\"screen-reader-text\">Stundentafel<\/span> weiterlesen <span class=\"meta-nav\">&rarr;<\/span><\/a><\/p>\n","protected":false},"author":9194621,"featured_media":0,"parent":23,"menu_order":1,"comment_status":"closed","ping_status":"closed","template":"","meta":{"footnotes":""},"class_list":["post-388","page","type-page","status-publish","hentry"],"_links":{"self":[{"href":"https:\/\/wordpress.nibis.de\/bes\/wp-json\/wp\/v2\/pages\/388","targetHints":{"allow":["GET"]}}],"collection":[{"href":"https:\/\/wordpress.nibis.de\/bes\/wp-json\/wp\/v2\/pages"}],"about":[{"href":"https:\/\/wordpress.nibis.de\/bes\/wp-json\/wp\/v2\/types\/page"}],"author":[{"embeddable":true,"href":"https:\/\/wordpress.nibis.de\/bes\/wp-json\/wp\/v2\/users\/9194621"}],"replies":[{"embeddable":true,"href":"https:\/\/wordpress.nibis.de\/bes\/wp-json\/wp\/v2\/comments?post=388"}],"version-history":[{"count":1,"href":"https:\/\/wordpress.nibis.de\/bes\/wp-json\/wp\/v2\/pages\/388\/revisions"}],"predecessor-version":[{"id":389,"href":"https:\/\/wordpress.nibis.de\/bes\/wp-json\/wp\/v2\/pages\/388\/revisions\/389"}],"up":[{"embeddable":true,"href":"https:\/\/wordpress.nibis.de\/bes\/wp-json\/wp\/v2\/pages\/23"}],"wp:attachment":[{"href":"https:\/\/wordpress.nibis.de\/bes\/wp-json\/wp\/v2\/media?parent=388"}],"curies":[{"name":"wp","href":"https:\/\/api.w.org\/{rel}","templated":true}]}}