{"id":103,"date":"2021-10-04T20:32:19","date_gmt":"2021-10-04T18:32:19","guid":{"rendered":"https:\/\/wordpress.nibis.de\/bgs\/?page_id=103"},"modified":"2024-09-09T15:19:00","modified_gmt":"2024-09-09T13:19:00","slug":"paedagogische-mitarbeiter","status":"publish","type":"page","link":"https:\/\/wordpress.nibis.de\/bgs\/mitarbeiter\/paedagogische-mitarbeiter\/","title":{"rendered":"P\u00e4dagogische Mitarbeiter*innen"},"content":{"rendered":"\n<p>An der BGS Letter arbeiten 8 p\u00e4dagogische Mitarbeiter*innen. Sie betreuen die Sch\u00fcler*innen w\u00e4hrend der Betreuungs- und Fr\u00fchst\u00fcckszeit . Dar\u00fcber hinaus vertreten sie den Unterricht, wenn Lehrer*innen krank sind und helfen und unterst\u00fctzen im Alltag, wo sie k\u00f6nnen und gebraucht werden. <\/p>\n","protected":false},"excerpt":{"rendered":"<p>An der BGS Letter arbeiten 8 p\u00e4dagogische Mitarbeiter*innen. Sie betreuen die Sch\u00fcler*innen w\u00e4hrend der Betreuungs- und Fr\u00fchst\u00fcckszeit . Dar\u00fcber hinaus vertreten sie den Unterricht, wenn &hellip; <\/p>\n","protected":false},"author":9193811,"featured_media":0,"parent":29,"menu_order":30,"comment_status":"closed","ping_status":"closed","template":"","meta":{"footnotes":""},"class_list":["post-103","page","type-page","status-publish","hentry"],"_links":{"self":[{"href":"https:\/\/wordpress.nibis.de\/bgs\/wp-json\/wp\/v2\/pages\/103","targetHints":{"allow":["GET"]}}],"collection":[{"href":"https:\/\/wordpress.nibis.de\/bgs\/wp-json\/wp\/v2\/pages"}],"about":[{"href":"https:\/\/wordpress.nibis.de\/bgs\/wp-json\/wp\/v2\/types\/page"}],"author":[{"embeddable":true,"href":"https:\/\/wordpress.nibis.de\/bgs\/wp-json\/wp\/v2\/users\/9193811"}],"replies":[{"embeddable":true,"href":"https:\/\/wordpress.nibis.de\/bgs\/wp-json\/wp\/v2\/comments?post=103"}],"version-history":[{"count":4,"href":"https:\/\/wordpress.nibis.de\/bgs\/wp-json\/wp\/v2\/pages\/103\/revisions"}],"predecessor-version":[{"id":1863,"href":"https:\/\/wordpress.nibis.de\/bgs\/wp-json\/wp\/v2\/pages\/103\/revisions\/1863"}],"up":[{"embeddable":true,"href":"https:\/\/wordpress.nibis.de\/bgs\/wp-json\/wp\/v2\/pages\/29"}],"wp:attachment":[{"href":"https:\/\/wordpress.nibis.de\/bgs\/wp-json\/wp\/v2\/media?parent=103"}],"curies":[{"name":"wp","href":"https:\/\/api.w.org\/{rel}","templated":true}]}}