{"id":1064,"date":"2022-12-19T11:51:39","date_gmt":"2022-12-19T10:51:39","guid":{"rendered":"https:\/\/wordpress.nibis.de\/bgs\/?page_id=1064"},"modified":"2022-12-19T14:19:28","modified_gmt":"2022-12-19T13:19:28","slug":"adventsbasteln-in-der-bgs","status":"publish","type":"page","link":"https:\/\/wordpress.nibis.de\/bgs\/adventsbasteln-in-der-bgs\/","title":{"rendered":"Adventsbasteln in der BGS"},"content":{"rendered":"\n<p>F\u00fcr die einen kommt sie jedes Jahr vollkommen \u00fcberraschend, die anderen sehnen sie herbei &#8211; die Adventszeit. Die Sch\u00fclerinnen und Sch\u00fcler der BGS haben sich auf jeden Fall darauf gefreut. Denn in der Adventszeit gibt es nicht nur die beliebten Adventskalender, sondern diese Zeit wird inzwischen auch jedes Jahr mit einem Adventsbasteln eingel\u00e4utet. So auch in diesem Jahr: es wurde geschnitten, geklebt, gezeichnet und gebacken. Es herrschte eine fr\u00f6hliche und ausgelassene Stimmung und es roch herrlich nach frisch gebackenen Pl\u00e4tzchen.<br \/>Es sind viele sch\u00f6ne Basteleien entstanden. Sehen Sie selbst.<\/p>\n\n\n\n<div class=\"wp-block-image\"><figure class=\"alignleft size-full is-resized\"><img loading=\"lazy\" decoding=\"async\" src=\"https:\/\/wordpress.nibis.de\/bgs\/files\/2022\/12\/Adventsbasteln-Jahrgang-1_2.jpg\" alt=\"\" class=\"wp-image-1066\" width=\"774\" height=\"774\" \/><\/figure><\/div>\n\n\n\n<div class=\"wp-block-image\"><figure class=\"aligncenter size-full is-resized\"><img loading=\"lazy\" decoding=\"async\" src=\"https:\/\/wordpress.nibis.de\/bgs\/files\/2022\/12\/Adventsbasteln-Jahrgang-1_1.jpg\" alt=\"\" class=\"wp-image-1065\" width=\"771\" height=\"771\" \/><\/figure><\/div>\n\n\n\n<div class=\"wp-block-image\"><figure class=\"alignright size-full is-resized\"><img loading=\"lazy\" decoding=\"async\" src=\"https:\/\/wordpress.nibis.de\/bgs\/files\/2022\/12\/Adventsbasteln-Rie-und-Koeh.jpg\" alt=\"\" class=\"wp-image-1079\" width=\"768\" height=\"768\" \/><\/figure><\/div>\n\n\n\n<div class=\"wp-block-image\"><figure class=\"aligncenter size-full is-resized\"><img loading=\"lazy\" decoding=\"async\" src=\"https:\/\/wordpress.nibis.de\/bgs\/files\/2022\/12\/Adventsbasteln-Jahrgang-2_2.jpg\" alt=\"\" class=\"wp-image-1068\" width=\"773\" height=\"644\" \/><\/figure><\/div>\n\n\n\n<div class=\"wp-block-image\"><figure class=\"alignleft size-full is-resized\"><img loading=\"lazy\" decoding=\"async\" src=\"https:\/\/wordpress.nibis.de\/bgs\/files\/2022\/12\/Adventsbasteln-Den.jpg\" alt=\"\" class=\"wp-image-1076\" width=\"774\" height=\"774\" \/><\/figure><\/div>\n\n\n\n<div class=\"wp-block-image\"><figure class=\"aligncenter size-full is-resized\"><img loading=\"lazy\" decoding=\"async\" src=\"https:\/\/wordpress.nibis.de\/bgs\/files\/2022\/12\/Adventsbasteln-Seite-Ing_1.jpg\" alt=\"\" class=\"wp-image-1077\" width=\"777\" height=\"777\" \/><\/figure><\/div>\n\n\n\n<div class=\"wp-block-image\"><figure class=\"aligncenter size-full is-resized\"><img loading=\"lazy\" decoding=\"async\" src=\"https:\/\/wordpress.nibis.de\/bgs\/files\/2022\/12\/Adventsbasteln-Seite-Ing_2.jpg\" alt=\"\" class=\"wp-image-1078\" width=\"776\" height=\"776\" \/><\/figure><\/div>\n","protected":false},"excerpt":{"rendered":"<p>F\u00fcr die einen kommt sie jedes Jahr vollkommen \u00fcberraschend, die anderen sehnen sie herbei &#8211; die Adventszeit. Die Sch\u00fclerinnen und Sch\u00fcler der BGS haben sich &hellip; <\/p>\n","protected":false},"author":9193915,"featured_media":0,"parent":0,"menu_order":0,"comment_status":"closed","ping_status":"closed","template":"","meta":{"footnotes":""},"class_list":["post-1064","page","type-page","status-publish","hentry"],"_links":{"self":[{"href":"https:\/\/wordpress.nibis.de\/bgs\/wp-json\/wp\/v2\/pages\/1064","targetHints":{"allow":["GET"]}}],"collection":[{"href":"https:\/\/wordpress.nibis.de\/bgs\/wp-json\/wp\/v2\/pages"}],"about":[{"href":"https:\/\/wordpress.nibis.de\/bgs\/wp-json\/wp\/v2\/types\/page"}],"author":[{"embeddable":true,"href":"https:\/\/wordpress.nibis.de\/bgs\/wp-json\/wp\/v2\/users\/9193915"}],"replies":[{"embeddable":true,"href":"https:\/\/wordpress.nibis.de\/bgs\/wp-json\/wp\/v2\/comments?post=1064"}],"version-history":[{"count":4,"href":"https:\/\/wordpress.nibis.de\/bgs\/wp-json\/wp\/v2\/pages\/1064\/revisions"}],"predecessor-version":[{"id":1083,"href":"https:\/\/wordpress.nibis.de\/bgs\/wp-json\/wp\/v2\/pages\/1064\/revisions\/1083"}],"wp:attachment":[{"href":"https:\/\/wordpress.nibis.de\/bgs\/wp-json\/wp\/v2\/media?parent=1064"}],"curies":[{"name":"wp","href":"https:\/\/api.w.org\/{rel}","templated":true}]}}