{"id":1194,"date":"2023-02-23T17:26:46","date_gmt":"2023-02-23T16:26:46","guid":{"rendered":"https:\/\/wordpress.nibis.de\/bgs\/?page_id=1194"},"modified":"2023-02-23T17:26:47","modified_gmt":"2023-02-23T16:26:47","slug":"winterzauber-im-kursana","status":"publish","type":"page","link":"https:\/\/wordpress.nibis.de\/bgs\/winterzauber-im-kursana\/","title":{"rendered":"Winterzauber im Kursana"},"content":{"rendered":"\n<p>Nach einer langen Zeit, in der wir die Bewohner des Kursana coronabedingt nicht besuchen konnten, war es nun endlich wieder so weit: Die Kinder der P\u00ednguinklasse 2e haben im Kursana Domizil in Letter Freude geschenkt.<br \/>Am 23. Februar 2023 haben sich die Kinder der 2e gemeinsam mit Frau Reichhard und ihrer Klassenlehrerin Frau Ferracuti auf den Weg ins Kursana gemacht. Leider geh\u00f6rten ein Selbsttest und die FFP2-Maske noch zum Pflichtprogramm dazu. Aber diese H\u00fcrden wurden genommen und nachdem die Kinder ihre Requisiten und Instrumente bereitgelegt hatten und alle am Platze waren, konnte es losgehen. <br \/>Die Kinder haben Winterlieder gesungen, winterliche Gedichte vorgetragen und Gru\u00dfkarten von der Pinguinklasse verteilt. Die Bewohnerinnen und Bewohner des Kursana h\u00f6rten and\u00e4chtig zu und hier und da sah man sogar Freudestr\u00e4nen in den Augen. Es war eine wunderbare Abwechslung f\u00fcr die \u00e4lteren Damen und Herren und Frau Jordan, die Leiterin des Kursana Domizils hat sich im Namen alle Bwohner herzlich bei den Kindern bedankt. F\u00fcr die Kinder gab es zur Belohnung S\u00fc\u00dfes und bunte Luftballons. Dar\u00fcber haben sich alle sehr gefreut. Wir kommen gerne wieder.<\/p>\n\n\n\n<div class=\"wp-block-image\"><figure class=\"aligncenter size-full\"><img loading=\"lazy\" decoding=\"async\" width=\"700\" height=\"600\" src=\"https:\/\/wordpress.nibis.de\/bgs\/files\/2023\/02\/Kursana-Februar-2023.jpg\" alt=\"\" class=\"wp-image-1195\" \/><\/figure><\/div>\n","protected":false},"excerpt":{"rendered":"<p>Nach einer langen Zeit, in der wir die Bewohner des Kursana coronabedingt nicht besuchen konnten, war es nun endlich wieder so weit: Die Kinder der &hellip; <\/p>\n","protected":false},"author":9193915,"featured_media":0,"parent":0,"menu_order":0,"comment_status":"closed","ping_status":"closed","template":"","meta":{"footnotes":""},"class_list":["post-1194","page","type-page","status-publish","hentry"],"_links":{"self":[{"href":"https:\/\/wordpress.nibis.de\/bgs\/wp-json\/wp\/v2\/pages\/1194","targetHints":{"allow":["GET"]}}],"collection":[{"href":"https:\/\/wordpress.nibis.de\/bgs\/wp-json\/wp\/v2\/pages"}],"about":[{"href":"https:\/\/wordpress.nibis.de\/bgs\/wp-json\/wp\/v2\/types\/page"}],"author":[{"embeddable":true,"href":"https:\/\/wordpress.nibis.de\/bgs\/wp-json\/wp\/v2\/users\/9193915"}],"replies":[{"embeddable":true,"href":"https:\/\/wordpress.nibis.de\/bgs\/wp-json\/wp\/v2\/comments?post=1194"}],"version-history":[{"count":1,"href":"https:\/\/wordpress.nibis.de\/bgs\/wp-json\/wp\/v2\/pages\/1194\/revisions"}],"predecessor-version":[{"id":1196,"href":"https:\/\/wordpress.nibis.de\/bgs\/wp-json\/wp\/v2\/pages\/1194\/revisions\/1196"}],"wp:attachment":[{"href":"https:\/\/wordpress.nibis.de\/bgs\/wp-json\/wp\/v2\/media?parent=1194"}],"curies":[{"name":"wp","href":"https:\/\/api.w.org\/{rel}","templated":true}]}}

<p>Nach einer langen Zeit, in der wir die Bewohner des Kursana coronabedingt nicht besuchen konnten, war es nun endlich wieder so weit: Die Kinder der Pínguinklasse 2e haben im Kursana Domizil in Letter Freude geschenkt.<br />Am 23. Februar 2023 haben sich die Kinder der 2e gemeinsam mit Frau Reichhard und ihrer Klassenlehrerin Frau Ferracuti auf den Weg ins Kursana gemacht. Leider gehörten ein Selbsttest und die FFP2-Maske noch zum Pflichtprogramm dazu. Aber diese Hürden wurden genommen und nachdem die Kinder ihre Requisiten und Instrumente bereitgelegt hatten und alle am Platze waren, konnte es losgehen. <br />Die Kinder haben Winterlieder gesungen, winterliche Gedichte vorgetragen und Grußkarten von der Pinguinklasse verteilt. Die Bewohnerinnen und Bewohner des Kursana hörten andächtig zu und hier und da sah man sogar Freudestränen in den Augen. Es war eine wunderbare Abwechslung für die älteren Damen und Herren und Frau Jordan, die Leiterin des Kursana Domizils hat sich im Namen alle Bwohner herzlich bei den Kindern bedankt. Für die Kinder gab es zur Belohnung Süßes und bunte Luftballons. Darüber haben sich alle sehr gefreut. Wir kommen gerne wieder.</p>



<div class="wp-block-image"><figure class="aligncenter size-full"><img loading="lazy" decoding="async" width="700" height="600" src="https://wordpress.nibis.de/bgs/files/2023/02/Kursana-Februar-2023.jpg" alt="" class="wp-image-1195" /></figure></div>
