{"id":1201,"date":"2023-02-26T11:20:11","date_gmt":"2023-02-26T10:20:11","guid":{"rendered":"https:\/\/wordpress.nibis.de\/bgs\/?page_id=1201"},"modified":"2023-02-26T11:28:18","modified_gmt":"2023-02-26T10:28:18","slug":"fasching-in-der-bgs","status":"publish","type":"page","link":"https:\/\/wordpress.nibis.de\/bgs\/fasching-in-der-bgs\/","title":{"rendered":"Fasching in der BGS"},"content":{"rendered":"\n<p>Rosenmontag und keinen Abstand halten m\u00fcssen &#8211; ENDLICH!!! <br>Alle Sch\u00fclerinnen und Sch\u00fcler&nbsp; und auch die Lehrerinnen und Lehrer freuten sich unbeschwert miteinander Fasching feiern zu k\u00f6nnen. Es herrschte eine ausgelassene Stimmung und in allen Klassenr\u00e4umen, auf den Fluren, in der Mensa, auf dem Pausenhof, in der Turnhalle, &#8230; \u00fcberall waren fr\u00f6hliche Kinder zu sehen, die voller Freude miteinander feierten. <br>In allen Klassen wurde geschlemmt, gelacht, gespielt und nat\u00fcrlich das eigene Kost\u00fcm pr\u00e4sentiert. Das hatten wir aber auch schon im letzten Jahr. Das Highlight in diesem Jahr war, dass man ausgelassen in der Mensa und auf der B\u00fchne miteinander feiern und tanzen durfte, ohne sich \u00fcber Abstand und Masken Gedanken machen zu m\u00fcssen. Das genossen alle sichtlich. Die Kinder hatten viel Freude in der dort eingerichteten Disco.<\/p>\n\n\n\n<div class=\"wp-block-image\"><figure class=\"aligncenter size-full is-resized\"><img loading=\"lazy\" decoding=\"async\" src=\"https:\/\/wordpress.nibis.de\/bgs\/files\/2023\/02\/Fasching-2023-01.jpg\" alt=\"\" class=\"wp-image-1202\" width=\"793\" height=\"680\" \/><figcaption>In der Disco herrscht ausgelassene Feierstimmung.<\/figcaption><\/figure><\/div>\n\n\n\n<p>Auch in der Turnhalle konnten die Kinder zusammen kommen. Jahrgangsweise durften die Sch\u00fclerinnen und Sch\u00fcler dort f\u00fcr eine Stunde sein und sich an den aufgebauten Stationen vergn\u00fcgen.<\/p>\n\n\n\n<div class=\"wp-block-image\"><figure class=\"aligncenter size-large is-resized\"><img loading=\"lazy\" decoding=\"async\" src=\"https:\/\/wordpress.nibis.de\/bgs\/files\/2023\/02\/Fasching-2023-Turnhalle-700x675.jpg\" alt=\"\" class=\"wp-image-1203\" width=\"794\" height=\"765\" \/><figcaption>In der Turnhalle gab es viele verschiedene Stationen, an denen die Kinder balancieren, klettern, hangeln oder springen konnten.<\/figcaption><\/figure><\/div>\n\n\n\n<div class=\"wp-block-image is-style-tw-hard-shadow\"><figure class=\"aligncenter size-large is-resized\"><img loading=\"lazy\" decoding=\"async\" src=\"https:\/\/wordpress.nibis.de\/bgs\/files\/2023\/02\/Fasching-2023-Turnhalle2-700x675.jpg\" alt=\"\" class=\"wp-image-1204\" width=\"793\" height=\"765\" \/><figcaption>Die Rollbretter waren sehr beliebt, aber auch die Seile und auch ein Sprung aus der H\u00f6he.<\/figcaption><\/figure><\/div>\n\n\n\n<p>Der Vormittag verging wie im Fluge. Fr\u00fchst\u00fccken, Modenschau, Spiele, Disco, Turnhalle und zwischendurch drau\u00dfen toben und wieder essen&#8230; und schon war die sch\u00f6ne Zeit vorbei. Es war ein toller Tag! Wir freuen uns schon auf den n\u00e4chsten Rosenmontag \ud83d\ude42<\/p>\n","protected":false},"excerpt":{"rendered":"<p>Rosenmontag und keinen Abstand halten m\u00fcssen &#8211; ENDLICH!!! Alle Sch\u00fclerinnen und Sch\u00fcler&nbsp; und auch die Lehrerinnen und Lehrer freuten sich unbeschwert miteinander Fasching feiern zu &hellip; <\/p>\n","protected":false},"author":9193915,"featured_media":0,"parent":0,"menu_order":0,"comment_status":"closed","ping_status":"closed","template":"","meta":{"footnotes":""},"class_list":["post-1201","page","type-page","status-publish","hentry"],"_links":{"self":[{"href":"https:\/\/wordpress.nibis.de\/bgs\/wp-json\/wp\/v2\/pages\/1201","targetHints":{"allow":["GET"]}}],"collection":[{"href":"https:\/\/wordpress.nibis.de\/bgs\/wp-json\/wp\/v2\/pages"}],"about":[{"href":"https:\/\/wordpress.nibis.de\/bgs\/wp-json\/wp\/v2\/types\/page"}],"author":[{"embeddable":true,"href":"https:\/\/wordpress.nibis.de\/bgs\/wp-json\/wp\/v2\/users\/9193915"}],"replies":[{"embeddable":true,"href":"https:\/\/wordpress.nibis.de\/bgs\/wp-json\/wp\/v2\/comments?post=1201"}],"version-history":[{"count":3,"href":"https:\/\/wordpress.nibis.de\/bgs\/wp-json\/wp\/v2\/pages\/1201\/revisions"}],"predecessor-version":[{"id":1209,"href":"https:\/\/wordpress.nibis.de\/bgs\/wp-json\/wp\/v2\/pages\/1201\/revisions\/1209"}],"wp:attachment":[{"href":"https:\/\/wordpress.nibis.de\/bgs\/wp-json\/wp\/v2\/media?parent=1201"}],"curies":[{"name":"wp","href":"https:\/\/api.w.org\/{rel}","templated":true}]}}