{"id":1317,"date":"2023-05-09T11:24:22","date_gmt":"2023-05-09T09:24:22","guid":{"rendered":"https:\/\/wordpress.nibis.de\/bgs\/?page_id=1317"},"modified":"2023-05-09T11:31:58","modified_gmt":"2023-05-09T09:31:58","slug":"besuch-im-igelhaus","status":"publish","type":"page","link":"https:\/\/wordpress.nibis.de\/bgs\/besuch-im-igelhaus\/","title":{"rendered":"Spende an das Igelhaus"},"content":{"rendered":"\n<p>500 000 Igel: diese unfassbare hohe Zahl von Tieren wird jedes Jahr \u00fcberfahren! <br \/>Damit verletzte und kranke Igel eine Behandlung bekommen, um danach gesund wieder in die Freiheit entlassen werden k\u00f6nnen, dazu wurde das Igelhaus der Aktion Tier gegr\u00fcndet.<\/p>\n<p>Am 4.05. fuhren 12 Sch\u00fclerinnen und Sch\u00fcler unserer Schule aus der Umwelt-AG (mit Frau Schmidt und Herrn Gl\u00e4sing) nach Laatzen, um die Spenden vom Getr\u00e4nke- und Waffelverkauf des Spielzeugtauschtages zu \u00fcbergeben: Fast 90 \u20ac helfen nun, die Tierarztkosten und das Futter zu bezahlen. Wir haben viel \u00fcber Igel gelernt, durften die Pflegeboxen sehen und sogar einen Igel halten. <br \/>Es war ein toller Ausflug!<\/p>\n\n\n\n<div class=\"wp-block-image\"><figure class=\"aligncenter size-full\"><img loading=\"lazy\" decoding=\"async\" width=\"640\" height=\"480\" src=\"https:\/\/wordpress.nibis.de\/bgs\/files\/2023\/05\/IMG_2248-1.jpg\" alt=\"\" class=\"wp-image-1320\" \/><figcaption>Igel streicheln? Das geht! Dieser Igel hat Vertrauen, da er mit der Flasche gro\u00dfgezogen wurde.<\/figcaption><\/figure><\/div>\n\n\n\n<div class=\"wp-block-image\"><figure class=\"aligncenter size-full\"><img loading=\"lazy\" decoding=\"async\" width=\"640\" height=\"480\" src=\"https:\/\/wordpress.nibis.de\/bgs\/files\/2023\/05\/IMG_2238.jpg\" alt=\"\" class=\"wp-image-1318\" \/><figcaption>W\u00e4rmekissen helfen kranken Igeln wieder zu fressen<\/figcaption><\/figure><\/div>\n\n\n\n<div class=\"wp-block-image\"><figure class=\"aligncenter size-full\"><img loading=\"lazy\" decoding=\"async\" width=\"640\" height=\"480\" src=\"https:\/\/wordpress.nibis.de\/bgs\/files\/2023\/05\/IMG_2244.jpg\" alt=\"\" class=\"wp-image-1321\" \/><figcaption>Gruppenbild mit Igel und unserer F\u00fchrerin Frau Busch<\/figcaption><\/figure><\/div>\n","protected":false},"excerpt":{"rendered":"<p>500 000 Igel: diese unfassbare hohe Zahl von Tieren wird jedes Jahr \u00fcberfahren! Damit verletzte und kranke Igel eine Behandlung bekommen, um danach gesund wieder &hellip; <\/p>\n","protected":false},"author":9193915,"featured_media":0,"parent":0,"menu_order":0,"comment_status":"closed","ping_status":"closed","template":"","meta":{"footnotes":""},"class_list":["post-1317","page","type-page","status-publish","hentry"],"_links":{"self":[{"href":"https:\/\/wordpress.nibis.de\/bgs\/wp-json\/wp\/v2\/pages\/1317","targetHints":{"allow":["GET"]}}],"collection":[{"href":"https:\/\/wordpress.nibis.de\/bgs\/wp-json\/wp\/v2\/pages"}],"about":[{"href":"https:\/\/wordpress.nibis.de\/bgs\/wp-json\/wp\/v2\/types\/page"}],"author":[{"embeddable":true,"href":"https:\/\/wordpress.nibis.de\/bgs\/wp-json\/wp\/v2\/users\/9193915"}],"replies":[{"embeddable":true,"href":"https:\/\/wordpress.nibis.de\/bgs\/wp-json\/wp\/v2\/comments?post=1317"}],"version-history":[{"count":2,"href":"https:\/\/wordpress.nibis.de\/bgs\/wp-json\/wp\/v2\/pages\/1317\/revisions"}],"predecessor-version":[{"id":1324,"href":"https:\/\/wordpress.nibis.de\/bgs\/wp-json\/wp\/v2\/pages\/1317\/revisions\/1324"}],"wp:attachment":[{"href":"https:\/\/wordpress.nibis.de\/bgs\/wp-json\/wp\/v2\/media?parent=1317"}],"curies":[{"name":"wp","href":"https:\/\/api.w.org\/{rel}","templated":true}]}}