{"id":1382,"date":"2023-05-20T11:37:46","date_gmt":"2023-05-20T09:37:46","guid":{"rendered":"https:\/\/wordpress.nibis.de\/bgs\/?page_id=1382"},"modified":"2026-03-06T12:41:34","modified_gmt":"2026-03-06T11:41:34","slug":"projekte-im-ganztag-erstklaessler","status":"publish","type":"page","link":"https:\/\/wordpress.nibis.de\/bgs\/projekte-im-ganztag-erstklaessler\/","title":{"rendered":"Aktionen und Projekte im Ganztag"},"content":{"rendered":"\n<h3><strong>Aktionen<\/strong><\/h3>\n<p>Gemeinsam mit dem F\u00f6rderverein und der Schulsozialarbeit engagiert sich der Ganztag bei verschiedenen Aktionen. Die letzten Projekte waren:<\/p>\n<ul>\n<li><strong>10 Jahre Ganztag &#8211; ein Grund zum Strahlen<\/strong><br \/><a href=\"https:\/\/wordpress.nibis.de\/bgs\/10-jahre-ganztag-ein-grund-zum-strahlen\/\">Lesen Sie den Artikel zu unserer Jubil\u00e4umsfeier.<\/a><\/li>\n<li><strong>Elterncaf\u00e9<\/strong><br \/>Gemeinsam mit dem Ganztag und der Schulsozialarbeit organisiert der F\u00f6rderverein Elterncaf\u00e9s. Neben einem geselligen Miteinander gibt es oft auch Kuchen und andere Leckereien. Manchmal werden auch Mitmachaktionen angeboten. Es lohnt sich zu kommen.<br \/><br \/><\/li>\n<li><strong>Spielzeugtauschb\u00f6rse &#8222;Aus Meins wird Deins&#8220;<\/strong><br \/>Auf Wunsch der Sch\u00fclerschaft finden Spielzeugtauschtage statt, die vom Ganztag, der Schulsozialarbeit und dem F\u00f6rderverein organisiert werden.<\/li>\n<\/ul>\n\n\n\n<h3><strong>Projekte der Lernanf\u00e4nger<\/strong><\/h3>\n\n\n\n<h4><strong>Unser Schulmodell<\/strong><\/h4>\n<p class=\"western\"><span style=\"font-family: Arial, sans-serif\"><span style=\"font-size: medium\">Die Lernanf\u00e4nger w\u00fcnschten sich, ein Modell unserer Schule herzustellen. <\/span><\/span><span style=\"font-family: Arial, sans-serif\"><span style=\"font-size: medium\">Gern setzte das Erstkl\u00e4sslerteam (Conny, Hanna, Lena) diesen Wunsch um. <\/span><\/span><span style=\"font-family: Arial, sans-serif\"><span style=\"font-size: medium\">Zur Unterst\u00fctzung halfen Betreuer*innen und Sch\u00fcler*innen aus dem 4. Jahrgang. Es war eine tolle Zusammenarbeit, die sowohl die Lernanf\u00e4nger, als auch die Viertkl\u00e4ssler genossen.<\/span><\/span><\/p>\n<ul>\n<li class=\"western\"><span style=\"font-family: Arial, sans-serif\"><span style=\"font-size: medium\">Als Erstes wurde eine Skizze der Schule und des Schulhofs angefertigt.<\/span><\/span><\/li>\n<li class=\"western\"><span style=\"font-family: Arial, sans-serif\"><span style=\"font-size: medium\">Anschlie\u00dfend wurde gemeinsam \u00fcberlegt:<\/span><\/span>\n<ul style=\"list-style-type: circle\">\n<li><span style=\"font-family: Arial, sans-serif\"><span style=\"font-size: medium\">Wie gro\u00df soll das Schulmodell werden soll?<\/span><\/span><\/li>\n<li><span style=\"font-family: Arial, sans-serif\"><span style=\"font-size: medium\">Wo soll es nach Fertigstellung stehen?<\/span><\/span><\/li>\n<li><span style=\"font-family: Arial, sans-serif\"><span style=\"font-size: medium\">Welche Materialien sollen verwendet werden?<\/span><\/span><\/li>\n<\/ul>\n<\/li>\n<\/ul>\n<p class=\"western\"><span style=\"font-family: Arial, sans-serif\"><span style=\"font-size: medium\">Es wurde vieles besprochen, geplant, verworfen und neu durchdacht.<br><\/span><\/span><span style=\"font-family: Arial, sans-serif\"><span style=\"font-size: medium\">Besondere Freude bereitete es uns zu sehen, dass eher zur\u00fcckhaltende Kinder sich so gut in die Planung eingebracht haben.<\/span><\/span><\/p>\n<p class=\"western\"><span style=\"font-family: Arial, sans-serif\"><span style=\"font-size: medium\">Bei der Planung und Umsetzung des Projekts halfen unsere Hausmeister Herr Riemer und Herr Pawelczek tatkr\u00e4ftig mit. So konnten die Kleinen unsere Hausmeister auch gleich besser kennen lernen. <br><\/span><\/span><span style=\"font-family: Arial, sans-serif\"><span style=\"font-size: medium\"><b>An dieser Stelle ein gro\u00dfes Dankesch\u00f6n an unsere Hausmeister f\u00fcr ihre tatkr\u00e4ftige Unterst\u00fctzung!<br><\/b><\/span><\/span><\/p>\n<p class=\"western\"><strong><span style=\"font-family: Arial, sans-serif\"><span style=\"font-size: medium\">Recht herzlich bedanken m\u00f6chten wir uns auch noch bei Tiziana und Lilly. <\/span><\/span><\/strong><span style=\"font-family: Arial, sans-serif\"><span style=\"font-size: medium\">Sie beide haben w\u00e4hrend dieser Zeit ein Praktikum im Jahrgang 1 gemacht und uns gro\u00dfartig beim Projekt unterst\u00fctzt.<\/span><\/span><\/p>\n<p class=\"western\"><span style=\"font-family: Arial, sans-serif\"><span style=\"font-size: medium\">Nach Abschluss des Projektes waren die Kinder sehr stolz auf ihr gemeinsam geplantes und umgesetztes Schulmodell, aber auch traurig dar\u00fcber, dass die Aktion beendet ist. <\/span><\/span><span style=\"font-family: Arial, sans-serif\"><span style=\"font-size: medium\">Es war eine tolle Zeit f\u00fcr alle Beteiligten!<br><\/span><\/span><span style=\"font-family: Arial, sans-serif\"><span style=\"font-size: medium\">Es wird weitere Kooperationen der Jahrg\u00e4nge geben.<\/span><\/span><\/p>\n<p class=\"western\"><span style=\"font-family: Arial, sans-serif\"><span style=\"font-size: medium\">Interessierte Erziehungsberechtigte sind sehr herzlich zur Besichtigung des Schulmodells eingeladen. Das Modell befindet sich im Neubau vor dem Hausmeisterb\u00fcro.<\/span><\/span><\/p>\n\n\n<div class=\"wp-block-image\">\n<figure class=\"aligncenter size-full\"><img loading=\"lazy\" decoding=\"async\" width=\"700\" height=\"414\" src=\"https:\/\/wordpress.nibis.de\/bgs\/files\/2023\/05\/Schulmodell1.jpg\" alt=\"\" class=\"wp-image-1402\" \/><\/figure>\n<\/div>\n\n\n<h4><strong>Wir erkunden Letter<\/strong><\/h4>\n<p class=\"western\"><span style=\"font-family: Arial, sans-serif\"><span style=\"font-size: medium\">Der aktuelle Wunsch der Lernanf\u00e4nger ist, Letter zu erkunden. <\/span><\/span><span style=\"font-family: Arial, sans-serif\"><span style=\"font-size: medium\">Die Sch\u00fcler*innen w\u00fcnschen sich Ausfl\u00fcge auf alle Spielpl\u00e4tze in der N\u00e4he. <\/span><\/span><span style=\"font-family: Arial, sans-serif\"><span style=\"font-size: medium\">Das Jahrgangsteam setzt diesen Wunsch sehr gern um.<\/span><\/span><\/p>\n<p class=\"western\"><span style=\"font-family: Arial, sans-serif\"><span style=\"font-size: medium\">Jeden Freitag, nach dem Mittagessen und wenn das Wetter es zul\u00e4sst, wird ein St\u00fcck von Letter erkundet. <\/span><\/span><span style=\"font-family: Arial, sans-serif\"><span style=\"font-size: medium\">Geplant ist z.B. ein Besuch der Freiwilligen Feuerwehr, eine sportliche Aktivit\u00e4t, der Besuch des Minigolfplatzes und der B\u00fccherei.<br \/><\/span><\/span><span style=\"font-family: Arial, sans-serif\"><span style=\"font-size: medium\">\u00dcber weitere Ideen und Anregungen w\u00fcrden wir uns sehr freuen. <\/span><\/span><span style=\"font-family: Arial, sans-serif\"><span style=\"font-size: medium\">Elternmitarbeit ist sehr erw\u00fcnscht.<\/span><\/span><\/p>\n","protected":false},"excerpt":{"rendered":"<p>Aktionen Gemeinsam mit dem F\u00f6rderverein und der Schulsozialarbeit engagiert sich der Ganztag bei verschiedenen Aktionen. Die letzten Projekte waren: 10 Jahre Ganztag &#8211; ein Grund &hellip; <\/p>\n","protected":false},"author":9193915,"featured_media":0,"parent":0,"menu_order":0,"comment_status":"closed","ping_status":"closed","template":"","meta":{"footnotes":""},"class_list":["post-1382","page","type-page","status-publish","hentry"],"_links":{"self":[{"href":"https:\/\/wordpress.nibis.de\/bgs\/wp-json\/wp\/v2\/pages\/1382","targetHints":{"allow":["GET"]}}],"collection":[{"href":"https:\/\/wordpress.nibis.de\/bgs\/wp-json\/wp\/v2\/pages"}],"about":[{"href":"https:\/\/wordpress.nibis.de\/bgs\/wp-json\/wp\/v2\/types\/page"}],"author":[{"embeddable":true,"href":"https:\/\/wordpress.nibis.de\/bgs\/wp-json\/wp\/v2\/users\/9193915"}],"replies":[{"embeddable":true,"href":"https:\/\/wordpress.nibis.de\/bgs\/wp-json\/wp\/v2\/comments?post=1382"}],"version-history":[{"count":15,"href":"https:\/\/wordpress.nibis.de\/bgs\/wp-json\/wp\/v2\/pages\/1382\/revisions"}],"predecessor-version":[{"id":2485,"href":"https:\/\/wordpress.nibis.de\/bgs\/wp-json\/wp\/v2\/pages\/1382\/revisions\/2485"}],"wp:attachment":[{"href":"https:\/\/wordpress.nibis.de\/bgs\/wp-json\/wp\/v2\/media?parent=1382"}],"curies":[{"name":"wp","href":"https:\/\/api.w.org\/{rel}","templated":true}]}}

<h3><strong>Aktionen</strong></h3>
<p>Gemeinsam mit dem Förderverein und der Schulsozialarbeit engagiert sich der Ganztag bei verschiedenen Aktionen. Die letzten Projekte waren:</p>
<ul>
<li><strong>10 Jahre Ganztag &#8211; ein Grund zum Strahlen</strong><br /><a href="https://wordpress.nibis.de/bgs/10-jahre-ganztag-ein-grund-zum-strahlen/">Lesen Sie den Artikel zu unserer Jubiläumsfeier.</a></li>
<li><strong>Elterncafé</strong><br />Gemeinsam mit dem Ganztag und der Schulsozialarbeit organisiert der Förderverein Elterncafés. Neben einem geselligen Miteinander gibt es oft auch Kuchen und andere Leckereien. Manchmal werden auch Mitmachaktionen angeboten. Es lohnt sich zu kommen.<br /><br /></li>
<li><strong>Spielzeugtauschbörse &#8222;Aus Meins wird Deins&#8220;</strong><br />Auf Wunsch der Schülerschaft finden Spielzeugtauschtage statt, die vom Ganztag, der Schulsozialarbeit und dem Förderverein organisiert werden.</li>
</ul>



<h3><strong>Projekte der Lernanfänger</strong></h3>



<h4><strong>Unser Schulmodell</strong></h4>
<p class="western"><span style="font-family: Arial, sans-serif"><span style="font-size: medium">Die Lernanfänger wünschten sich, ein Modell unserer Schule herzustellen. </span></span><span style="font-family: Arial, sans-serif"><span style="font-size: medium">Gern setzte das Erstklässlerteam (Conny, Hanna, Lena) diesen Wunsch um. </span></span><span style="font-family: Arial, sans-serif"><span style="font-size: medium">Zur Unterstützung halfen Betreuer*innen und Schüler*innen aus dem 4. Jahrgang. Es war eine tolle Zusammenarbeit, die sowohl die Lernanfänger, als auch die Viertklässler genossen.</span></span></p>
<ul>
<li class="western"><span style="font-family: Arial, sans-serif"><span style="font-size: medium">Als Erstes wurde eine Skizze der Schule und des Schulhofs angefertigt.</span></span></li>
<li class="western"><span style="font-family: Arial, sans-serif"><span style="font-size: medium">Anschließend wurde gemeinsam überlegt:</span></span>
<ul style="list-style-type: circle">
<li><span style="font-family: Arial, sans-serif"><span style="font-size: medium">Wie groß soll das Schulmodell werden soll?</span></span></li>
<li><span style="font-family: Arial, sans-serif"><span style="font-size: medium">Wo soll es nach Fertigstellung stehen?</span></span></li>
<li><span style="font-family: Arial, sans-serif"><span style="font-size: medium">Welche Materialien sollen verwendet werden?</span></span></li>
</ul>
</li>
</ul>
<p class="western"><span style="font-family: Arial, sans-serif"><span style="font-size: medium">Es wurde vieles besprochen, geplant, verworfen und neu durchdacht.<br></span></span><span style="font-family: Arial, sans-serif"><span style="font-size: medium">Besondere Freude bereitete es uns zu sehen, dass eher zurückhaltende Kinder sich so gut in die Planung eingebracht haben.</span></span></p>
<p class="western"><span style="font-family: Arial, sans-serif"><span style="font-size: medium">Bei der Planung und Umsetzung des Projekts halfen unsere Hausmeister Herr Riemer und Herr Pawelczek tatkräftig mit. So konnten die Kleinen unsere Hausmeister auch gleich besser kennen lernen. <br></span></span><span style="font-family: Arial, sans-serif"><span style="font-size: medium"><b>An dieser Stelle ein großes Dankeschön an unsere Hausmeister für ihre tatkräftige Unterstützung!<br></b></span></span></p>
<p class="western"><strong><span style="font-family: Arial, sans-serif"><span style="font-size: medium">Recht herzlich bedanken möchten wir uns auch noch bei Tiziana und Lilly. </span></span></strong><span style="font-family: Arial, sans-serif"><span style="font-size: medium">Sie beide haben während dieser Zeit ein Praktikum im Jahrgang 1 gemacht und uns großartig beim Projekt unterstützt.</span></span></p>
<p class="western"><span style="font-family: Arial, sans-serif"><span style="font-size: medium">Nach Abschluss des Projektes waren die Kinder sehr stolz auf ihr gemeinsam geplantes und umgesetztes Schulmodell, aber auch traurig darüber, dass die Aktion beendet ist. </span></span><span style="font-family: Arial, sans-serif"><span style="font-size: medium">Es war eine tolle Zeit für alle Beteiligten!<br></span></span><span style="font-family: Arial, sans-serif"><span style="font-size: medium">Es wird weitere Kooperationen der Jahrgänge geben.</span></span></p>
<p class="western"><span style="font-family: Arial, sans-serif"><span style="font-size: medium">Interessierte Erziehungsberechtigte sind sehr herzlich zur Besichtigung des Schulmodells eingeladen. Das Modell befindet sich im Neubau vor dem Hausmeisterbüro.</span></span></p>


<div class="wp-block-image">
<figure class="aligncenter size-full"><img loading="lazy" decoding="async" width="700" height="414" src="https://wordpress.nibis.de/bgs/files/2023/05/Schulmodell1.jpg" alt="" class="wp-image-1402" /></figure>
</div>


<h4><strong>Wir erkunden Letter</strong></h4>
<p class="western"><span style="font-family: Arial, sans-serif"><span style="font-size: medium">Der aktuelle Wunsch der Lernanfänger ist, Letter zu erkunden. </span></span><span style="font-family: Arial, sans-serif"><span style="font-size: medium">Die Schüler*innen wünschen sich Ausflüge auf alle Spielplätze in der Nähe. </span></span><span style="font-family: Arial, sans-serif"><span style="font-size: medium">Das Jahrgangsteam setzt diesen Wunsch sehr gern um.</span></span></p>
<p class="western"><span style="font-family: Arial, sans-serif"><span style="font-size: medium">Jeden Freitag, nach dem Mittagessen und wenn das Wetter es zulässt, wird ein Stück von Letter erkundet. </span></span><span style="font-family: Arial, sans-serif"><span style="font-size: medium">Geplant ist z.B. ein Besuch der Freiwilligen Feuerwehr, eine sportliche Aktivität, der Besuch des Minigolfplatzes und der Bücherei.<br /></span></span><span style="font-family: Arial, sans-serif"><span style="font-size: medium">Über weitere Ideen und Anregungen würden wir uns sehr freuen. </span></span><span style="font-family: Arial, sans-serif"><span style="font-size: medium">Elternmitarbeit ist sehr erwünscht.</span></span></p>

<p>Aktionen Gemeinsam mit dem Förderverein und der Schulsozialarbeit engagiert sich der Ganztag bei verschiedenen Aktionen. Die letzten Projekte waren: 10 Jahre Ganztag &#8211; ein Grund &hellip; </p>
